{"id":32056,"date":"2025-05-14T12:05:23","date_gmt":"2025-05-14T11:05:23","guid":{"rendered":"https:\/\/agoraveszprem.hu\/termek\/"},"modified":"2025-11-07T14:28:19","modified_gmt":"2025-11-07T13:28:19","slug":"orok-podiumon-orszagos-vers-es-prozamondo-verseny-2025-november-08-szombat-10-ora","status":"publish","type":"product","link":"https:\/\/agoraveszprem.hu\/eng\/product\/orok-podiumon-orszagos-vers-es-prozamondo-verseny-2025-november-08-szombat-10-ora\/","title":{"rendered":"\"On the Eternal Podium\" XII National Poetry and Prose Recitation Competition 2025.November 08. saturday 10 am"},"content":{"rendered":"<p><img loading=\"lazy\" decoding=\"async\" class=\"size-full wp-image-35474\" src=\"https:\/\/agoraveszprem.hu\/wp-content\/uploads\/2025\/05\/orok-2025-NKA.jpg\" alt=\"Versmond\u00f3 verseny\" width=\"1400\" height=\"800\" srcset=\"https:\/\/agoraveszprem.hu\/wp-content\/uploads\/2025\/05\/orok-2025-NKA.jpg 1400w, https:\/\/agoraveszprem.hu\/wp-content\/uploads\/2025\/05\/orok-2025-NKA-1280x731.jpg 1280w, https:\/\/agoraveszprem.hu\/wp-content\/uploads\/2025\/05\/orok-2025-NKA-980x560.jpg 980w, https:\/\/agoraveszprem.hu\/wp-content\/uploads\/2025\/05\/orok-2025-NKA-480x274.jpg 480w\" sizes=\"(min-width: 0px) and (max-width: 480px) 480px, (min-width: 481px) and (max-width: 980px) 980px, (min-width: 981px) and (max-width: 1280px) 1280px, (min-width: 1281px) 1400px, 100vw\" \/><\/p>\n<p>&nbsp;<\/p>\n<p>&nbsp;<\/p>\n<div class=\"et_pb_module et_pb_post_content et_pb_post_content_0_tb_body\">\n<div class=\"et_pb_module et_pb_post_content et_pb_post_content_0_tb_body\">\n<div class=\"et_pb_module et_pb_post_content et_pb_post_content_0_tb_body\">\n<div class=\"et_pb_module et_pb_post_content et_pb_post_content_0_tb_body\">\n<div class=\"et_pb_module et_pb_post_content et_pb_post_content_0_tb_body\">\n<div class=\"et_pb_module et_pb_post_content et_pb_post_content_0_tb_body\">\n<div class=\"et_pb_module et_pb_post_content et_pb_post_content_0_tb_body\">\n<div class=\"et_pb_module et_pb_post_content et_pb_post_content_0_tb_body\">\n<div class=\"et_pb_module et_pb_post_title et_pb_post_title_1_tb_body et_pb_bg_layout_light et_pb_text_align_left\">\n<div class=\"et_pb_title_container\">\n<h1 class=\"entry-title\" data-wahfont=\"32\">\"Forever on the Podium\" XII National Poetry and Prose Competition<\/h1>\n<\/div>\n<\/div>\n<div class=\"et_pb_module et_pb_post_content et_pb_post_content_0_tb_body\">\n<p data-wahfont=\"16\"><strong>The application period for the recitation competition is closed!<br \/>\n<\/strong>In memory of Tibor Pint\u00e9r<\/p>\n<p data-wahfont=\"16\">The Ag\u00f3ra Veszpr\u00e9m Cultural Centre, in cooperation with the Hungarian Poetry Writers' Association, announces the 12th Eternal Podium national poetry and prose recitation competition.<br \/>\nThe competition honours the memory of Tibor Pint\u00e9r, a Radn\u00f3ti Prize-winning performer, director, folklorist and great teacher, who successfully directed the TIT Mih\u00e1ly V\u00e1ci Literary Stage in the service of literature for forty years. He organised, edited and directed his shows, trained excellent poets from amateur youth and forged a nationally renowned group of poets who regularly visited the towns and villages of Veszpr\u00e9m County.<br \/>\nThe competition will be organised in 5 categories. The aim of the competition is to showcase the rich heritage and outstanding values of Hungarian literature in a worthy manner, so contestants should prepare as follows:<br \/>\n<strong>Categories<\/strong>:<br \/>\nI. Students in grades 1-4<br \/>\nII. students in grades 5-8<br \/>\nTwo different poems or prose, one from a freely chosen classic and one from a contemporary Hungarian author.<\/p>\n<p data-wahfont=\"16\">III. 9-12th grade secondary school students<br \/>\nIV. adults aged 18-59<br \/>\nV. Over 60 years<br \/>\nThree different poems or prose, one of which is by Attila J\u00f3zsef, plus a classic of your choice and a poem or prose by a contemporary Hungarian author.<\/p>\n<p data-wahfont=\"16\">The jury will decide the winners of each category will receive a prize.<br \/>\nThe evaluation criteria can be found here:\u00a0<a role=\"link\" href=\"https:\/\/vers.hu\/zsurizesi-szempontrendszer\/\" data-wahfont=\"16\">https:\/\/vers.hu\/zsurizesi-szempontrendszer\/<\/a><br \/>\n<strong>Date: 08 November 2025 (Saturday) 10:00<\/strong><br \/>\n<strong>Venue: Ag\u00f3ra Veszpr\u00e9m Cultural Centre (8200 Veszpr\u00e9m, T\u00e1bor\u00e1ll\u00e1s park 1.)<\/strong><br \/>\nFor further information please contact Zsombor M\u00e9sz\u00f6ly at <strong>meszolyzsombor@agoraveszprem.hu<\/strong> e-mail or call 88\/429-111.<\/p>\n<p><strong>The application period for the recitation competition is closed!<\/strong><br \/>\nApplication deadline: 31 October 2025.<br \/>\nYou can register by filling in the entry form, which can be downloaded\u00a0<a href=\"https:\/\/agoraveszprem.hu\/wp-content\/uploads\/2025\/05\/Orok-Podium-nevezesi-lap-2025.pdf\"><strong>HERE<\/strong>.<\/a> Please send the completed entry form to <strong>meszolyzsombor@agoraveszprem.hu<\/strong> to the following e-mail address. The application becomes final upon payment of the entry fee. No refund will be given in case of cancellation.<\/p>\n<p data-wahfont=\"16\">Entry fee: 2.000 HUF\/person, which can be paid at our ticket office or by purchasing tickets below.<br \/>\nWe welcome all poets!<\/p>\n<p data-wahfont=\"16\"><strong>The programme is supported by the National Cultural Fund.<\/strong><\/p>\n<\/div>\n<\/div>\n<\/div>\n<\/div>\n<\/div>\n<\/div>\n<\/div>\n<\/div>\n<\/div>","protected":false},"excerpt":{"rendered":"<p>Saturday 08 November 2025 10.00 - 18.00<\/p>\n<p>Online or on-site entry fee: 2000 HUF<\/p>\n<p>&nbsp;<\/p>","protected":false},"featured_media":32044,"template":"","meta":{"_et_pb_use_builder":"off","_et_pb_old_content":"<img class=\"wp-image-17890 aligncenter\" src=\"https:\/\/agoraveszprem.hu\/wp-content\/uploads\/2024\/04\/ferfi-hajomakettet-tart-a-kezeben-300x171.jpg\" alt=\"\" width=\"504\" height=\"287\" \/>\r\n\r\n\u00a0\r\n\r\nSv\u00e1jci-d\u00e1n v\u00edgj\u00e1t\u00e9k eredeti nyelven magyar felirattal, 92 perc, 2022<br class=\"html-br\" \/>Rendezte: Barbara Kulcsar<br class=\"html-br\" \/>Szerepl\u0151k: Esther Gemsch, Stefan Kurt, Ueli J\u00e4ggi, Gundi Ellert\r\n\r\nAz Arany\u00e9veink c\u00edm\u0171 sv\u00e1jci v\u00edgj\u00e1t\u00e9k egy frissen nyugd\u00edjba vonul\u00f3 h\u00e1zasp\u00e1r \u00fajrakezd\u00e9s\u00e9nek t\u00f6rt\u00e9net\u00e9t dolgozza fel, b\u00e1jos humorral, m\u00e9ly egy\u00fctt\u00e9rz\u00e9ssel, k\u00f6nnyeds\u00e9ge ellen\u00e9re is fontos, mindannyiunkat \u00e9rint\u0151 k\u00e9rd\u00e9sekkel. A magyar sz\u00e1rmaz\u00e1s\u00fa sv\u00e1jci rendez\u0151, Barbara Kulcsar filmje Sv\u00e1jcban k\u00f6z\u00f6ns\u00e9gkedvenc volt, de a n\u00e9met n\u00e9z\u0151k sz\u00edv\u00e9t is megh\u00f3d\u00edtotta. (JUNO11)\r\n\r\nKorhat\u00e1r: 16 \u00e9v\r\nBel\u00e9p\u0151d\u00edj: 1300 Ft","_et_gb_content_width":""},"product_brand":[],"product_cat":[39],"product_tag":[],"class_list":["post-32056","product","type-product","status-publish","has-post-thumbnail","product_cat-eticket","first","outofstock","virtual","taxable","product-type-simple"],"_links":{"self":[{"href":"https:\/\/agoraveszprem.hu\/eng\/wp-json\/wp\/v2\/product\/32056","targetHints":{"allow":["GET"]}}],"collection":[{"href":"https:\/\/agoraveszprem.hu\/eng\/wp-json\/wp\/v2\/product"}],"about":[{"href":"https:\/\/agoraveszprem.hu\/eng\/wp-json\/wp\/v2\/types\/product"}],"wp:featuredmedia":[{"embeddable":true,"href":"https:\/\/agoraveszprem.hu\/eng\/wp-json\/wp\/v2\/media\/32044"}],"wp:attachment":[{"href":"https:\/\/agoraveszprem.hu\/eng\/wp-json\/wp\/v2\/media?parent=32056"}],"wp:term":[{"taxonomy":"product_brand","embeddable":true,"href":"https:\/\/agoraveszprem.hu\/eng\/wp-json\/wp\/v2\/product_brand?post=32056"},{"taxonomy":"product_cat","embeddable":true,"href":"https:\/\/agoraveszprem.hu\/eng\/wp-json\/wp\/v2\/product_cat?post=32056"},{"taxonomy":"product_tag","embeddable":true,"href":"https:\/\/agoraveszprem.hu\/eng\/wp-json\/wp\/v2\/product_tag?post=32056"}],"curies":[{"name":"wp","href":"https:\/\/api.w.org\/{rel}","templated":true}]}}

<p><img loading="lazy" decoding="async" class="size-full wp-image-35474" src="https://agoraveszprem.hu/wp-content/uploads/2025/05/orok-2025-NKA.jpg" alt="Versmondó verseny" width="1400" height="800" srcset="https://agoraveszprem.hu/wp-content/uploads/2025/05/orok-2025-NKA.jpg 1400w, https://agoraveszprem.hu/wp-content/uploads/2025/05/orok-2025-NKA-1280x731.jpg 1280w, https://agoraveszprem.hu/wp-content/uploads/2025/05/orok-2025-NKA-980x560.jpg 980w, https://agoraveszprem.hu/wp-content/uploads/2025/05/orok-2025-NKA-480x274.jpg 480w" sizes="(min-width: 0px) and (max-width: 480px) 480px, (min-width: 481px) and (max-width: 980px) 980px, (min-width: 981px) and (max-width: 1280px) 1280px, (min-width: 1281px) 1400px, 100vw" /></p>
<p>&nbsp;</p>
<p>&nbsp;</p>
<div class="et_pb_module et_pb_post_content et_pb_post_content_0_tb_body">
<div class="et_pb_module et_pb_post_content et_pb_post_content_0_tb_body">
<div class="et_pb_module et_pb_post_content et_pb_post_content_0_tb_body">
<div class="et_pb_module et_pb_post_content et_pb_post_content_0_tb_body">
<div class="et_pb_module et_pb_post_content et_pb_post_content_0_tb_body">
<div class="et_pb_module et_pb_post_content et_pb_post_content_0_tb_body">
<div class="et_pb_module et_pb_post_content et_pb_post_content_0_tb_body">
<div class="et_pb_module et_pb_post_content et_pb_post_content_0_tb_body">
<div class="et_pb_module et_pb_post_title et_pb_post_title_1_tb_body et_pb_bg_layout_light et_pb_text_align_left">
<div class="et_pb_title_container">
<h1 class="entry-title" data-wahfont="32">"Forever on the Podium" XII National Poetry and Prose Competition</h1>
</div>
</div>
<div class="et_pb_module et_pb_post_content et_pb_post_content_0_tb_body">
<p data-wahfont="16"><strong>The application period for the recitation competition is closed!<br />
</strong>In memory of Tibor Pintér</p>
<p data-wahfont="16">The Agóra Veszprém Cultural Centre, in cooperation with the Hungarian Poetry Writers' Association, announces the 12th Eternal Podium national poetry and prose recitation competition.<br />
The competition honours the memory of Tibor Pintér, a Radnóti Prize-winning performer, director, folklorist and great teacher, who successfully directed the TIT Mihály Váci Literary Stage in the service of literature for forty years. He organised, edited and directed his shows, trained excellent poets from amateur youth and forged a nationally renowned group of poets who regularly visited the towns and villages of Veszprém County.<br />
The competition will be organised in 5 categories. The aim of the competition is to showcase the rich heritage and outstanding values of Hungarian literature in a worthy manner, so contestants should prepare as follows:<br />
<strong>Categories</strong>:<br />
I. Students in grades 1-4<br />
II. students in grades 5-8<br />
Two different poems or prose, one from a freely chosen classic and one from a contemporary Hungarian author.</p>
<p data-wahfont="16">III. 9-12th grade secondary school students<br />
IV. adults aged 18-59<br />
V. Over 60 years<br />
Three different poems or prose, one of which is by Attila József, plus a classic of your choice and a poem or prose by a contemporary Hungarian author.</p>
<p data-wahfont="16">The jury will decide the winners of each category will receive a prize.<br />
The evaluation criteria can be found here: <a role="link" href="https://vers.hu/zsurizesi-szempontrendszer/" data-wahfont="16">https://vers.hu/zsurizesi-szempontrendszer/</a><br />
<strong>Date: 08 November 2025 (Saturday) 10:00</strong><br />
<strong>Venue: Agóra Veszprém Cultural Centre (8200 Veszprém, Táborállás park 1.)</strong><br />
For further information please contact Zsombor Mészöly at <strong>meszolyzsombor@agoraveszprem.hu</strong> e-mail or call 88/429-111.</p>
<p><strong>The application period for the recitation competition is closed!</strong><br />
Application deadline: 31 October 2025.<br />
You can register by filling in the entry form, which can be downloaded <a href="https://agoraveszprem.hu/wp-content/uploads/2025/05/Orok-Podium-nevezesi-lap-2025.pdf"><strong>HERE</strong>.</a> Please send the completed entry form to <strong>meszolyzsombor@agoraveszprem.hu</strong> to the following e-mail address. The application becomes final upon payment of the entry fee. No refund will be given in case of cancellation.</p>
<p data-wahfont="16">Entry fee: 2.000 HUF/person, which can be paid at our ticket office or by purchasing tickets below.<br />
We welcome all poets!</p>
<p data-wahfont="16"><strong>The programme is supported by the National Cultural Fund.</strong></p>
</div>
</div>
</div>
</div>
</div>
</div>
</div>
</div>
</div>

<img class="wp-image-17890 aligncenter" src="https://agoraveszprem.hu/wp-content/uploads/2024/04/ferfi-hajomakettet-tart-a-kezeben-300x171.jpg" alt="" width="504" height="287" />

 

Svájci-dán vígjáték eredeti nyelven magyar felirattal, 92 perc, 2022<br class="html-br" />Rendezte: Barbara Kulcsar<br class="html-br" />Szereplők: Esther Gemsch, Stefan Kurt, Ueli Jäggi, Gundi Ellert

Az Aranyéveink című svájci vígjáték egy frissen nyugdíjba vonuló házaspár újrakezdésének történetét dolgozza fel, bájos humorral, mély együttérzéssel, könnyedsége ellenére is fontos, mindannyiunkat érintő kérdésekkel. A magyar származású svájci rendező, Barbara Kulcsar filmje Svájcban közönségkedvenc volt, de a német nézők szívét is meghódította. (JUNO11)

Korhatár: 16 év
Belépődíj: 1300 Ft
