{"id":41339,"date":"2026-01-21T13:53:58","date_gmt":"2026-01-21T12:53:58","guid":{"rendered":"https:\/\/agoraveszprem.hu\/termek\/"},"modified":"2026-03-12T18:37:58","modified_gmt":"2026-03-12T17:37:58","slug":"felefant-kerdojelek-es-valaszok-juhasz-zolival-2026-03-12-csutortok-19-ora","status":"publish","type":"product","link":"https:\/\/agoraveszprem.hu\/eng\/product\/felefant-kerdojelek-es-valaszok-juhasz-zolival-2026-03-12-csutortok-19-ora\/","title":{"rendered":"Elephant - Question marks and answers with Zoli Juh\u00e1sz 2026. 03. 12. Thursday 19:00"},"content":{"rendered":"<p><img loading=\"lazy\" decoding=\"async\" class=\"size-full wp-image-41340\" src=\"https:\/\/agoraveszprem.hu\/wp-content\/uploads\/2026\/01\/Felefant-kerdojelek-es-valaszok-FB.png\" alt=\"Felef\u00e1nt - k\u00e9rd\u0151jelek \u00e9s v\u00e1laszok FB\" width=\"1400\" height=\"800\" srcset=\"https:\/\/agoraveszprem.hu\/wp-content\/uploads\/2026\/01\/Felefant-kerdojelek-es-valaszok-FB.png 1400w, https:\/\/agoraveszprem.hu\/wp-content\/uploads\/2026\/01\/Felefant-kerdojelek-es-valaszok-FB-1280x731.png 1280w, https:\/\/agoraveszprem.hu\/wp-content\/uploads\/2026\/01\/Felefant-kerdojelek-es-valaszok-FB-980x560.png 980w, https:\/\/agoraveszprem.hu\/wp-content\/uploads\/2026\/01\/Felefant-kerdojelek-es-valaszok-FB-480x274.png 480w\" sizes=\"(min-width: 0px) and (max-width: 480px) 480px, (min-width: 481px) and (max-width: 980px) 980px, (min-width: 981px) and (max-width: 1280px) 1280px, (min-width: 1281px) 1400px, 100vw\" \/><\/p>\n<div class=\"et_pb_module et_pb_post_content et_pb_post_content_0_tb_body\">\n<div class=\"et_pb_module et_pb_post_content et_pb_post_content_0_tb_body\">\n<div class=\"et_pb_module et_pb_post_content et_pb_post_content_0_tb_body\">\n<div class=\"et_pb_module et_pb_post_content et_pb_post_content_0_tb_body\">\n<div class=\"et_pb_module et_pb_post_content et_pb_post_content_0_tb_body\">\n<div class=\"et_pb_module et_pb_post_content et_pb_post_content_0_tb_body\">\n<div class=\"et_pb_module et_pb_post_content et_pb_post_content_0_tb_body\">\n<div class=\"et_pb_module et_pb_post_content et_pb_post_content_0_tb_body\">\n<div class=\"et_pb_module et_pb_post_content et_pb_post_content_0_tb_body\">\n<div class=\"et_pb_module et_pb_post_content et_pb_post_content_0_tb_body\">\n<div class=\"et_pb_module et_pb_post_content et_pb_post_content_0_tb_body\">\n<div class=\"et_pb_module et_pb_post_content et_pb_post_content_0_tb_body\">\n<div class=\"et_pb_module et_pb_post_content et_pb_post_content_0_tb_body\">\n<div class=\"et_pb_module et_pb_post_title et_pb_post_title_1_tb_body et_pb_bg_layout_light et_pb_text_align_left\">\n<div class=\"et_pb_title_container\"><\/div>\n<\/div>\n<div class=\"et_pb_module et_pb_post_content et_pb_post_content_0_tb_body\">\n<div class=\"et_pb_module et_pb_post_title et_pb_post_title_1_tb_body et_pb_bg_layout_light et_pb_text_align_left\">\n<div class=\"et_pb_title_container\"><\/div>\n<\/div>\n<div class=\"et_pb_module et_pb_post_content et_pb_post_content_0_tb_body\">\n<div class=\"et_pb_module et_pb_post_title et_pb_post_title_1_tb_body et_pb_bg_layout_light et_pb_text_align_left\">\n<div class=\"et_pb_title_container\"><\/div>\n<\/div>\n<div class=\"et_pb_module et_pb_post_content et_pb_post_content_0_tb_body\">\n<div class=\"et_pb_module et_pb_post_title et_pb_post_title_1_tb_body et_pb_bg_layout_light et_pb_text_align_left\">\n<div class=\"et_pb_title_container\">\n<h1 class=\"entry-title\" data-wahfont=\"32\">Elephant - Question marks and answers with Zoli Juh\u00e1sz<\/h1>\n<\/div>\n<\/div>\n<div class=\"et_pb_module et_pb_post_content et_pb_post_content_0_tb_body\">\n<p data-wahfont=\"16\">Everyone listens to music and everyone goes to concerts of their favourite artists. But fewer people think about how the big songs that their favourite artists sing on stage are created. How much time and thought goes into creating the lyrics of such a piece, and how the musician adds the melodies. Or do they happen together? Zoli Juh\u00e1sz, the moderator of the discussion, is looking forward to hearing the answers to these questions, among others.<br \/>\nIn March, Csaba Szendr\u0151i and Andr\u00e1s Andr\u00e1s T\u00f3th will come to us and take the audience to the unique musical world of Elef\u00e1nt.<br \/>\nDuring the talk, the band's best-known songs will be performed, this time as a duo.<\/p>\n<p data-wahfont=\"16\"><strong>The actors of the evening:<\/strong><br \/>\nJuh\u00e1sz Zoli - moderator<br \/>\nZoli Juh\u00e1sz is a singer-songwriter from Veszpr\u00e9m. Even though he spent part of his childhood in England and his authoring language is English, he has been noticed by many big names of the alt-scene for his Hungarian songs. His band has played at most of the big festivals, he has played several times on the Sziget and he is the winner of the Kikeltet\u0151 and S\u00e1vlek\u00f6t\u0151 Camp talent contests. His lyrics are characterised by an outsider's view, a sense of softening and understated honesty.<\/p>\n<p data-wahfont=\"16\"><strong>Elephant<\/strong><br \/>\nThe Elef\u00e1nt band was originally a duo formation, founded by Csaba Szendr\u0151i and Andr\u00e1s T\u00f3th. Although even in the early days in Szombathely they were helped by musicians\/friends from home, until 2012 they mainly wrote songs together. The Kod\u00e1ly method was the reason for the formation of the band as we know it today. They had already had a couple of years of Elef\u00e1nt when it occurred to them that the two of them could play together again. FELEF\u00c1NT plays mostly popular Elef\u00e1nt songs, with minimal instrumentation, guitar-singing or drum machine in a robe, spiced up with the mood of the moment. In addition to these, there are occasional unreleased songs, a cover or two, and works from Csabi's volumes. In addition to the direct and familiar atmosphere, the music is more improvisational and spontaneous, which was characteristic of Szendr\u0151i-T\u00f3th's music-making from the very beginning. They play together a lot, they feel each other without words. At these concerts, an unexpected musical impulse can happen at any time, and they usually drift with it, which makes it intimate, natural, intimate, unexpected, and thus liberating for the audience.<\/p>\n<p data-wahfont=\"16\">Entrance fee: 3.900Ft\/person<\/p>\n<\/div>\n<\/div>\n<\/div>\n<\/div>\n<\/div>\n<\/div>\n<\/div>\n<\/div>\n<\/div>\n<\/div>\n<\/div>\n<\/div>\n<\/div>\n<\/div>\n<\/div>\n<\/div>\n<\/div>","protected":false},"excerpt":{"rendered":"<p>12 March 2026 Thursday 19.00 - 20.30<\/p>\n<p>Online or on site ticket price: 3900 HUF<\/p>\n<p>Reservations are made on a first-come, first-served basis.<\/p>","protected":false},"featured_media":32046,"template":"","meta":{"_et_pb_use_builder":"off","_et_pb_old_content":"<img class=\"wp-image-17890 aligncenter\" src=\"https:\/\/agoraveszprem.hu\/wp-content\/uploads\/2024\/04\/ferfi-hajomakettet-tart-a-kezeben-300x171.jpg\" alt=\"\" width=\"504\" height=\"287\" \/>\r\n\r\n\u00a0\r\n\r\nSv\u00e1jci-d\u00e1n v\u00edgj\u00e1t\u00e9k eredeti nyelven magyar felirattal, 92 perc, 2022<br class=\"html-br\" \/>Rendezte: Barbara Kulcsar<br class=\"html-br\" \/>Szerepl\u0151k: Esther Gemsch, Stefan Kurt, Ueli J\u00e4ggi, Gundi Ellert\r\n\r\nAz Arany\u00e9veink c\u00edm\u0171 sv\u00e1jci v\u00edgj\u00e1t\u00e9k egy frissen nyugd\u00edjba vonul\u00f3 h\u00e1zasp\u00e1r \u00fajrakezd\u00e9s\u00e9nek t\u00f6rt\u00e9net\u00e9t dolgozza fel, b\u00e1jos humorral, m\u00e9ly egy\u00fctt\u00e9rz\u00e9ssel, k\u00f6nnyeds\u00e9ge ellen\u00e9re is fontos, mindannyiunkat \u00e9rint\u0151 k\u00e9rd\u00e9sekkel. A magyar sz\u00e1rmaz\u00e1s\u00fa sv\u00e1jci rendez\u0151, Barbara Kulcsar filmje Sv\u00e1jcban k\u00f6z\u00f6ns\u00e9gkedvenc volt, de a n\u00e9met n\u00e9z\u0151k sz\u00edv\u00e9t is megh\u00f3d\u00edtotta. (JUNO11)\r\n\r\nKorhat\u00e1r: 16 \u00e9v\r\nBel\u00e9p\u0151d\u00edj: 1300 Ft","_et_gb_content_width":""},"product_brand":[],"product_cat":[39],"product_tag":[],"class_list":["post-41339","product","type-product","status-publish","has-post-thumbnail","product_cat-eticket","first","instock","virtual","taxable","purchasable","product-type-simple"],"_links":{"self":[{"href":"https:\/\/agoraveszprem.hu\/eng\/wp-json\/wp\/v2\/product\/41339","targetHints":{"allow":["GET"]}}],"collection":[{"href":"https:\/\/agoraveszprem.hu\/eng\/wp-json\/wp\/v2\/product"}],"about":[{"href":"https:\/\/agoraveszprem.hu\/eng\/wp-json\/wp\/v2\/types\/product"}],"wp:featuredmedia":[{"embeddable":true,"href":"https:\/\/agoraveszprem.hu\/eng\/wp-json\/wp\/v2\/media\/32046"}],"wp:attachment":[{"href":"https:\/\/agoraveszprem.hu\/eng\/wp-json\/wp\/v2\/media?parent=41339"}],"wp:term":[{"taxonomy":"product_brand","embeddable":true,"href":"https:\/\/agoraveszprem.hu\/eng\/wp-json\/wp\/v2\/product_brand?post=41339"},{"taxonomy":"product_cat","embeddable":true,"href":"https:\/\/agoraveszprem.hu\/eng\/wp-json\/wp\/v2\/product_cat?post=41339"},{"taxonomy":"product_tag","embeddable":true,"href":"https:\/\/agoraveszprem.hu\/eng\/wp-json\/wp\/v2\/product_tag?post=41339"}],"curies":[{"name":"wp","href":"https:\/\/api.w.org\/{rel}","templated":true}]}}

Elephant - Question marks and answers with Zoli Juhász 2026. 03. 12. Thursday 19:00

<p><img loading="lazy" decoding="async" class="size-full wp-image-41340" src="https://agoraveszprem.hu/wp-content/uploads/2026/01/Felefant-kerdojelek-es-valaszok-FB.png" alt="Felefánt - kérdőjelek és válaszok FB" width="1400" height="800" srcset="https://agoraveszprem.hu/wp-content/uploads/2026/01/Felefant-kerdojelek-es-valaszok-FB.png 1400w, https://agoraveszprem.hu/wp-content/uploads/2026/01/Felefant-kerdojelek-es-valaszok-FB-1280x731.png 1280w, https://agoraveszprem.hu/wp-content/uploads/2026/01/Felefant-kerdojelek-es-valaszok-FB-980x560.png 980w, https://agoraveszprem.hu/wp-content/uploads/2026/01/Felefant-kerdojelek-es-valaszok-FB-480x274.png 480w" sizes="(min-width: 0px) and (max-width: 480px) 480px, (min-width: 481px) and (max-width: 980px) 980px, (min-width: 981px) and (max-width: 1280px) 1280px, (min-width: 1281px) 1400px, 100vw" /></p>
<div class="et_pb_module et_pb_post_content et_pb_post_content_0_tb_body">
<div class="et_pb_module et_pb_post_content et_pb_post_content_0_tb_body">
<div class="et_pb_module et_pb_post_content et_pb_post_content_0_tb_body">
<div class="et_pb_module et_pb_post_content et_pb_post_content_0_tb_body">
<div class="et_pb_module et_pb_post_content et_pb_post_content_0_tb_body">
<div class="et_pb_module et_pb_post_content et_pb_post_content_0_tb_body">
<div class="et_pb_module et_pb_post_content et_pb_post_content_0_tb_body">
<div class="et_pb_module et_pb_post_content et_pb_post_content_0_tb_body">
<div class="et_pb_module et_pb_post_content et_pb_post_content_0_tb_body">
<div class="et_pb_module et_pb_post_content et_pb_post_content_0_tb_body">
<div class="et_pb_module et_pb_post_content et_pb_post_content_0_tb_body">
<div class="et_pb_module et_pb_post_content et_pb_post_content_0_tb_body">
<div class="et_pb_module et_pb_post_content et_pb_post_content_0_tb_body">
<div class="et_pb_module et_pb_post_title et_pb_post_title_1_tb_body et_pb_bg_layout_light et_pb_text_align_left">
<div class="et_pb_title_container"></div>
</div>
<div class="et_pb_module et_pb_post_content et_pb_post_content_0_tb_body">
<div class="et_pb_module et_pb_post_title et_pb_post_title_1_tb_body et_pb_bg_layout_light et_pb_text_align_left">
<div class="et_pb_title_container"></div>
</div>
<div class="et_pb_module et_pb_post_content et_pb_post_content_0_tb_body">
<div class="et_pb_module et_pb_post_title et_pb_post_title_1_tb_body et_pb_bg_layout_light et_pb_text_align_left">
<div class="et_pb_title_container"></div>
</div>
<div class="et_pb_module et_pb_post_content et_pb_post_content_0_tb_body">
<div class="et_pb_module et_pb_post_title et_pb_post_title_1_tb_body et_pb_bg_layout_light et_pb_text_align_left">
<div class="et_pb_title_container">
<h1 class="entry-title" data-wahfont="32">Elephant - Question marks and answers with Zoli Juhász</h1>
</div>
</div>
<div class="et_pb_module et_pb_post_content et_pb_post_content_0_tb_body">
<p data-wahfont="16">Everyone listens to music and everyone goes to concerts of their favourite artists. But fewer people think about how the big songs that their favourite artists sing on stage are created. How much time and thought goes into creating the lyrics of such a piece, and how the musician adds the melodies. Or do they happen together? Zoli Juhász, the moderator of the discussion, is looking forward to hearing the answers to these questions, among others.<br />
In March, Csaba Szendrői and András András Tóth will come to us and take the audience to the unique musical world of Elefánt.<br />
During the talk, the band's best-known songs will be performed, this time as a duo.</p>
<p data-wahfont="16"><strong>The actors of the evening:</strong><br />
Juhász Zoli - moderator<br />
Zoli Juhász is a singer-songwriter from Veszprém. Even though he spent part of his childhood in England and his authoring language is English, he has been noticed by many big names of the alt-scene for his Hungarian songs. His band has played at most of the big festivals, he has played several times on the Sziget and he is the winner of the Kikeltető and Sávlekötő Camp talent contests. His lyrics are characterised by an outsider's view, a sense of softening and understated honesty.</p>
<p data-wahfont="16"><strong>Elephant</strong><br />
The Elefánt band was originally a duo formation, founded by Csaba Szendrői and András Tóth. Although even in the early days in Szombathely they were helped by musicians/friends from home, until 2012 they mainly wrote songs together. The Kodály method was the reason for the formation of the band as we know it today. They had already had a couple of years of Elefánt when it occurred to them that the two of them could play together again. FELEFÁNT plays mostly popular Elefánt songs, with minimal instrumentation, guitar-singing or drum machine in a robe, spiced up with the mood of the moment. In addition to these, there are occasional unreleased songs, a cover or two, and works from Csabi's volumes. In addition to the direct and familiar atmosphere, the music is more improvisational and spontaneous, which was characteristic of Szendrői-Tóth's music-making from the very beginning. They play together a lot, they feel each other without words. At these concerts, an unexpected musical impulse can happen at any time, and they usually drift with it, which makes it intimate, natural, intimate, unexpected, and thus liberating for the audience.</p>
<p data-wahfont="16">Entrance fee: 3.900Ft/person</p>
</div>
</div>
</div>
</div>
</div>
</div>
</div>
</div>
</div>
</div>
</div>
</div>
</div>
</div>
</div>
</div>
</div>

<img class="wp-image-17890 aligncenter" src="https://agoraveszprem.hu/wp-content/uploads/2024/04/ferfi-hajomakettet-tart-a-kezeben-300x171.jpg" alt="" width="504" height="287" />

 

Svájci-dán vígjáték eredeti nyelven magyar felirattal, 92 perc, 2022<br class="html-br" />Rendezte: Barbara Kulcsar<br class="html-br" />Szereplők: Esther Gemsch, Stefan Kurt, Ueli Jäggi, Gundi Ellert

Az Aranyéveink című svájci vígjáték egy frissen nyugdíjba vonuló házaspár újrakezdésének történetét dolgozza fel, bájos humorral, mély együttérzéssel, könnyedsége ellenére is fontos, mindannyiunkat érintő kérdésekkel. A magyar származású svájci rendező, Barbara Kulcsar filmje Svájcban közönségkedvenc volt, de a német nézők szívét is meghódította. (JUNO11)

Korhatár: 16 év
Belépődíj: 1300 Ft
