{"id":41378,"date":"2026-01-22T10:22:47","date_gmt":"2026-01-22T09:22:47","guid":{"rendered":"https:\/\/agoraveszprem.hu\/termek\/"},"modified":"2026-03-02T19:32:28","modified_gmt":"2026-03-02T18:32:28","slug":"varrotanfolyam-2026-03-04-szerda-17-ora","status":"publish","type":"product","link":"https:\/\/agoraveszprem.hu\/eng\/product\/varrotanfolyam-2026-03-04-szerda-17-ora\/","title":{"rendered":"Sewing course 2026. 03. 04 - 05. 13. until Wednesday 17 hours"},"content":{"rendered":"<p><img loading=\"lazy\" decoding=\"async\" class=\"size-full wp-image-41379\" src=\"https:\/\/agoraveszprem.hu\/wp-content\/uploads\/2026\/01\/varrotanfolyam-masolat.jpg\" alt=\"varr\u00f3tanfolyam\" width=\"1400\" height=\"800\" srcset=\"https:\/\/agoraveszprem.hu\/wp-content\/uploads\/2026\/01\/varrotanfolyam-masolat.jpg 1400w, https:\/\/agoraveszprem.hu\/wp-content\/uploads\/2026\/01\/varrotanfolyam-masolat-1280x731.jpg 1280w, https:\/\/agoraveszprem.hu\/wp-content\/uploads\/2026\/01\/varrotanfolyam-masolat-980x560.jpg 980w, https:\/\/agoraveszprem.hu\/wp-content\/uploads\/2026\/01\/varrotanfolyam-masolat-480x274.jpg 480w\" sizes=\"(min-width: 0px) and (max-width: 480px) 480px, (min-width: 481px) and (max-width: 980px) 980px, (min-width: 981px) and (max-width: 1280px) 1280px, (min-width: 1281px) 1400px, 100vw\" \/><\/p>\n<div class=\"et_pb_module et_pb_post_content et_pb_post_content_0_tb_body\">\n<div class=\"et_pb_module et_pb_post_content et_pb_post_content_0_tb_body\">\n<div class=\"et_pb_module et_pb_post_content et_pb_post_content_0_tb_body\">\n<div class=\"et_pb_module et_pb_post_content et_pb_post_content_0_tb_body\">\n<div class=\"et_pb_module et_pb_post_content et_pb_post_content_0_tb_body\">\n<div class=\"et_pb_module et_pb_post_content et_pb_post_content_0_tb_body\">\n<div class=\"et_pb_module et_pb_post_content et_pb_post_content_0_tb_body\">\n<div class=\"et_pb_module et_pb_post_content et_pb_post_content_0_tb_body\">\n<div class=\"et_pb_module et_pb_post_content et_pb_post_content_0_tb_body\">\n<div class=\"et_pb_module et_pb_post_content et_pb_post_content_0_tb_body\">\n<div class=\"et_pb_module et_pb_post_content et_pb_post_content_0_tb_body\">\n<div class=\"et_pb_module et_pb_post_content et_pb_post_content_0_tb_body\">\n<div class=\"et_pb_module et_pb_post_content et_pb_post_content_0_tb_body\">\n<div class=\"et_pb_module et_pb_post_title et_pb_post_title_1_tb_body et_pb_bg_layout_light et_pb_text_align_left\"><\/div>\n<div class=\"et_pb_module et_pb_post_content et_pb_post_content_0_tb_body\">\n<div class=\"et_pb_module et_pb_post_content et_pb_post_content_0_tb_body\">\n<div class=\"et_pb_module et_pb_post_content et_pb_post_content_0_tb_body\">\n<div class=\"et_pb_module et_pb_post_title et_pb_post_title_1_tb_body et_pb_bg_layout_light et_pb_text_align_left\">\n<div class=\"et_pb_title_container\">\n<h1 class=\"entry-title\" data-wahfont=\"32\">Sewing course with Ildiko Alm\u00e1si<\/h1>\n<\/div>\n<\/div>\n<div class=\"et_pb_module et_pb_post_content et_pb_post_content_0_tb_body\">\n<p data-wahfont=\"16\">Want to learn to sew, not just technically, but with real creative confidence?<br \/>\nWe are launching ten sewing courses led by Ildik\u00f3 Alm\u00e1si, fashion stylist and women's tailor, which will take you from learning how to use a sewing machine to making a skirt of your own design.<\/p>\n<p data-wahfont=\"16\">During the sessions, participants will make practical, everyday items such as dish pads, pillowcases, cushion covers, knitting bags, bread bags, shopping bags and aprons, while gradually learning the basic techniques for sewing clothes.<\/p>\n<p data-wahfont=\"16\">Zips, linings, pockets, straps: they are no longer an obstacle!<\/p>\n<p data-wahfont=\"16\">Benefits of the course:<br \/>\n- ideal for beginners, yet thoroughly structured<br \/>\n- gives real, practical sewing knowledge<br \/>\n- individual pace, supportive learning environment<br \/>\n- progressive development, tangible results<br \/>\n- working with an independent pattern by the end<\/p>\n<p data-wahfont=\"16\">At the end of the course, each participant will make a skirt tailored to their own size and style, and possibly an additional garment - for which the participant will provide the material.<\/p>\n<p data-wahfont=\"16\">If you've been thinking about sewing for a long time, but have been afraid to take the plunge - here's your sign!<\/p>\n<p data-wahfont=\"16\">Important information:<\/p>\n<ul class=\"wp-block-list\">\n<li><strong>The course is open to beginners and advanced learners from the age of 12.<\/strong><\/li>\n<li><strong>No certificate of completion will be issued.<\/strong><\/li>\n<li><strong>The participation fee includes the cost of the ingredients and the use of the necessary equipment.<\/strong><\/li>\n<li><strong>Once the participation fee has been paid, cancellation is not possible, but the right to participate is transferable.<\/strong><\/li>\n<\/ul>\n<p data-wahfont=\"16\"><strong>Date of<\/strong>: 04.03.2026 - 13.05.2026, every Wednesday from 17:00 to 20:00, (10 sessions (1 week break Apr. 22))<br \/>\n<strong>Course fee<\/strong>: 75.000 Ft\/person<br \/>\n<strong>Location<\/strong>: club room 5<\/p>\n<p data-wahfont=\"16\">To enquire, please contact Violetta Szirbek at szirbek.violetta@agoraveszprem.hu or call 88\/429-111.<\/p>\n<\/div>\n<\/div>\n<\/div>\n<\/div>\n<\/div>\n<\/div>\n<\/div>\n<\/div>\n<\/div>\n<\/div>\n<\/div>\n<\/div>\n<\/div>\n<\/div>\n<\/div>\n<\/div>\n<\/div>","protected":false},"excerpt":{"rendered":"<p>04 March 2026 Wednesday 17.00 - 20.00<\/p>\n<p>Online or on-site participation fee: 75000 HUF<\/p>\n<p>10 occasions<\/p>","protected":false},"featured_media":32047,"template":"","meta":{"_et_pb_use_builder":"off","_et_pb_old_content":"<img class=\"wp-image-17890 aligncenter\" src=\"https:\/\/agoraveszprem.hu\/wp-content\/uploads\/2024\/04\/ferfi-hajomakettet-tart-a-kezeben-300x171.jpg\" alt=\"\" width=\"504\" height=\"287\" \/>\r\n\r\n\u00a0\r\n\r\nSv\u00e1jci-d\u00e1n v\u00edgj\u00e1t\u00e9k eredeti nyelven magyar felirattal, 92 perc, 2022<br class=\"html-br\" \/>Rendezte: Barbara Kulcsar<br class=\"html-br\" \/>Szerepl\u0151k: Esther Gemsch, Stefan Kurt, Ueli J\u00e4ggi, Gundi Ellert\r\n\r\nAz Arany\u00e9veink c\u00edm\u0171 sv\u00e1jci v\u00edgj\u00e1t\u00e9k egy frissen nyugd\u00edjba vonul\u00f3 h\u00e1zasp\u00e1r \u00fajrakezd\u00e9s\u00e9nek t\u00f6rt\u00e9net\u00e9t dolgozza fel, b\u00e1jos humorral, m\u00e9ly egy\u00fctt\u00e9rz\u00e9ssel, k\u00f6nnyeds\u00e9ge ellen\u00e9re is fontos, mindannyiunkat \u00e9rint\u0151 k\u00e9rd\u00e9sekkel. A magyar sz\u00e1rmaz\u00e1s\u00fa sv\u00e1jci rendez\u0151, Barbara Kulcsar filmje Sv\u00e1jcban k\u00f6z\u00f6ns\u00e9gkedvenc volt, de a n\u00e9met n\u00e9z\u0151k sz\u00edv\u00e9t is megh\u00f3d\u00edtotta. (JUNO11)\r\n\r\nKorhat\u00e1r: 16 \u00e9v\r\nBel\u00e9p\u0151d\u00edj: 1300 Ft","_et_gb_content_width":""},"product_brand":[],"product_cat":[39],"product_tag":[],"class_list":["post-41378","product","type-product","status-publish","has-post-thumbnail","product_cat-eticket","first","outofstock","virtual","taxable","purchasable","product-type-simple"],"_links":{"self":[{"href":"https:\/\/agoraveszprem.hu\/eng\/wp-json\/wp\/v2\/product\/41378","targetHints":{"allow":["GET"]}}],"collection":[{"href":"https:\/\/agoraveszprem.hu\/eng\/wp-json\/wp\/v2\/product"}],"about":[{"href":"https:\/\/agoraveszprem.hu\/eng\/wp-json\/wp\/v2\/types\/product"}],"wp:featuredmedia":[{"embeddable":true,"href":"https:\/\/agoraveszprem.hu\/eng\/wp-json\/wp\/v2\/media\/32047"}],"wp:attachment":[{"href":"https:\/\/agoraveszprem.hu\/eng\/wp-json\/wp\/v2\/media?parent=41378"}],"wp:term":[{"taxonomy":"product_brand","embeddable":true,"href":"https:\/\/agoraveszprem.hu\/eng\/wp-json\/wp\/v2\/product_brand?post=41378"},{"taxonomy":"product_cat","embeddable":true,"href":"https:\/\/agoraveszprem.hu\/eng\/wp-json\/wp\/v2\/product_cat?post=41378"},{"taxonomy":"product_tag","embeddable":true,"href":"https:\/\/agoraveszprem.hu\/eng\/wp-json\/wp\/v2\/product_tag?post=41378"}],"curies":[{"name":"wp","href":"https:\/\/api.w.org\/{rel}","templated":true}]}}

<p><img loading="lazy" decoding="async" class="size-full wp-image-41379" src="https://agoraveszprem.hu/wp-content/uploads/2026/01/varrotanfolyam-masolat.jpg" alt="varrótanfolyam" width="1400" height="800" srcset="https://agoraveszprem.hu/wp-content/uploads/2026/01/varrotanfolyam-masolat.jpg 1400w, https://agoraveszprem.hu/wp-content/uploads/2026/01/varrotanfolyam-masolat-1280x731.jpg 1280w, https://agoraveszprem.hu/wp-content/uploads/2026/01/varrotanfolyam-masolat-980x560.jpg 980w, https://agoraveszprem.hu/wp-content/uploads/2026/01/varrotanfolyam-masolat-480x274.jpg 480w" sizes="(min-width: 0px) and (max-width: 480px) 480px, (min-width: 481px) and (max-width: 980px) 980px, (min-width: 981px) and (max-width: 1280px) 1280px, (min-width: 1281px) 1400px, 100vw" /></p>
<div class="et_pb_module et_pb_post_content et_pb_post_content_0_tb_body">
<div class="et_pb_module et_pb_post_content et_pb_post_content_0_tb_body">
<div class="et_pb_module et_pb_post_content et_pb_post_content_0_tb_body">
<div class="et_pb_module et_pb_post_content et_pb_post_content_0_tb_body">
<div class="et_pb_module et_pb_post_content et_pb_post_content_0_tb_body">
<div class="et_pb_module et_pb_post_content et_pb_post_content_0_tb_body">
<div class="et_pb_module et_pb_post_content et_pb_post_content_0_tb_body">
<div class="et_pb_module et_pb_post_content et_pb_post_content_0_tb_body">
<div class="et_pb_module et_pb_post_content et_pb_post_content_0_tb_body">
<div class="et_pb_module et_pb_post_content et_pb_post_content_0_tb_body">
<div class="et_pb_module et_pb_post_content et_pb_post_content_0_tb_body">
<div class="et_pb_module et_pb_post_content et_pb_post_content_0_tb_body">
<div class="et_pb_module et_pb_post_content et_pb_post_content_0_tb_body">
<div class="et_pb_module et_pb_post_title et_pb_post_title_1_tb_body et_pb_bg_layout_light et_pb_text_align_left"></div>
<div class="et_pb_module et_pb_post_content et_pb_post_content_0_tb_body">
<div class="et_pb_module et_pb_post_content et_pb_post_content_0_tb_body">
<div class="et_pb_module et_pb_post_content et_pb_post_content_0_tb_body">
<div class="et_pb_module et_pb_post_title et_pb_post_title_1_tb_body et_pb_bg_layout_light et_pb_text_align_left">
<div class="et_pb_title_container">
<h1 class="entry-title" data-wahfont="32">Sewing course with Ildiko Almási</h1>
</div>
</div>
<div class="et_pb_module et_pb_post_content et_pb_post_content_0_tb_body">
<p data-wahfont="16">Want to learn to sew, not just technically, but with real creative confidence?<br />
We are launching ten sewing courses led by Ildikó Almási, fashion stylist and women's tailor, which will take you from learning how to use a sewing machine to making a skirt of your own design.</p>
<p data-wahfont="16">During the sessions, participants will make practical, everyday items such as dish pads, pillowcases, cushion covers, knitting bags, bread bags, shopping bags and aprons, while gradually learning the basic techniques for sewing clothes.</p>
<p data-wahfont="16">Zips, linings, pockets, straps: they are no longer an obstacle!</p>
<p data-wahfont="16">Benefits of the course:<br />
- ideal for beginners, yet thoroughly structured<br />
- gives real, practical sewing knowledge<br />
- individual pace, supportive learning environment<br />
- progressive development, tangible results<br />
- working with an independent pattern by the end</p>
<p data-wahfont="16">At the end of the course, each participant will make a skirt tailored to their own size and style, and possibly an additional garment - for which the participant will provide the material.</p>
<p data-wahfont="16">If you've been thinking about sewing for a long time, but have been afraid to take the plunge - here's your sign!</p>
<p data-wahfont="16">Important information:</p>
<ul class="wp-block-list">
<li><strong>The course is open to beginners and advanced learners from the age of 12.</strong></li>
<li><strong>No certificate of completion will be issued.</strong></li>
<li><strong>The participation fee includes the cost of the ingredients and the use of the necessary equipment.</strong></li>
<li><strong>Once the participation fee has been paid, cancellation is not possible, but the right to participate is transferable.</strong></li>
</ul>
<p data-wahfont="16"><strong>Date of</strong>: 04.03.2026 - 13.05.2026, every Wednesday from 17:00 to 20:00, (10 sessions (1 week break Apr. 22))<br />
<strong>Course fee</strong>: 75.000 Ft/person<br />
<strong>Location</strong>: club room 5</p>
<p data-wahfont="16">To enquire, please contact Violetta Szirbek at szirbek.violetta@agoraveszprem.hu or call 88/429-111.</p>
</div>
</div>
</div>
</div>
</div>
</div>
</div>
</div>
</div>
</div>
</div>
</div>
</div>
</div>
</div>
</div>
</div>

<img class="wp-image-17890 aligncenter" src="https://agoraveszprem.hu/wp-content/uploads/2024/04/ferfi-hajomakettet-tart-a-kezeben-300x171.jpg" alt="" width="504" height="287" />

 

Svájci-dán vígjáték eredeti nyelven magyar felirattal, 92 perc, 2022<br class="html-br" />Rendezte: Barbara Kulcsar<br class="html-br" />Szereplők: Esther Gemsch, Stefan Kurt, Ueli Jäggi, Gundi Ellert

Az Aranyéveink című svájci vígjáték egy frissen nyugdíjba vonuló házaspár újrakezdésének történetét dolgozza fel, bájos humorral, mély együttérzéssel, könnyedsége ellenére is fontos, mindannyiunkat érintő kérdésekkel. A magyar származású svájci rendező, Barbara Kulcsar filmje Svájcban közönségkedvenc volt, de a német nézők szívét is meghódította. (JUNO11)

Korhatár: 16 év
Belépődíj: 1300 Ft
