{"id":41391,"date":"2026-01-22T13:03:15","date_gmt":"2026-01-22T12:03:15","guid":{"rendered":"https:\/\/agoraveszprem.hu\/termek\/"},"modified":"2026-02-06T13:35:00","modified_gmt":"2026-02-06T12:35:00","slug":"minden-ami-papir-2026-02-07-szombat-15-ora","status":"publish","type":"product","link":"https:\/\/agoraveszprem.hu\/eng\/product\/minden-ami-papir-2026-02-07-szombat-15-ora\/","title":{"rendered":"All that is...paper 2026. 02. 07. saturday 15:00"},"content":{"rendered":"<p><img loading=\"lazy\" decoding=\"async\" class=\"wp-image-41392 aligncenter\" src=\"https:\/\/agoraveszprem.hu\/wp-content\/uploads\/2026\/01\/minden-ami-papir.jpg\" alt=\"minden ami pap\u00edr\" width=\"1221\" height=\"698\" srcset=\"https:\/\/agoraveszprem.hu\/wp-content\/uploads\/2026\/01\/minden-ami-papir-980x560.jpg 980w, https:\/\/agoraveszprem.hu\/wp-content\/uploads\/2026\/01\/minden-ami-papir-480x274.jpg 480w\" sizes=\"(min-width: 0px) and (max-width: 480px) 480px, (min-width: 481px) and (max-width: 980px) 980px, (min-width: 981px) 1221px, 100vw\" \/><\/p>\n<div class=\"et_pb_module et_pb_post_content et_pb_post_content_0_tb_body\">\n<div class=\"et_pb_module et_pb_post_content et_pb_post_content_0_tb_body\">\n<div class=\"et_pb_module et_pb_post_content et_pb_post_content_0_tb_body\">\n<div class=\"et_pb_module et_pb_post_content et_pb_post_content_0_tb_body\">\n<div class=\"et_pb_module et_pb_post_content et_pb_post_content_0_tb_body\">\n<div class=\"et_pb_module et_pb_post_content et_pb_post_content_0_tb_body\">\n<div class=\"et_pb_module et_pb_post_content et_pb_post_content_0_tb_body\">\n<div class=\"et_pb_module et_pb_post_content et_pb_post_content_0_tb_body\">\n<div class=\"et_pb_module et_pb_post_content et_pb_post_content_0_tb_body\">\n<div class=\"et_pb_module et_pb_post_content et_pb_post_content_0_tb_body\">\n<div class=\"et_pb_module et_pb_post_content et_pb_post_content_0_tb_body\">\n<div class=\"et_pb_module et_pb_post_content et_pb_post_content_0_tb_body\">\n<div class=\"et_pb_module et_pb_post_content et_pb_post_content_0_tb_body\">\n<div class=\"et_pb_module et_pb_post_title et_pb_post_title_1_tb_body et_pb_bg_layout_light et_pb_text_align_left\"><\/div>\n<div class=\"et_pb_module et_pb_post_content et_pb_post_content_0_tb_body\">\n<div class=\"et_pb_module et_pb_post_content et_pb_post_content_0_tb_body\">\n<div class=\"et_pb_module et_pb_post_content et_pb_post_content_0_tb_body\">\n<div class=\"et_pb_module et_pb_post_title et_pb_post_title_1_tb_body et_pb_bg_layout_light et_pb_text_align_left\">\n<div class=\"et_pb_title_container\"><\/div>\n<\/div>\n<div class=\"et_pb_module et_pb_post_content et_pb_post_content_0_tb_body\">\n<div class=\"et_pb_module et_pb_post_title et_pb_post_title_1_tb_body et_pb_bg_layout_light et_pb_text_align_left\">\n<div class=\"et_pb_title_container\">\n<h1 class=\"entry-title\" data-wahfont=\"32\">All that is...paper<\/h1>\n<\/div>\n<\/div>\n<div class=\"et_pb_module et_pb_post_content et_pb_post_content_0_tb_body\">\n<p data-wahfont=\"16\"><strong>Paper, which is more than a raw material.<\/strong><\/p>\n<p data-wahfont=\"16\">From idea to form, from form to experience, from experience to memory.<\/p>\n<p data-wahfont=\"16\">Whether it's a creative project, a decoration, a toy or a utensil, paper is always with us. It is natural, versatile and has endless possibilities.<\/p>\n<p data-wahfont=\"16\">In this creative, hands-on afternoon, participants will learn about the following techniques and crafts:<\/p>\n<ul class=\"wp-block-list\">\n<li>with watercolour paper, which will be used to create a unique painted bookmark under the guidance of Adrienn Ginczinger,<\/li>\n<li>with origami, where toys, animals, envelopes, boxes and curiosities are folded with Ildik\u00f3 H. Vass origami bag,<\/li>\n<li>the quilling technique, where\u00a0<strong>roll and shape strips of coloured paper<\/strong><strong>,<\/strong>\u00a0to\u00a0<strong>delicious little decorations <\/strong>to make it with Ferenc Demeter and Mrs Terike,<\/li>\n<li>with paper weaving, where Annam\u00e1ria Buz\u00e1sn\u00e9 L\u00e1z\u00e1r will introduce the children and their parents to the mysteries of paper weaving.<\/li>\n<\/ul>\n<p data-wahfont=\"16\"><strong>And that's not all!<\/strong><\/p>\n<ul class=\"wp-block-list\">\n<li>can participate in a\u00a0<strong>family quiz<\/strong>\u00a0is a\u00a0<strong>Led by a family<\/strong><strong>,<\/strong>\u00a0where the focus is on playing together and spending time together,<\/li>\n<li>During the event, you can see a selection of book sculptures by Judit Epingern\u00e9 Varga.<\/li>\n<\/ul>\n<p data-wahfont=\"16\">Come with the whole family, discover how much can be created from paper and create together!<\/p>\n<p data-wahfont=\"16\"><strong>Entrance fee 2 000 HUF\/person for children and accompanying persons.<\/strong><\/p>\n<\/div>\n<\/div>\n<\/div>\n<\/div>\n<\/div>\n<\/div>\n<\/div>\n<\/div>\n<\/div>\n<\/div>\n<\/div>\n<\/div>\n<\/div>\n<\/div>\n<\/div>\n<\/div>\n<\/div>\n<\/div>","protected":false},"excerpt":{"rendered":"<p>07 February 2026 Saturday 15.00 - 18.00<\/p>\n<p>Online or on site ticket price: 2000 HUF<\/p>\n<p>&nbsp;<\/p>","protected":false},"featured_media":32046,"template":"","meta":{"_et_pb_use_builder":"off","_et_pb_old_content":"<img class=\"wp-image-17890 aligncenter\" src=\"https:\/\/agoraveszprem.hu\/wp-content\/uploads\/2024\/04\/ferfi-hajomakettet-tart-a-kezeben-300x171.jpg\" alt=\"\" width=\"504\" height=\"287\" \/>\r\n\r\n\u00a0\r\n\r\nSv\u00e1jci-d\u00e1n v\u00edgj\u00e1t\u00e9k eredeti nyelven magyar felirattal, 92 perc, 2022<br class=\"html-br\" \/>Rendezte: Barbara Kulcsar<br class=\"html-br\" \/>Szerepl\u0151k: Esther Gemsch, Stefan Kurt, Ueli J\u00e4ggi, Gundi Ellert\r\n\r\nAz Arany\u00e9veink c\u00edm\u0171 sv\u00e1jci v\u00edgj\u00e1t\u00e9k egy frissen nyugd\u00edjba vonul\u00f3 h\u00e1zasp\u00e1r \u00fajrakezd\u00e9s\u00e9nek t\u00f6rt\u00e9net\u00e9t dolgozza fel, b\u00e1jos humorral, m\u00e9ly egy\u00fctt\u00e9rz\u00e9ssel, k\u00f6nnyeds\u00e9ge ellen\u00e9re is fontos, mindannyiunkat \u00e9rint\u0151 k\u00e9rd\u00e9sekkel. A magyar sz\u00e1rmaz\u00e1s\u00fa sv\u00e1jci rendez\u0151, Barbara Kulcsar filmje Sv\u00e1jcban k\u00f6z\u00f6ns\u00e9gkedvenc volt, de a n\u00e9met n\u00e9z\u0151k sz\u00edv\u00e9t is megh\u00f3d\u00edtotta. (JUNO11)\r\n\r\nKorhat\u00e1r: 16 \u00e9v\r\nBel\u00e9p\u0151d\u00edj: 1300 Ft","_et_gb_content_width":""},"product_brand":[],"product_cat":[39],"product_tag":[],"class_list":["post-41391","product","type-product","status-publish","has-post-thumbnail","product_cat-eticket","first","instock","virtual","taxable","product-type-simple"],"_links":{"self":[{"href":"https:\/\/agoraveszprem.hu\/eng\/wp-json\/wp\/v2\/product\/41391","targetHints":{"allow":["GET"]}}],"collection":[{"href":"https:\/\/agoraveszprem.hu\/eng\/wp-json\/wp\/v2\/product"}],"about":[{"href":"https:\/\/agoraveszprem.hu\/eng\/wp-json\/wp\/v2\/types\/product"}],"wp:featuredmedia":[{"embeddable":true,"href":"https:\/\/agoraveszprem.hu\/eng\/wp-json\/wp\/v2\/media\/32046"}],"wp:attachment":[{"href":"https:\/\/agoraveszprem.hu\/eng\/wp-json\/wp\/v2\/media?parent=41391"}],"wp:term":[{"taxonomy":"product_brand","embeddable":true,"href":"https:\/\/agoraveszprem.hu\/eng\/wp-json\/wp\/v2\/product_brand?post=41391"},{"taxonomy":"product_cat","embeddable":true,"href":"https:\/\/agoraveszprem.hu\/eng\/wp-json\/wp\/v2\/product_cat?post=41391"},{"taxonomy":"product_tag","embeddable":true,"href":"https:\/\/agoraveszprem.hu\/eng\/wp-json\/wp\/v2\/product_tag?post=41391"}],"curies":[{"name":"wp","href":"https:\/\/api.w.org\/{rel}","templated":true}]}}

<p><img loading="lazy" decoding="async" class="wp-image-41392 aligncenter" src="https://agoraveszprem.hu/wp-content/uploads/2026/01/minden-ami-papir.jpg" alt="minden ami papír" width="1221" height="698" srcset="https://agoraveszprem.hu/wp-content/uploads/2026/01/minden-ami-papir-980x560.jpg 980w, https://agoraveszprem.hu/wp-content/uploads/2026/01/minden-ami-papir-480x274.jpg 480w" sizes="(min-width: 0px) and (max-width: 480px) 480px, (min-width: 481px) and (max-width: 980px) 980px, (min-width: 981px) 1221px, 100vw" /></p>
<div class="et_pb_module et_pb_post_content et_pb_post_content_0_tb_body">
<div class="et_pb_module et_pb_post_content et_pb_post_content_0_tb_body">
<div class="et_pb_module et_pb_post_content et_pb_post_content_0_tb_body">
<div class="et_pb_module et_pb_post_content et_pb_post_content_0_tb_body">
<div class="et_pb_module et_pb_post_content et_pb_post_content_0_tb_body">
<div class="et_pb_module et_pb_post_content et_pb_post_content_0_tb_body">
<div class="et_pb_module et_pb_post_content et_pb_post_content_0_tb_body">
<div class="et_pb_module et_pb_post_content et_pb_post_content_0_tb_body">
<div class="et_pb_module et_pb_post_content et_pb_post_content_0_tb_body">
<div class="et_pb_module et_pb_post_content et_pb_post_content_0_tb_body">
<div class="et_pb_module et_pb_post_content et_pb_post_content_0_tb_body">
<div class="et_pb_module et_pb_post_content et_pb_post_content_0_tb_body">
<div class="et_pb_module et_pb_post_content et_pb_post_content_0_tb_body">
<div class="et_pb_module et_pb_post_title et_pb_post_title_1_tb_body et_pb_bg_layout_light et_pb_text_align_left"></div>
<div class="et_pb_module et_pb_post_content et_pb_post_content_0_tb_body">
<div class="et_pb_module et_pb_post_content et_pb_post_content_0_tb_body">
<div class="et_pb_module et_pb_post_content et_pb_post_content_0_tb_body">
<div class="et_pb_module et_pb_post_title et_pb_post_title_1_tb_body et_pb_bg_layout_light et_pb_text_align_left">
<div class="et_pb_title_container"></div>
</div>
<div class="et_pb_module et_pb_post_content et_pb_post_content_0_tb_body">
<div class="et_pb_module et_pb_post_title et_pb_post_title_1_tb_body et_pb_bg_layout_light et_pb_text_align_left">
<div class="et_pb_title_container">
<h1 class="entry-title" data-wahfont="32">All that is...paper</h1>
</div>
</div>
<div class="et_pb_module et_pb_post_content et_pb_post_content_0_tb_body">
<p data-wahfont="16"><strong>Paper, which is more than a raw material.</strong></p>
<p data-wahfont="16">From idea to form, from form to experience, from experience to memory.</p>
<p data-wahfont="16">Whether it's a creative project, a decoration, a toy or a utensil, paper is always with us. It is natural, versatile and has endless possibilities.</p>
<p data-wahfont="16">In this creative, hands-on afternoon, participants will learn about the following techniques and crafts:</p>
<ul class="wp-block-list">
<li>with watercolour paper, which will be used to create a unique painted bookmark under the guidance of Adrienn Ginczinger,</li>
<li>with origami, where toys, animals, envelopes, boxes and curiosities are folded with Ildikó H. Vass origami bag,</li>
<li>the quilling technique, where <strong>roll and shape strips of coloured paper</strong><strong>,</strong> to <strong>delicious little decorations </strong>to make it with Ferenc Demeter and Mrs Terike,</li>
<li>with paper weaving, where Annamária Buzásné Lázár will introduce the children and their parents to the mysteries of paper weaving.</li>
</ul>
<p data-wahfont="16"><strong>And that's not all!</strong></p>
<ul class="wp-block-list">
<li>can participate in a <strong>family quiz</strong> is a <strong>Led by a family</strong><strong>,</strong> where the focus is on playing together and spending time together,</li>
<li>During the event, you can see a selection of book sculptures by Judit Epingerné Varga.</li>
</ul>
<p data-wahfont="16">Come with the whole family, discover how much can be created from paper and create together!</p>
<p data-wahfont="16"><strong>Entrance fee 2 000 HUF/person for children and accompanying persons.</strong></p>
</div>
</div>
</div>
</div>
</div>
</div>
</div>
</div>
</div>
</div>
</div>
</div>
</div>
</div>
</div>
</div>
</div>
</div>

<img class="wp-image-17890 aligncenter" src="https://agoraveszprem.hu/wp-content/uploads/2024/04/ferfi-hajomakettet-tart-a-kezeben-300x171.jpg" alt="" width="504" height="287" />

 

Svájci-dán vígjáték eredeti nyelven magyar felirattal, 92 perc, 2022<br class="html-br" />Rendezte: Barbara Kulcsar<br class="html-br" />Szereplők: Esther Gemsch, Stefan Kurt, Ueli Jäggi, Gundi Ellert

Az Aranyéveink című svájci vígjáték egy frissen nyugdíjba vonuló házaspár újrakezdésének történetét dolgozza fel, bájos humorral, mély együttérzéssel, könnyedsége ellenére is fontos, mindannyiunkat érintő kérdésekkel. A magyar származású svájci rendező, Barbara Kulcsar filmje Svájcban közönségkedvenc volt, de a német nézők szívét is meghódította. (JUNO11)

Korhatár: 16 év
Belépődíj: 1300 Ft
