{"id":45186,"date":"2026-03-18T14:54:18","date_gmt":"2026-03-18T13:54:18","guid":{"rendered":"https:\/\/agoraveszprem.hu\/termek\/"},"modified":"2026-04-27T15:38:35","modified_gmt":"2026-04-27T14:38:35","slug":"filmklub-a-korus-2026-04-27-hetfo-18-ora","status":"publish","type":"product","link":"https:\/\/agoraveszprem.hu\/eng\/product\/filmklub-a-korus-2026-04-27-hetfo-18-ora\/","title":{"rendered":"Film Club: The Choir 2026.04. 27. monday 18:00"},"content":{"rendered":"<p><img loading=\"lazy\" decoding=\"async\" class=\"size-full wp-image-45177\" src=\"https:\/\/agoraveszprem.hu\/wp-content\/uploads\/2026\/03\/A-korus-FB.jpg\" alt=\"A k\u00f3rus\" width=\"1400\" height=\"800\" srcset=\"https:\/\/agoraveszprem.hu\/wp-content\/uploads\/2026\/03\/A-korus-FB.jpg 1400w, https:\/\/agoraveszprem.hu\/wp-content\/uploads\/2026\/03\/A-korus-FB-1280x731.jpg 1280w, https:\/\/agoraveszprem.hu\/wp-content\/uploads\/2026\/03\/A-korus-FB-980x560.jpg 980w, https:\/\/agoraveszprem.hu\/wp-content\/uploads\/2026\/03\/A-korus-FB-480x274.jpg 480w\" sizes=\"(min-width: 0px) and (max-width: 480px) 480px, (min-width: 481px) and (max-width: 980px) 980px, (min-width: 981px) and (max-width: 1280px) 1280px, (min-width: 1281px) 1400px, 100vw\" \/><\/p>\n<div class=\"et_pb_module et_pb_post_content et_pb_post_content_0_tb_body\">\n<div class=\"et_pb_module et_pb_post_content et_pb_post_content_0_tb_body\">\n<div class=\"et_pb_module et_pb_post_content et_pb_post_content_0_tb_body\">\n<div class=\"et_pb_module et_pb_post_content et_pb_post_content_0_tb_body\">\n<div class=\"et_pb_module et_pb_post_content et_pb_post_content_0_tb_body\">\n<div class=\"et_pb_module et_pb_post_content et_pb_post_content_0_tb_body\">\n<div class=\"et_pb_module et_pb_post_content et_pb_post_content_0_tb_body\">\n<div class=\"et_pb_module et_pb_post_content et_pb_post_content_0_tb_body\">\n<div class=\"et_pb_module et_pb_post_content et_pb_post_content_0_tb_body\">\n<div class=\"et_pb_module et_pb_post_content et_pb_post_content_0_tb_body\">\n<div class=\"et_pb_module et_pb_post_content et_pb_post_content_0_tb_body\">\n<div class=\"et_pb_module et_pb_post_content et_pb_post_content_0_tb_body\">\n<div class=\"et_pb_module et_pb_post_content et_pb_post_content_0_tb_body\">\n<div class=\"et_pb_module et_pb_post_content et_pb_post_content_0_tb_body\">\n<div class=\"et_pb_module et_pb_post_content et_pb_post_content_0_tb_body\">\n<div class=\"et_pb_module et_pb_post_content et_pb_post_content_0_tb_body\">\n<div class=\"et_pb_module et_pb_post_content et_pb_post_content_0_tb_body\">\n<div class=\"et_pb_module et_pb_post_content et_pb_post_content_0_tb_body\">\n<div class=\"et_pb_module et_pb_post_content et_pb_post_content_0_tb_body\">\n<div class=\"et_pb_module et_pb_post_title et_pb_post_title_1_tb_body et_pb_bg_layout_light et_pb_text_align_left\">\n<div class=\"et_pb_title_container\"><\/div>\n<\/div>\n<div class=\"et_pb_module et_pb_post_content et_pb_post_content_0_tb_body\">\n<div class=\"et_pb_module et_pb_post_title et_pb_post_title_1_tb_body et_pb_bg_layout_light et_pb_text_align_left\">\n<div class=\"et_pb_title_container\">\n<h1 class=\"entry-title\" data-wahfont=\"32\">Film Club: the choir<\/h1>\n<\/div>\n<\/div>\n<div class=\"et_pb_module et_pb_post_content et_pb_post_content_0_tb_body\">\n<p data-wahfont=\"16\">English historical drama with subtitles, 112 minutes, 2025<br \/>\nR.: Nicholas Hytner<br \/>\nA: Ralph Fiennes, Mark Addy<\/p>\n<p data-wahfont=\"16\">In 1916, the choir in the Yorkshire town of Ramsden loses almost all its male members to conscription. Despite the difficulties, the choir's management wants to continue working together: they decide to recruit young men from the local area who are not eligible for the draft because of their age. The young men are joined by a new choirmaster: the intransigent, self-possessed, and oddly methodical Dr. Henry Guthrie (Ralph Fiennes). As the draft warrants come in, the whole community realizes that the best defense against the chaos that is disrupting their lives is to play music together.<\/p>\n<p data-wahfont=\"16\">Age limit: 16 years<br \/>\nAdmission: 2000 Ft<\/p>\n<p data-wahfont=\"16\">Discounted season tickets are available at our ticket office!<\/p>\n<\/div>\n<\/div>\n<\/div>\n<\/div>\n<\/div>\n<\/div>\n<\/div>\n<\/div>\n<\/div>\n<\/div>\n<\/div>\n<\/div>\n<\/div>\n<\/div>\n<\/div>\n<\/div>\n<\/div>\n<\/div>\n<\/div>\n<\/div>\n<\/div>","protected":false},"excerpt":{"rendered":"<p>27 April 2026 Monday 18.00 - 19.45<\/p>\n<p>Online or on site ticket price: 2000 HUF<\/p>\n<p>Reservations are made on a first-come, first-served basis.<\/p>","protected":false},"featured_media":32039,"template":"","meta":{"_et_pb_use_builder":"off","_et_pb_old_content":"<img class=\"wp-image-17890 aligncenter\" src=\"https:\/\/agoraveszprem.hu\/wp-content\/uploads\/2024\/04\/ferfi-hajomakettet-tart-a-kezeben-300x171.jpg\" alt=\"\" width=\"504\" height=\"287\" \/>\r\n\r\n\u00a0\r\n\r\nSv\u00e1jci-d\u00e1n v\u00edgj\u00e1t\u00e9k eredeti nyelven magyar felirattal, 92 perc, 2022<br class=\"html-br\" \/>Rendezte: Barbara Kulcsar<br class=\"html-br\" \/>Szerepl\u0151k: Esther Gemsch, Stefan Kurt, Ueli J\u00e4ggi, Gundi Ellert\r\n\r\nAz Arany\u00e9veink c\u00edm\u0171 sv\u00e1jci v\u00edgj\u00e1t\u00e9k egy frissen nyugd\u00edjba vonul\u00f3 h\u00e1zasp\u00e1r \u00fajrakezd\u00e9s\u00e9nek t\u00f6rt\u00e9net\u00e9t dolgozza fel, b\u00e1jos humorral, m\u00e9ly egy\u00fctt\u00e9rz\u00e9ssel, k\u00f6nnyeds\u00e9ge ellen\u00e9re is fontos, mindannyiunkat \u00e9rint\u0151 k\u00e9rd\u00e9sekkel. A magyar sz\u00e1rmaz\u00e1s\u00fa sv\u00e1jci rendez\u0151, Barbara Kulcsar filmje Sv\u00e1jcban k\u00f6z\u00f6ns\u00e9gkedvenc volt, de a n\u00e9met n\u00e9z\u0151k sz\u00edv\u00e9t is megh\u00f3d\u00edtotta. (JUNO11)\r\n\r\nKorhat\u00e1r: 16 \u00e9v\r\nBel\u00e9p\u0151d\u00edj: 1300 Ft","_et_gb_content_width":""},"product_brand":[],"product_cat":[39],"product_tag":[],"class_list":["post-45186","product","type-product","status-publish","has-post-thumbnail","product_cat-eticket","first","instock","virtual","taxable","purchasable","product-type-simple"],"_links":{"self":[{"href":"https:\/\/agoraveszprem.hu\/eng\/wp-json\/wp\/v2\/product\/45186","targetHints":{"allow":["GET"]}}],"collection":[{"href":"https:\/\/agoraveszprem.hu\/eng\/wp-json\/wp\/v2\/product"}],"about":[{"href":"https:\/\/agoraveszprem.hu\/eng\/wp-json\/wp\/v2\/types\/product"}],"wp:featuredmedia":[{"embeddable":true,"href":"https:\/\/agoraveszprem.hu\/eng\/wp-json\/wp\/v2\/media\/32039"}],"wp:attachment":[{"href":"https:\/\/agoraveszprem.hu\/eng\/wp-json\/wp\/v2\/media?parent=45186"}],"wp:term":[{"taxonomy":"product_brand","embeddable":true,"href":"https:\/\/agoraveszprem.hu\/eng\/wp-json\/wp\/v2\/product_brand?post=45186"},{"taxonomy":"product_cat","embeddable":true,"href":"https:\/\/agoraveszprem.hu\/eng\/wp-json\/wp\/v2\/product_cat?post=45186"},{"taxonomy":"product_tag","embeddable":true,"href":"https:\/\/agoraveszprem.hu\/eng\/wp-json\/wp\/v2\/product_tag?post=45186"}],"curies":[{"name":"wp","href":"https:\/\/api.w.org\/{rel}","templated":true}]}}

<p><img loading="lazy" decoding="async" class="size-full wp-image-45177" src="https://agoraveszprem.hu/wp-content/uploads/2026/03/A-korus-FB.jpg" alt="A kórus" width="1400" height="800" srcset="https://agoraveszprem.hu/wp-content/uploads/2026/03/A-korus-FB.jpg 1400w, https://agoraveszprem.hu/wp-content/uploads/2026/03/A-korus-FB-1280x731.jpg 1280w, https://agoraveszprem.hu/wp-content/uploads/2026/03/A-korus-FB-980x560.jpg 980w, https://agoraveszprem.hu/wp-content/uploads/2026/03/A-korus-FB-480x274.jpg 480w" sizes="(min-width: 0px) and (max-width: 480px) 480px, (min-width: 481px) and (max-width: 980px) 980px, (min-width: 981px) and (max-width: 1280px) 1280px, (min-width: 1281px) 1400px, 100vw" /></p>
<div class="et_pb_module et_pb_post_content et_pb_post_content_0_tb_body">
<div class="et_pb_module et_pb_post_content et_pb_post_content_0_tb_body">
<div class="et_pb_module et_pb_post_content et_pb_post_content_0_tb_body">
<div class="et_pb_module et_pb_post_content et_pb_post_content_0_tb_body">
<div class="et_pb_module et_pb_post_content et_pb_post_content_0_tb_body">
<div class="et_pb_module et_pb_post_content et_pb_post_content_0_tb_body">
<div class="et_pb_module et_pb_post_content et_pb_post_content_0_tb_body">
<div class="et_pb_module et_pb_post_content et_pb_post_content_0_tb_body">
<div class="et_pb_module et_pb_post_content et_pb_post_content_0_tb_body">
<div class="et_pb_module et_pb_post_content et_pb_post_content_0_tb_body">
<div class="et_pb_module et_pb_post_content et_pb_post_content_0_tb_body">
<div class="et_pb_module et_pb_post_content et_pb_post_content_0_tb_body">
<div class="et_pb_module et_pb_post_content et_pb_post_content_0_tb_body">
<div class="et_pb_module et_pb_post_content et_pb_post_content_0_tb_body">
<div class="et_pb_module et_pb_post_content et_pb_post_content_0_tb_body">
<div class="et_pb_module et_pb_post_content et_pb_post_content_0_tb_body">
<div class="et_pb_module et_pb_post_content et_pb_post_content_0_tb_body">
<div class="et_pb_module et_pb_post_content et_pb_post_content_0_tb_body">
<div class="et_pb_module et_pb_post_content et_pb_post_content_0_tb_body">
<div class="et_pb_module et_pb_post_title et_pb_post_title_1_tb_body et_pb_bg_layout_light et_pb_text_align_left">
<div class="et_pb_title_container"></div>
</div>
<div class="et_pb_module et_pb_post_content et_pb_post_content_0_tb_body">
<div class="et_pb_module et_pb_post_title et_pb_post_title_1_tb_body et_pb_bg_layout_light et_pb_text_align_left">
<div class="et_pb_title_container">
<h1 class="entry-title" data-wahfont="32">Film Club: the choir</h1>
</div>
</div>
<div class="et_pb_module et_pb_post_content et_pb_post_content_0_tb_body">
<p data-wahfont="16">English historical drama with subtitles, 112 minutes, 2025<br />
R.: Nicholas Hytner<br />
A: Ralph Fiennes, Mark Addy</p>
<p data-wahfont="16">In 1916, the choir in the Yorkshire town of Ramsden loses almost all its male members to conscription. Despite the difficulties, the choir's management wants to continue working together: they decide to recruit young men from the local area who are not eligible for the draft because of their age. The young men are joined by a new choirmaster: the intransigent, self-possessed, and oddly methodical Dr. Henry Guthrie (Ralph Fiennes). As the draft warrants come in, the whole community realizes that the best defense against the chaos that is disrupting their lives is to play music together.</p>
<p data-wahfont="16">Age limit: 16 years<br />
Admission: 2000 Ft</p>
<p data-wahfont="16">Discounted season tickets are available at our ticket office!</p>
</div>
</div>
</div>
</div>
</div>
</div>
</div>
</div>
</div>
</div>
</div>
</div>
</div>
</div>
</div>
</div>
</div>
</div>
</div>
</div>
</div>

<img class="wp-image-17890 aligncenter" src="https://agoraveszprem.hu/wp-content/uploads/2024/04/ferfi-hajomakettet-tart-a-kezeben-300x171.jpg" alt="" width="504" height="287" />

 

Svájci-dán vígjáték eredeti nyelven magyar felirattal, 92 perc, 2022<br class="html-br" />Rendezte: Barbara Kulcsar<br class="html-br" />Szereplők: Esther Gemsch, Stefan Kurt, Ueli Jäggi, Gundi Ellert

Az Aranyéveink című svájci vígjáték egy frissen nyugdíjba vonuló házaspár újrakezdésének történetét dolgozza fel, bájos humorral, mély együttérzéssel, könnyedsége ellenére is fontos, mindannyiunkat érintő kérdésekkel. A magyar származású svájci rendező, Barbara Kulcsar filmje Svájcban közönségkedvenc volt, de a német nézők szívét is meghódította. (JUNO11)

Korhatár: 16 év
Belépődíj: 1300 Ft
