{"id":47804,"date":"2026-05-27T13:30:33","date_gmt":"2026-05-27T12:30:33","guid":{"rendered":"https:\/\/agoraveszprem.hu\/termek\/"},"modified":"2026-06-08T10:34:39","modified_gmt":"2026-06-08T09:34:39","slug":"furcsa-par-noi-valtozat-2026-06-09","status":"publish","type":"product","link":"https:\/\/agoraveszprem.hu\/eng\/product\/furcsa-par-noi-valtozat-2026-06-09\/","title":{"rendered":"Registration ticket: FURCSA P\u00c1R - FEMALE CHOICE 2026.06. 09. tuesday 19 h"},"content":{"rendered":"<p><img loading=\"lazy\" decoding=\"async\" class=\"alignnone size-full wp-image-49222\" src=\"https:\/\/agoraveszprem.hu\/wp-content\/uploads\/2026\/05\/furcsa-FB-masolat.jpg\" alt=\"\" width=\"1400\" height=\"800\" srcset=\"https:\/\/agoraveszprem.hu\/wp-content\/uploads\/2026\/05\/furcsa-FB-masolat.jpg 1400w, https:\/\/agoraveszprem.hu\/wp-content\/uploads\/2026\/05\/furcsa-FB-masolat-1280x731.jpg 1280w, https:\/\/agoraveszprem.hu\/wp-content\/uploads\/2026\/05\/furcsa-FB-masolat-980x560.jpg 980w, https:\/\/agoraveszprem.hu\/wp-content\/uploads\/2026\/05\/furcsa-FB-masolat-480x274.jpg 480w\" sizes=\"(min-width: 0px) and (max-width: 480px) 480px, (min-width: 481px) and (max-width: 980px) 980px, (min-width: 981px) and (max-width: 1280px) 1280px, (min-width: 1281px) 1400px, 100vw\" \/><\/p>\n<div class=\"et_pb_module et_pb_post_content et_pb_post_content_0_tb_body\">\n<div class=\"et_pb_module et_pb_post_content et_pb_post_content_0_tb_body\">\n<div class=\"et_pb_module et_pb_post_content et_pb_post_content_0_tb_body\">\n<div class=\"et_pb_module et_pb_post_content et_pb_post_content_0_tb_body\">\n<div class=\"et_pb_module et_pb_post_content et_pb_post_content_0_tb_body\">\n<div class=\"et_pb_module et_pb_post_content et_pb_post_content_0_tb_body\">\n<div class=\"et_pb_module et_pb_post_content et_pb_post_content_0_tb_body\">\n<div class=\"et_pb_module et_pb_post_content et_pb_post_content_0_tb_body\">\n<div class=\"et_pb_module et_pb_post_content et_pb_post_content_0_tb_body\">\n<div class=\"et_pb_module et_pb_post_content et_pb_post_content_0_tb_body\">\n<div class=\"et_pb_module et_pb_post_content et_pb_post_content_0_tb_body\">\n<div class=\"et_pb_module et_pb_post_content et_pb_post_content_0_tb_body\">\n<div class=\"et_pb_module et_pb_post_content et_pb_post_content_0_tb_body\">\n<div class=\"et_pb_module et_pb_post_content et_pb_post_content_0_tb_body\">\n<div class=\"et_pb_module et_pb_post_content et_pb_post_content_0_tb_body\">\n<div class=\"et_pb_module et_pb_post_content et_pb_post_content_0_tb_body\">\n<div class=\"et_pb_module et_pb_post_content et_pb_post_content_0_tb_body\">\n<div class=\"et_pb_module et_pb_post_content et_pb_post_content_0_tb_body\">\n<div class=\"et_pb_module et_pb_post_content et_pb_post_content_0_tb_body\">\n<div class=\"et_pb_module et_pb_post_content et_pb_post_content_0_tb_body\">\n<div class=\"et_pb_module et_pb_post_content et_pb_post_content_0_tb_body\">\n<div class=\"et_pb_module et_pb_post_content et_pb_post_content_0_tb_body\">\n<div class=\"et_pb_module et_pb_post_title et_pb_post_title_1_tb_body et_pb_bg_layout_light et_pb_text_align_left\">\n<div class=\"et_pb_title_container\"><\/div>\n<\/div>\n<div class=\"et_pb_module et_pb_post_content et_pb_post_content_0_tb_body\">\n<div class=\"et_pb_module et_pb_post_title et_pb_post_title_1_tb_body et_pb_bg_layout_light et_pb_text_align_left\">\n<div class=\"et_pb_title_container\">\n<h1 class=\"entry-title\" data-wahfont=\"26\">SOLD OUT! THE STRANGE COUPLE \u2013 WOMEN\u2019S VERSION<\/h1>\n<\/div>\n<\/div>\n<div class=\"et_pb_module et_pb_post_content et_pb_post_content_0_tb_body\">\n<p class=\"wp-block-paragraph\" data-wahfont=\"14\"><strong>comedy in two parts<\/strong><\/p>\n<p data-wahfont=\"14\"><strong>All tickets for the performance are sold out!<\/strong><\/p>\n<p data-wahfont=\"14\">Two good friends who move in together - but can living together work when they're complete opposites? The female version of Neil Simon's classic takes the audience to New York in the last century, into the middle of a large group of friends, and tells a story of friendship and acceptance with hilarious humour. A performance by the adult group of the Podium Theatre Company.<\/p>\n<p class=\"wp-block-paragraph\" data-wahfont=\"14\"><strong>Cast<\/strong><br \/>\nOlive Madison, News Editor - Anna Piedl<br \/>\nFlorence Unger, ex-accountant - Szabina Veszpr\u00e9mi<br \/>\nMickey, policewoman - Bubor Barbara<br \/>\nRenee, the cold - Mosonyi Emese<br \/>\nVera, the limited - B\u00e1nyai Melinda<br \/>\nSylvie the chain-smoker - Lili Csavera<br \/>\nManolo Costazuela - Kriszti\u00e1n Fogl<br \/>\nJesus Costazuela - Attila Hajagos-T\u00f3th<\/p>\n<p class=\"wp-block-paragraph\" data-wahfont=\"14\"><strong>Admission is free, but registration is required!<\/strong><\/p>\n<\/div>\n<\/div>\n<\/div>\n<\/div>\n<\/div>\n<\/div>\n<\/div>\n<\/div>\n<\/div>\n<\/div>\n<\/div>\n<\/div>\n<\/div>\n<\/div>\n<\/div>\n<\/div>\n<\/div>\n<\/div>\n<\/div>\n<\/div>\n<\/div>\n<\/div>\n<\/div>\n<\/div>","protected":false},"excerpt":{"rendered":"<p>09 June 2026 Tuesday 19.00 - 21.00<\/p>\n<p>Online or on-site ticket price: 0 HUF<\/p>\n<p>Reservations are made on a first-come, first-served basis.<\/p>","protected":false},"featured_media":32045,"template":"","meta":{"_et_pb_use_builder":"off","_et_pb_old_content":"<img class=\"wp-image-17890 aligncenter\" src=\"https:\/\/agoraveszprem.hu\/wp-content\/uploads\/2024\/04\/ferfi-hajomakettet-tart-a-kezeben-300x171.jpg\" alt=\"\" width=\"504\" height=\"287\" \/>\r\n\r\n\u00a0\r\n\r\nSv\u00e1jci-d\u00e1n v\u00edgj\u00e1t\u00e9k eredeti nyelven magyar felirattal, 92 perc, 2022<br class=\"html-br\" \/>Rendezte: Barbara Kulcsar<br class=\"html-br\" \/>Szerepl\u0151k: Esther Gemsch, Stefan Kurt, Ueli J\u00e4ggi, Gundi Ellert\r\n\r\nAz Arany\u00e9veink c\u00edm\u0171 sv\u00e1jci v\u00edgj\u00e1t\u00e9k egy frissen nyugd\u00edjba vonul\u00f3 h\u00e1zasp\u00e1r \u00fajrakezd\u00e9s\u00e9nek t\u00f6rt\u00e9net\u00e9t dolgozza fel, b\u00e1jos humorral, m\u00e9ly egy\u00fctt\u00e9rz\u00e9ssel, k\u00f6nnyeds\u00e9ge ellen\u00e9re is fontos, mindannyiunkat \u00e9rint\u0151 k\u00e9rd\u00e9sekkel. A magyar sz\u00e1rmaz\u00e1s\u00fa sv\u00e1jci rendez\u0151, Barbara Kulcsar filmje Sv\u00e1jcban k\u00f6z\u00f6ns\u00e9gkedvenc volt, de a n\u00e9met n\u00e9z\u0151k sz\u00edv\u00e9t is megh\u00f3d\u00edtotta. (JUNO11)\r\n\r\nKorhat\u00e1r: 16 \u00e9v\r\nBel\u00e9p\u0151d\u00edj: 1300 Ft","_et_gb_content_width":""},"product_brand":[],"product_cat":[39],"product_tag":[],"class_list":["post-47804","product","type-product","status-publish","has-post-thumbnail","product_cat-eticket","first","outofstock","virtual","taxable","purchasable","product-type-simple"],"_links":{"self":[{"href":"https:\/\/agoraveszprem.hu\/eng\/wp-json\/wp\/v2\/product\/47804","targetHints":{"allow":["GET"]}}],"collection":[{"href":"https:\/\/agoraveszprem.hu\/eng\/wp-json\/wp\/v2\/product"}],"about":[{"href":"https:\/\/agoraveszprem.hu\/eng\/wp-json\/wp\/v2\/types\/product"}],"wp:featuredmedia":[{"embeddable":true,"href":"https:\/\/agoraveszprem.hu\/eng\/wp-json\/wp\/v2\/media\/32045"}],"wp:attachment":[{"href":"https:\/\/agoraveszprem.hu\/eng\/wp-json\/wp\/v2\/media?parent=47804"}],"wp:term":[{"taxonomy":"product_brand","embeddable":true,"href":"https:\/\/agoraveszprem.hu\/eng\/wp-json\/wp\/v2\/product_brand?post=47804"},{"taxonomy":"product_cat","embeddable":true,"href":"https:\/\/agoraveszprem.hu\/eng\/wp-json\/wp\/v2\/product_cat?post=47804"},{"taxonomy":"product_tag","embeddable":true,"href":"https:\/\/agoraveszprem.hu\/eng\/wp-json\/wp\/v2\/product_tag?post=47804"}],"curies":[{"name":"wp","href":"https:\/\/api.w.org\/{rel}","templated":true}]}}

Registration ticket: FURCSA PÁR - FEMALE CHOICE 2026.06. 09. tuesday 19 h

<p><img loading="lazy" decoding="async" class="alignnone size-full wp-image-49222" src="https://agoraveszprem.hu/wp-content/uploads/2026/05/furcsa-FB-masolat.jpg" alt="" width="1400" height="800" srcset="https://agoraveszprem.hu/wp-content/uploads/2026/05/furcsa-FB-masolat.jpg 1400w, https://agoraveszprem.hu/wp-content/uploads/2026/05/furcsa-FB-masolat-1280x731.jpg 1280w, https://agoraveszprem.hu/wp-content/uploads/2026/05/furcsa-FB-masolat-980x560.jpg 980w, https://agoraveszprem.hu/wp-content/uploads/2026/05/furcsa-FB-masolat-480x274.jpg 480w" sizes="(min-width: 0px) and (max-width: 480px) 480px, (min-width: 481px) and (max-width: 980px) 980px, (min-width: 981px) and (max-width: 1280px) 1280px, (min-width: 1281px) 1400px, 100vw" /></p>
<div class="et_pb_module et_pb_post_content et_pb_post_content_0_tb_body">
<div class="et_pb_module et_pb_post_content et_pb_post_content_0_tb_body">
<div class="et_pb_module et_pb_post_content et_pb_post_content_0_tb_body">
<div class="et_pb_module et_pb_post_content et_pb_post_content_0_tb_body">
<div class="et_pb_module et_pb_post_content et_pb_post_content_0_tb_body">
<div class="et_pb_module et_pb_post_content et_pb_post_content_0_tb_body">
<div class="et_pb_module et_pb_post_content et_pb_post_content_0_tb_body">
<div class="et_pb_module et_pb_post_content et_pb_post_content_0_tb_body">
<div class="et_pb_module et_pb_post_content et_pb_post_content_0_tb_body">
<div class="et_pb_module et_pb_post_content et_pb_post_content_0_tb_body">
<div class="et_pb_module et_pb_post_content et_pb_post_content_0_tb_body">
<div class="et_pb_module et_pb_post_content et_pb_post_content_0_tb_body">
<div class="et_pb_module et_pb_post_content et_pb_post_content_0_tb_body">
<div class="et_pb_module et_pb_post_content et_pb_post_content_0_tb_body">
<div class="et_pb_module et_pb_post_content et_pb_post_content_0_tb_body">
<div class="et_pb_module et_pb_post_content et_pb_post_content_0_tb_body">
<div class="et_pb_module et_pb_post_content et_pb_post_content_0_tb_body">
<div class="et_pb_module et_pb_post_content et_pb_post_content_0_tb_body">
<div class="et_pb_module et_pb_post_content et_pb_post_content_0_tb_body">
<div class="et_pb_module et_pb_post_content et_pb_post_content_0_tb_body">
<div class="et_pb_module et_pb_post_content et_pb_post_content_0_tb_body">
<div class="et_pb_module et_pb_post_content et_pb_post_content_0_tb_body">
<div class="et_pb_module et_pb_post_title et_pb_post_title_1_tb_body et_pb_bg_layout_light et_pb_text_align_left">
<div class="et_pb_title_container"></div>
</div>
<div class="et_pb_module et_pb_post_content et_pb_post_content_0_tb_body">
<div class="et_pb_module et_pb_post_title et_pb_post_title_1_tb_body et_pb_bg_layout_light et_pb_text_align_left">
<div class="et_pb_title_container">
<h1 class="entry-title" data-wahfont="26">SOLD OUT! THE STRANGE COUPLE – WOMEN’S VERSION</h1>
</div>
</div>
<div class="et_pb_module et_pb_post_content et_pb_post_content_0_tb_body">
<p class="wp-block-paragraph" data-wahfont="14"><strong>comedy in two parts</strong></p>
<p data-wahfont="14"><strong>All tickets for the performance are sold out!</strong></p>
<p data-wahfont="14">Two good friends who move in together - but can living together work when they're complete opposites? The female version of Neil Simon's classic takes the audience to New York in the last century, into the middle of a large group of friends, and tells a story of friendship and acceptance with hilarious humour. A performance by the adult group of the Podium Theatre Company.</p>
<p class="wp-block-paragraph" data-wahfont="14"><strong>Cast</strong><br />
Olive Madison, News Editor - Anna Piedl<br />
Florence Unger, ex-accountant - Szabina Veszprémi<br />
Mickey, policewoman - Bubor Barbara<br />
Renee, the cold - Mosonyi Emese<br />
Vera, the limited - Bányai Melinda<br />
Sylvie the chain-smoker - Lili Csavera<br />
Manolo Costazuela - Krisztián Fogl<br />
Jesus Costazuela - Attila Hajagos-Tóth</p>
<p class="wp-block-paragraph" data-wahfont="14"><strong>Admission is free, but registration is required!</strong></p>
</div>
</div>
</div>
</div>
</div>
</div>
</div>
</div>
</div>
</div>
</div>
</div>
</div>
</div>
</div>
</div>
</div>
</div>
</div>
</div>
</div>
</div>
</div>
</div>

<img class="wp-image-17890 aligncenter" src="https://agoraveszprem.hu/wp-content/uploads/2024/04/ferfi-hajomakettet-tart-a-kezeben-300x171.jpg" alt="" width="504" height="287" />

 

Svájci-dán vígjáték eredeti nyelven magyar felirattal, 92 perc, 2022<br class="html-br" />Rendezte: Barbara Kulcsar<br class="html-br" />Szereplők: Esther Gemsch, Stefan Kurt, Ueli Jäggi, Gundi Ellert

Az Aranyéveink című svájci vígjáték egy frissen nyugdíjba vonuló házaspár újrakezdésének történetét dolgozza fel, bájos humorral, mély együttérzéssel, könnyedsége ellenére is fontos, mindannyiunkat érintő kérdésekkel. A magyar származású svájci rendező, Barbara Kulcsar filmje Svájcban közönségkedvenc volt, de a német nézők szívét is meghódította. (JUNO11)

Korhatár: 16 év
Belépődíj: 1300 Ft
