{"id":49368,"date":"2026-06-10T09:28:31","date_gmt":"2026-06-10T08:28:31","guid":{"rendered":"https:\/\/agoraveszprem.hu\/termek\/"},"modified":"2026-08-30T10:21:48","modified_gmt":"2026-08-30T09:21:48","slug":"fust-pokorny-lia-est-2026-10-29","status":"publish","type":"product","link":"https:\/\/agoraveszprem.hu\/eng\/product\/fust-pokorny-lia-est-2026-10-29\/","title":{"rendered":"F\u00dcST \u2013 Lia Pokorny\u2019s light-hearted musical evening Thursday 29 October 2026, 7 pm"},"content":{"rendered":"<p><img loading=\"lazy\" decoding=\"async\" class=\"size-full wp-image-49369\" src=\"https:\/\/agoraveszprem.hu\/wp-content\/uploads\/2026\/06\/FUST_Pokorni-Lia-Fb.jpg\" alt=\"F\u00dcST_Pokorni Lia\" width=\"1400\" height=\"800\" srcset=\"https:\/\/agoraveszprem.hu\/wp-content\/uploads\/2026\/06\/FUST_Pokorni-Lia-Fb.jpg 1400w, https:\/\/agoraveszprem.hu\/wp-content\/uploads\/2026\/06\/FUST_Pokorni-Lia-Fb-1280x731.jpg 1280w, https:\/\/agoraveszprem.hu\/wp-content\/uploads\/2026\/06\/FUST_Pokorni-Lia-Fb-980x560.jpg 980w, https:\/\/agoraveszprem.hu\/wp-content\/uploads\/2026\/06\/FUST_Pokorni-Lia-Fb-480x274.jpg 480w\" sizes=\"(min-width: 0px) and (max-width: 480px) 480px, (min-width: 481px) and (max-width: 980px) 980px, (min-width: 981px) and (max-width: 1280px) 1280px, (min-width: 1281px) 1400px, 100vw\" \/><\/p>\n<div class=\"et_pb_module et_pb_post_content et_pb_post_content_0_tb_body\">\n<div class=\"et_pb_module et_pb_post_content et_pb_post_content_0_tb_body\">\n<div class=\"et_pb_module et_pb_post_content et_pb_post_content_0_tb_body\">\n<div class=\"et_pb_module et_pb_post_content et_pb_post_content_0_tb_body\">\n<div class=\"et_pb_module et_pb_post_content et_pb_post_content_0_tb_body\">\n<div class=\"et_pb_module et_pb_post_content et_pb_post_content_0_tb_body\">\n<div class=\"et_pb_module et_pb_post_content et_pb_post_content_0_tb_body\">\n<div class=\"et_pb_module et_pb_post_content et_pb_post_content_0_tb_body\">\n<div class=\"et_pb_module et_pb_post_content et_pb_post_content_0_tb_body\">\n<div class=\"et_pb_module et_pb_post_content et_pb_post_content_0_tb_body\">\n<div class=\"et_pb_module et_pb_post_content et_pb_post_content_0_tb_body\">\n<div class=\"et_pb_module et_pb_post_content et_pb_post_content_0_tb_body\">\n<div class=\"et_pb_module et_pb_post_content et_pb_post_content_0_tb_body\">\n<div class=\"et_pb_module et_pb_post_content et_pb_post_content_0_tb_body\">\n<div class=\"et_pb_module et_pb_post_content et_pb_post_content_0_tb_body\">\n<div class=\"et_pb_module et_pb_post_content et_pb_post_content_0_tb_body\">\n<div class=\"et_pb_module et_pb_post_content et_pb_post_content_0_tb_body\">\n<div class=\"et_pb_module et_pb_post_content et_pb_post_content_0_tb_body\">\n<div class=\"et_pb_module et_pb_post_content et_pb_post_content_0_tb_body\">\n<div class=\"et_pb_module et_pb_post_content et_pb_post_content_0_tb_body\">\n<div class=\"et_pb_module et_pb_post_content et_pb_post_content_0_tb_body\">\n<div class=\"et_pb_module et_pb_post_content et_pb_post_content_0_tb_body\">\n<div class=\"et_pb_module et_pb_post_title et_pb_post_title_1_tb_body et_pb_bg_layout_light et_pb_text_align_left\"><\/div>\n<div class=\"et_pb_module et_pb_post_content et_pb_post_content_0_tb_body\">\n<div class=\"et_pb_module et_pb_post_content et_pb_post_content_0_tb_body\">\n<div class=\"et_pb_module et_pb_post_title et_pb_post_title_1_tb_body et_pb_bg_layout_light et_pb_text_align_left\">\n<div class=\"et_pb_title_container\">\n<h1 class=\"entry-title\" data-wahfont=\"32\">F\u00dcST \u2013 Lia Pokorny\u2019s light-hearted musical evening<\/h1>\n<\/div>\n<\/div>\n<div class=\"et_pb_module et_pb_post_content et_pb_post_content_0_tb_body\">\n<p class=\"wp-block-paragraph\" data-wahfont=\"16\">Piano accompaniment by: Zsuzsanna Gr\u00f3sz<\/p>\n<p>It might rise from the glowing ember of a cigarette, or come into being amidst the crackling of a burning pile of leaves on a damp autumn afternoon. It might drift into the sky, sooty<br \/>\nboth as the ominous consequence of the weight of the chimneys, and as the child of a wisp of incense that warms the gentle soul.<br \/>\nIt envelops us, wraps us up, affects our senses, then dissipates. Seemingly without a trace, yet it lingers in our pores, almost tickling the skin,<br \/>\nand we feel its effects for a long time to come. It can bring a sense of euphoria, overwhelming emotions, sensuality and a deeply peaceful intimacy all at once.<br \/>\nJust like music\u2026<br \/>\nLia Pokorny\u2019s musical performance was also inspired by this duality. Well-known songs with an exciting, sensual atmosphere, set to ethereal piano accompaniment,<br \/>\nbuilt on original and humorous narrative interludes and the smoky voice that accompanies each song. A voice that at times scratches, at times gently caresses, guiding the listener through the chords of the performance.<br \/>\nThe atmosphere is guaranteed by, among others, tributes to Ella Fitzgerald, Gershwin, Edith Piaf, Nat King Cole, Gy\u00f6rgy G. D\u00e9nes and Zsuzsa Cserh\u00e1ti.<\/p>\n<p class=\"wp-block-paragraph\" data-wahfont=\"16\">The performance lasts 70 minutes without an interval<\/p>\n<p class=\"wp-block-paragraph\" data-wahfont=\"16\">Admission: 5.900 HUF<\/p>\n<\/div>\n<\/div>\n<\/div>\n<\/div>\n<\/div>\n<\/div>\n<\/div>\n<\/div>\n<\/div>\n<\/div>\n<\/div>\n<\/div>\n<\/div>\n<\/div>\n<\/div>\n<\/div>\n<\/div>\n<\/div>\n<\/div>\n<\/div>\n<\/div>\n<\/div>\n<\/div>\n<\/div>\n<\/div>","protected":false},"excerpt":{"rendered":"<p>Thursday 29 October 2026, 7.00 pm \u2013 8.15 pm<\/p>\n<p>Online or on site ticket price: 5900 HUF<\/p>\n            <button class=\"tc_seating_map_button\" data-seating-map-id=\"49372\" data-show_legend=\"true\" data-button_title=\"\u00dcl\u0151hely v\u00e1laszt\u00e1sa\" data-subtotal_title=\"\u00d6sszesen\" data-cart_title=\"Kos\u00e1r\">Choice of seat<\/button>","protected":false},"featured_media":32046,"template":"","meta":{"_et_pb_use_builder":"off","_et_pb_old_content":"<img class=\"wp-image-17890 aligncenter\" src=\"https:\/\/agoraveszprem.hu\/wp-content\/uploads\/2024\/04\/ferfi-hajomakettet-tart-a-kezeben-300x171.jpg\" alt=\"\" width=\"504\" height=\"287\" \/>\r\n\r\n\u00a0\r\n\r\nSv\u00e1jci-d\u00e1n v\u00edgj\u00e1t\u00e9k eredeti nyelven magyar felirattal, 92 perc, 2022<br class=\"html-br\" \/>Rendezte: Barbara Kulcsar<br class=\"html-br\" \/>Szerepl\u0151k: Esther Gemsch, Stefan Kurt, Ueli J\u00e4ggi, Gundi Ellert\r\n\r\nAz Arany\u00e9veink c\u00edm\u0171 sv\u00e1jci v\u00edgj\u00e1t\u00e9k egy frissen nyugd\u00edjba vonul\u00f3 h\u00e1zasp\u00e1r \u00fajrakezd\u00e9s\u00e9nek t\u00f6rt\u00e9net\u00e9t dolgozza fel, b\u00e1jos humorral, m\u00e9ly egy\u00fctt\u00e9rz\u00e9ssel, k\u00f6nnyeds\u00e9ge ellen\u00e9re is fontos, mindannyiunkat \u00e9rint\u0151 k\u00e9rd\u00e9sekkel. A magyar sz\u00e1rmaz\u00e1s\u00fa sv\u00e1jci rendez\u0151, Barbara Kulcsar filmje Sv\u00e1jcban k\u00f6z\u00f6ns\u00e9gkedvenc volt, de a n\u00e9met n\u00e9z\u0151k sz\u00edv\u00e9t is megh\u00f3d\u00edtotta. (JUNO11)\r\n\r\nKorhat\u00e1r: 16 \u00e9v\r\nBel\u00e9p\u0151d\u00edj: 1300 Ft","_et_gb_content_width":""},"product_brand":[],"product_cat":[39],"product_tag":[],"class_list":["post-49368","product","type-product","status-publish","has-post-thumbnail","product_cat-eticket","first","instock","virtual","taxable","purchasable","product-type-simple"],"_links":{"self":[{"href":"https:\/\/agoraveszprem.hu\/eng\/wp-json\/wp\/v2\/product\/49368","targetHints":{"allow":["GET"]}}],"collection":[{"href":"https:\/\/agoraveszprem.hu\/eng\/wp-json\/wp\/v2\/product"}],"about":[{"href":"https:\/\/agoraveszprem.hu\/eng\/wp-json\/wp\/v2\/types\/product"}],"wp:featuredmedia":[{"embeddable":true,"href":"https:\/\/agoraveszprem.hu\/eng\/wp-json\/wp\/v2\/media\/32046"}],"wp:attachment":[{"href":"https:\/\/agoraveszprem.hu\/eng\/wp-json\/wp\/v2\/media?parent=49368"}],"wp:term":[{"taxonomy":"product_brand","embeddable":true,"href":"https:\/\/agoraveszprem.hu\/eng\/wp-json\/wp\/v2\/product_brand?post=49368"},{"taxonomy":"product_cat","embeddable":true,"href":"https:\/\/agoraveszprem.hu\/eng\/wp-json\/wp\/v2\/product_cat?post=49368"},{"taxonomy":"product_tag","embeddable":true,"href":"https:\/\/agoraveszprem.hu\/eng\/wp-json\/wp\/v2\/product_tag?post=49368"}],"curies":[{"name":"wp","href":"https:\/\/api.w.org\/{rel}","templated":true}]}}

FÜST – Lia Pokorny’s light-hearted musical evening Thursday 29 October 2026, 7 pm

<p><img loading="lazy" decoding="async" class="size-full wp-image-49369" src="https://agoraveszprem.hu/wp-content/uploads/2026/06/FUST_Pokorni-Lia-Fb.jpg" alt="FÜST_Pokorni Lia" width="1400" height="800" srcset="https://agoraveszprem.hu/wp-content/uploads/2026/06/FUST_Pokorni-Lia-Fb.jpg 1400w, https://agoraveszprem.hu/wp-content/uploads/2026/06/FUST_Pokorni-Lia-Fb-1280x731.jpg 1280w, https://agoraveszprem.hu/wp-content/uploads/2026/06/FUST_Pokorni-Lia-Fb-980x560.jpg 980w, https://agoraveszprem.hu/wp-content/uploads/2026/06/FUST_Pokorni-Lia-Fb-480x274.jpg 480w" sizes="(min-width: 0px) and (max-width: 480px) 480px, (min-width: 481px) and (max-width: 980px) 980px, (min-width: 981px) and (max-width: 1280px) 1280px, (min-width: 1281px) 1400px, 100vw" /></p>
<div class="et_pb_module et_pb_post_content et_pb_post_content_0_tb_body">
<div class="et_pb_module et_pb_post_content et_pb_post_content_0_tb_body">
<div class="et_pb_module et_pb_post_content et_pb_post_content_0_tb_body">
<div class="et_pb_module et_pb_post_content et_pb_post_content_0_tb_body">
<div class="et_pb_module et_pb_post_content et_pb_post_content_0_tb_body">
<div class="et_pb_module et_pb_post_content et_pb_post_content_0_tb_body">
<div class="et_pb_module et_pb_post_content et_pb_post_content_0_tb_body">
<div class="et_pb_module et_pb_post_content et_pb_post_content_0_tb_body">
<div class="et_pb_module et_pb_post_content et_pb_post_content_0_tb_body">
<div class="et_pb_module et_pb_post_content et_pb_post_content_0_tb_body">
<div class="et_pb_module et_pb_post_content et_pb_post_content_0_tb_body">
<div class="et_pb_module et_pb_post_content et_pb_post_content_0_tb_body">
<div class="et_pb_module et_pb_post_content et_pb_post_content_0_tb_body">
<div class="et_pb_module et_pb_post_content et_pb_post_content_0_tb_body">
<div class="et_pb_module et_pb_post_content et_pb_post_content_0_tb_body">
<div class="et_pb_module et_pb_post_content et_pb_post_content_0_tb_body">
<div class="et_pb_module et_pb_post_content et_pb_post_content_0_tb_body">
<div class="et_pb_module et_pb_post_content et_pb_post_content_0_tb_body">
<div class="et_pb_module et_pb_post_content et_pb_post_content_0_tb_body">
<div class="et_pb_module et_pb_post_content et_pb_post_content_0_tb_body">
<div class="et_pb_module et_pb_post_content et_pb_post_content_0_tb_body">
<div class="et_pb_module et_pb_post_content et_pb_post_content_0_tb_body">
<div class="et_pb_module et_pb_post_title et_pb_post_title_1_tb_body et_pb_bg_layout_light et_pb_text_align_left"></div>
<div class="et_pb_module et_pb_post_content et_pb_post_content_0_tb_body">
<div class="et_pb_module et_pb_post_content et_pb_post_content_0_tb_body">
<div class="et_pb_module et_pb_post_title et_pb_post_title_1_tb_body et_pb_bg_layout_light et_pb_text_align_left">
<div class="et_pb_title_container">
<h1 class="entry-title" data-wahfont="32">FÜST – Lia Pokorny’s light-hearted musical evening</h1>
</div>
</div>
<div class="et_pb_module et_pb_post_content et_pb_post_content_0_tb_body">
<p class="wp-block-paragraph" data-wahfont="16">Piano accompaniment by: Zsuzsanna Grósz</p>
<p>It might rise from the glowing ember of a cigarette, or come into being amidst the crackling of a burning pile of leaves on a damp autumn afternoon. It might drift into the sky, sooty<br />
both as the ominous consequence of the weight of the chimneys, and as the child of a wisp of incense that warms the gentle soul.<br />
It envelops us, wraps us up, affects our senses, then dissipates. Seemingly without a trace, yet it lingers in our pores, almost tickling the skin,<br />
and we feel its effects for a long time to come. It can bring a sense of euphoria, overwhelming emotions, sensuality and a deeply peaceful intimacy all at once.<br />
Just like music…<br />
Lia Pokorny’s musical performance was also inspired by this duality. Well-known songs with an exciting, sensual atmosphere, set to ethereal piano accompaniment,<br />
built on original and humorous narrative interludes and the smoky voice that accompanies each song. A voice that at times scratches, at times gently caresses, guiding the listener through the chords of the performance.<br />
The atmosphere is guaranteed by, among others, tributes to Ella Fitzgerald, Gershwin, Edith Piaf, Nat King Cole, György G. Dénes and Zsuzsa Cserháti.</p>
<p class="wp-block-paragraph" data-wahfont="16">The performance lasts 70 minutes without an interval</p>
<p class="wp-block-paragraph" data-wahfont="16">Admission: 5.900 HUF</p>
</div>
</div>
</div>
</div>
</div>
</div>
</div>
</div>
</div>
</div>
</div>
</div>
</div>
</div>
</div>
</div>
</div>
</div>
</div>
</div>
</div>
</div>
</div>
</div>
</div>

<p>Thursday 29 October 2026, 7.00 pm – 8.15 pm</p>
<p>Online or on site ticket price: 5900 HUF</p>
            <button class="tc_seating_map_button" data-seating-map-id="49372" data-show_legend="true" data-button_title="Ülőhely választása" data-subtotal_title="Összesen" data-cart_title="Kosár">Choice of seat</button>

<img class="wp-image-17890 aligncenter" src="https://agoraveszprem.hu/wp-content/uploads/2024/04/ferfi-hajomakettet-tart-a-kezeben-300x171.jpg" alt="" width="504" height="287" />

 

Svájci-dán vígjáték eredeti nyelven magyar felirattal, 92 perc, 2022<br class="html-br" />Rendezte: Barbara Kulcsar<br class="html-br" />Szereplők: Esther Gemsch, Stefan Kurt, Ueli Jäggi, Gundi Ellert

Az Aranyéveink című svájci vígjáték egy frissen nyugdíjba vonuló házaspár újrakezdésének történetét dolgozza fel, bájos humorral, mély együttérzéssel, könnyedsége ellenére is fontos, mindannyiunkat érintő kérdésekkel. A magyar származású svájci rendező, Barbara Kulcsar filmje Svájcban közönségkedvenc volt, de a német nézők szívét is meghódította. (JUNO11)

Korhatár: 16 év
Belépődíj: 1300 Ft
