{"id":49426,"date":"2026-06-19T09:32:17","date_gmt":"2026-06-19T08:32:17","guid":{"rendered":"https:\/\/agoraveszprem.hu\/termek\/"},"modified":"2026-07-30T08:09:48","modified_gmt":"2026-07-30T07:09:48","slug":"kolyokmozi-mumbo-jumbo-hatalmas-kalandja-2026-07-30","status":"publish","type":"product","link":"https:\/\/agoraveszprem.hu\/eng\/product\/kolyokmozi-mumbo-jumbo-hatalmas-kalandja-2026-07-30\/","title":{"rendered":"K\u00f6ly\u00f6kmozi: Mumbo Jumbo hatalmas kalandja 2026. 07. 30. cs\u00fct\u00f6rt\u00f6k 10 \u00f3ra"},"content":{"rendered":"<p><img loading=\"lazy\" decoding=\"async\" class=\"size-full wp-image-49421 aligncenter\" src=\"https:\/\/agoraveszprem.hu\/wp-content\/uploads\/2026\/06\/Mumbo-Jumbo-FB.jpg\" alt=\"Mumbo Jumbo FB\" width=\"1200\" height=\"628\" srcset=\"https:\/\/agoraveszprem.hu\/wp-content\/uploads\/2026\/06\/Mumbo-Jumbo-FB.jpg 1200w, https:\/\/agoraveszprem.hu\/wp-content\/uploads\/2026\/06\/Mumbo-Jumbo-FB-980x513.jpg 980w, https:\/\/agoraveszprem.hu\/wp-content\/uploads\/2026\/06\/Mumbo-Jumbo-FB-480x251.jpg 480w\" sizes=\"(min-width: 0px) and (max-width: 480px) 480px, (min-width: 481px) and (max-width: 980px) 980px, (min-width: 981px) 1200px, 100vw\" \/><\/p>\n<div class=\"et_pb_module et_pb_post_content et_pb_post_content_0_tb_body\">\n<div class=\"et_pb_module et_pb_post_content et_pb_post_content_0_tb_body\">\n<div class=\"et_pb_module et_pb_post_content et_pb_post_content_0_tb_body\">\n<div class=\"et_pb_module et_pb_post_content et_pb_post_content_0_tb_body\">\n<div class=\"et_pb_module et_pb_post_content et_pb_post_content_0_tb_body\">\n<div class=\"et_pb_module et_pb_post_content et_pb_post_content_0_tb_body\">\n<div class=\"et_pb_module et_pb_post_content et_pb_post_content_0_tb_body\">\n<div class=\"et_pb_module et_pb_post_content et_pb_post_content_0_tb_body\">\n<div class=\"et_pb_module et_pb_post_content et_pb_post_content_0_tb_body\">\n<div class=\"et_pb_module et_pb_post_content et_pb_post_content_0_tb_body\">\n<div class=\"et_pb_module et_pb_post_content et_pb_post_content_0_tb_body\">\n<div class=\"et_pb_module et_pb_post_content et_pb_post_content_0_tb_body\">\n<div class=\"et_pb_module et_pb_post_content et_pb_post_content_0_tb_body\">\n<div class=\"et_pb_module et_pb_post_content et_pb_post_content_0_tb_body\">\n<div class=\"et_pb_module et_pb_post_content et_pb_post_content_0_tb_body\">\n<div class=\"et_pb_module et_pb_post_content et_pb_post_content_0_tb_body\">\n<div class=\"et_pb_module et_pb_post_content et_pb_post_content_0_tb_body\">\n<div class=\"et_pb_module et_pb_post_content et_pb_post_content_0_tb_body\">\n<div class=\"et_pb_module et_pb_post_content et_pb_post_content_0_tb_body\">\n<div class=\"et_pb_module et_pb_post_content et_pb_post_content_0_tb_body\">\n<div class=\"et_pb_module et_pb_post_content et_pb_post_content_0_tb_body\">\n<div class=\"et_pb_module et_pb_post_content et_pb_post_content_0_tb_body\">\n<div class=\"et_pb_module et_pb_post_title et_pb_post_title_1_tb_body et_pb_bg_layout_light et_pb_text_align_left\">\n<div class=\"et_pb_title_container\"><\/div>\n<\/div>\n<div class=\"et_pb_module et_pb_post_content et_pb_post_content_0_tb_body\">\n<div class=\"et_pb_module et_pb_post_title et_pb_post_title_1_tb_body et_pb_bg_layout_light et_pb_text_align_left\">\n<div class=\"et_pb_title_container\"><\/div>\n<\/div>\n<div class=\"et_pb_module et_pb_post_content et_pb_post_content_0_tb_body\">\n<div class=\"et_pb_module et_pb_post_title et_pb_post_title_1_tb_body et_pb_bg_layout_light et_pb_text_align_left\">\n<div class=\"et_pb_title_container\">\n<h1 class=\"entry-title\" data-wahfont=\"32\">K\u00f6ly\u00f6kmozi: Mumbo Jumbo hatalmas kalandja<\/h1>\n<\/div>\n<\/div>\n<div class=\"et_pb_module et_pb_post_content et_pb_post_content_0_tb_body\">\n<p class=\"wp-block-paragraph\" data-wahfont=\"16\">Szinkroniz\u00e1lt d\u00e1n anim\u00e1ci\u00f3s, csal\u00e1di film, 83 perc, 2026<\/p>\n<p class=\"wp-block-paragraph\" data-wahfont=\"16\">A sikeres skandin\u00e1v gyerekk\u00f6nyvet feldolgoz\u00f3 anim\u00e1ci\u00f3s mes\u00e9ben, Mumbo Jumbo, a kis v\u00edzil\u00f3 var\u00e1zs\u00fct\u00e9sre hirtelen \u00f3ri\u00e1si m\u00e9ret\u0171re n\u0151, majd h\u00e1rom bar\u00e1tj\u00e1val egy\u00fctt kalandos \u00fatra indul, hogy megtal\u00e1lja a rettegett Baba Yaga boszork\u00e1nyt, aki k\u00e9pes visszav\u00e1ltoztatni a norm\u00e1l m\u00e9ret\u00e9re. Az izgalmas kaland v\u00e9g\u00e9re Mumbo Jumbo nemcsak visszakapja r\u00e9gi form\u00e1j\u00e1t, hanem bel\u00fcl sokkal er\u0151sebb\u00e9 \u00e9s \u00e9rettebb\u00e9 is v\u00e1lik. (ADS Service)<\/p>\n<p class=\"wp-block-paragraph\" data-wahfont=\"16\">Age limit: 6 years<br \/>\nEntrance fee: 1500 Ft<br \/>\nA h\u00e1rom vet\u00edt\u00e9sre kedvezm\u00e9nyes, 3000 Ft-os b\u00e9rlet v\u00e1lthat\u00f3!<\/p>\n<\/div>\n<\/div>\n<\/div>\n<\/div>\n<\/div>\n<\/div>\n<\/div>\n<\/div>\n<\/div>\n<\/div>\n<\/div>\n<\/div>\n<\/div>\n<\/div>\n<\/div>\n<\/div>\n<\/div>\n<\/div>\n<\/div>\n<\/div>\n<\/div>\n<\/div>\n<\/div>\n<\/div>\n<\/div>","protected":false},"excerpt":{"rendered":"<p>2026. j\u00falius 30. Cs\u00fct\u00f6rt\u00f6k 10.00 \u2013 11.30<\/p>\n<p>Online or on site ticket price: 1500 HUF<\/p>\n<p>Reservations are made on a first-come, first-served basis.<\/p>","protected":false},"featured_media":32043,"template":"","meta":{"_et_pb_use_builder":"off","_et_pb_old_content":"<img class=\"wp-image-17890 aligncenter\" src=\"https:\/\/agoraveszprem.hu\/wp-content\/uploads\/2024\/04\/ferfi-hajomakettet-tart-a-kezeben-300x171.jpg\" alt=\"\" width=\"504\" height=\"287\" \/>\r\n\r\n\u00a0\r\n\r\nSv\u00e1jci-d\u00e1n v\u00edgj\u00e1t\u00e9k eredeti nyelven magyar felirattal, 92 perc, 2022<br class=\"html-br\" \/>Rendezte: Barbara Kulcsar<br class=\"html-br\" \/>Szerepl\u0151k: Esther Gemsch, Stefan Kurt, Ueli J\u00e4ggi, Gundi Ellert\r\n\r\nAz Arany\u00e9veink c\u00edm\u0171 sv\u00e1jci v\u00edgj\u00e1t\u00e9k egy frissen nyugd\u00edjba vonul\u00f3 h\u00e1zasp\u00e1r \u00fajrakezd\u00e9s\u00e9nek t\u00f6rt\u00e9net\u00e9t dolgozza fel, b\u00e1jos humorral, m\u00e9ly egy\u00fctt\u00e9rz\u00e9ssel, k\u00f6nnyeds\u00e9ge ellen\u00e9re is fontos, mindannyiunkat \u00e9rint\u0151 k\u00e9rd\u00e9sekkel. A magyar sz\u00e1rmaz\u00e1s\u00fa sv\u00e1jci rendez\u0151, Barbara Kulcsar filmje Sv\u00e1jcban k\u00f6z\u00f6ns\u00e9gkedvenc volt, de a n\u00e9met n\u00e9z\u0151k sz\u00edv\u00e9t is megh\u00f3d\u00edtotta. (JUNO11)\r\n\r\nKorhat\u00e1r: 16 \u00e9v\r\nBel\u00e9p\u0151d\u00edj: 1300 Ft","_et_gb_content_width":""},"product_brand":[],"product_cat":[39],"product_tag":[],"class_list":["post-49426","product","type-product","status-publish","has-post-thumbnail","product_cat-eticket","first","instock","virtual","taxable","purchasable","product-type-simple"],"_links":{"self":[{"href":"https:\/\/agoraveszprem.hu\/eng\/wp-json\/wp\/v2\/product\/49426","targetHints":{"allow":["GET"]}}],"collection":[{"href":"https:\/\/agoraveszprem.hu\/eng\/wp-json\/wp\/v2\/product"}],"about":[{"href":"https:\/\/agoraveszprem.hu\/eng\/wp-json\/wp\/v2\/types\/product"}],"wp:featuredmedia":[{"embeddable":true,"href":"https:\/\/agoraveszprem.hu\/eng\/wp-json\/wp\/v2\/media\/32043"}],"wp:attachment":[{"href":"https:\/\/agoraveszprem.hu\/eng\/wp-json\/wp\/v2\/media?parent=49426"}],"wp:term":[{"taxonomy":"product_brand","embeddable":true,"href":"https:\/\/agoraveszprem.hu\/eng\/wp-json\/wp\/v2\/product_brand?post=49426"},{"taxonomy":"product_cat","embeddable":true,"href":"https:\/\/agoraveszprem.hu\/eng\/wp-json\/wp\/v2\/product_cat?post=49426"},{"taxonomy":"product_tag","embeddable":true,"href":"https:\/\/agoraveszprem.hu\/eng\/wp-json\/wp\/v2\/product_tag?post=49426"}],"curies":[{"name":"wp","href":"https:\/\/api.w.org\/{rel}","templated":true}]}}

Kölyökmozi: Mumbo Jumbo hatalmas kalandja 2026. 07. 30. csütörtök 10 óra

<p><img loading="lazy" decoding="async" class="size-full wp-image-49421 aligncenter" src="https://agoraveszprem.hu/wp-content/uploads/2026/06/Mumbo-Jumbo-FB.jpg" alt="Mumbo Jumbo FB" width="1200" height="628" srcset="https://agoraveszprem.hu/wp-content/uploads/2026/06/Mumbo-Jumbo-FB.jpg 1200w, https://agoraveszprem.hu/wp-content/uploads/2026/06/Mumbo-Jumbo-FB-980x513.jpg 980w, https://agoraveszprem.hu/wp-content/uploads/2026/06/Mumbo-Jumbo-FB-480x251.jpg 480w" sizes="(min-width: 0px) and (max-width: 480px) 480px, (min-width: 481px) and (max-width: 980px) 980px, (min-width: 981px) 1200px, 100vw" /></p>
<div class="et_pb_module et_pb_post_content et_pb_post_content_0_tb_body">
<div class="et_pb_module et_pb_post_content et_pb_post_content_0_tb_body">
<div class="et_pb_module et_pb_post_content et_pb_post_content_0_tb_body">
<div class="et_pb_module et_pb_post_content et_pb_post_content_0_tb_body">
<div class="et_pb_module et_pb_post_content et_pb_post_content_0_tb_body">
<div class="et_pb_module et_pb_post_content et_pb_post_content_0_tb_body">
<div class="et_pb_module et_pb_post_content et_pb_post_content_0_tb_body">
<div class="et_pb_module et_pb_post_content et_pb_post_content_0_tb_body">
<div class="et_pb_module et_pb_post_content et_pb_post_content_0_tb_body">
<div class="et_pb_module et_pb_post_content et_pb_post_content_0_tb_body">
<div class="et_pb_module et_pb_post_content et_pb_post_content_0_tb_body">
<div class="et_pb_module et_pb_post_content et_pb_post_content_0_tb_body">
<div class="et_pb_module et_pb_post_content et_pb_post_content_0_tb_body">
<div class="et_pb_module et_pb_post_content et_pb_post_content_0_tb_body">
<div class="et_pb_module et_pb_post_content et_pb_post_content_0_tb_body">
<div class="et_pb_module et_pb_post_content et_pb_post_content_0_tb_body">
<div class="et_pb_module et_pb_post_content et_pb_post_content_0_tb_body">
<div class="et_pb_module et_pb_post_content et_pb_post_content_0_tb_body">
<div class="et_pb_module et_pb_post_content et_pb_post_content_0_tb_body">
<div class="et_pb_module et_pb_post_content et_pb_post_content_0_tb_body">
<div class="et_pb_module et_pb_post_content et_pb_post_content_0_tb_body">
<div class="et_pb_module et_pb_post_content et_pb_post_content_0_tb_body">
<div class="et_pb_module et_pb_post_title et_pb_post_title_1_tb_body et_pb_bg_layout_light et_pb_text_align_left">
<div class="et_pb_title_container"></div>
</div>
<div class="et_pb_module et_pb_post_content et_pb_post_content_0_tb_body">
<div class="et_pb_module et_pb_post_title et_pb_post_title_1_tb_body et_pb_bg_layout_light et_pb_text_align_left">
<div class="et_pb_title_container"></div>
</div>
<div class="et_pb_module et_pb_post_content et_pb_post_content_0_tb_body">
<div class="et_pb_module et_pb_post_title et_pb_post_title_1_tb_body et_pb_bg_layout_light et_pb_text_align_left">
<div class="et_pb_title_container">
<h1 class="entry-title" data-wahfont="32">Kölyökmozi: Mumbo Jumbo hatalmas kalandja</h1>
</div>
</div>
<div class="et_pb_module et_pb_post_content et_pb_post_content_0_tb_body">
<p class="wp-block-paragraph" data-wahfont="16">Szinkronizált dán animációs, családi film, 83 perc, 2026</p>
<p class="wp-block-paragraph" data-wahfont="16">A sikeres skandináv gyerekkönyvet feldolgozó animációs mesében, Mumbo Jumbo, a kis víziló varázsütésre hirtelen óriási méretűre nő, majd három barátjával együtt kalandos útra indul, hogy megtalálja a rettegett Baba Yaga boszorkányt, aki képes visszaváltoztatni a normál méretére. Az izgalmas kaland végére Mumbo Jumbo nemcsak visszakapja régi formáját, hanem belül sokkal erősebbé és érettebbé is válik. (ADS Service)</p>
<p class="wp-block-paragraph" data-wahfont="16">Age limit: 6 years<br />
Entrance fee: 1500 Ft<br />
A három vetítésre kedvezményes, 3000 Ft-os bérlet váltható!</p>
</div>
</div>
</div>
</div>
</div>
</div>
</div>
</div>
</div>
</div>
</div>
</div>
</div>
</div>
</div>
</div>
</div>
</div>
</div>
</div>
</div>
</div>
</div>
</div>
</div>

<p>2026. július 30. Csütörtök 10.00 – 11.30</p>
<p>Online or on site ticket price: 1500 HUF</p>
<p>Reservations are made on a first-come, first-served basis.</p>

<img class="wp-image-17890 aligncenter" src="https://agoraveszprem.hu/wp-content/uploads/2024/04/ferfi-hajomakettet-tart-a-kezeben-300x171.jpg" alt="" width="504" height="287" />

 

Svájci-dán vígjáték eredeti nyelven magyar felirattal, 92 perc, 2022<br class="html-br" />Rendezte: Barbara Kulcsar<br class="html-br" />Szereplők: Esther Gemsch, Stefan Kurt, Ueli Jäggi, Gundi Ellert

Az Aranyéveink című svájci vígjáték egy frissen nyugdíjba vonuló házaspár újrakezdésének történetét dolgozza fel, bájos humorral, mély együttérzéssel, könnyedsége ellenére is fontos, mindannyiunkat érintő kérdésekkel. A magyar származású svájci rendező, Barbara Kulcsar filmje Svájcban közönségkedvenc volt, de a német nézők szívét is meghódította. (JUNO11)

Korhatár: 16 év
Belépődíj: 1300 Ft
