{"id":49662,"date":"2026-07-20T10:10:19","date_gmt":"2026-07-20T09:10:19","guid":{"rendered":"https:\/\/agoraveszprem.hu\/termek\/"},"modified":"2026-08-11T16:16:37","modified_gmt":"2026-08-11T15:16:37","slug":"zoldoltozet-fenntarthato-divatnap-2026-09-05","status":"publish","type":"product","link":"https:\/\/agoraveszprem.hu\/eng\/product\/zoldoltozet-fenntarthato-divatnap-2026-09-05\/","title":{"rendered":"Z\u00f6ld\u00d6lt\u00f6zet \u2013 Fenntarthat\u00f3 Divatnap 2026. 09. 05. szombat 15 \u00f3ra"},"content":{"rendered":"<p><img loading=\"lazy\" decoding=\"async\" class=\"size-full wp-image-49663 aligncenter\" src=\"https:\/\/agoraveszprem.hu\/wp-content\/uploads\/2026\/07\/ZoldOltozet-Fb-cover-masolat.jpg\" alt=\"Z\u00f6ld\u00d6lt\u00f6zet - 1\" width=\"1200\" height=\"628\" srcset=\"https:\/\/agoraveszprem.hu\/wp-content\/uploads\/2026\/07\/ZoldOltozet-Fb-cover-masolat.jpg 1200w, https:\/\/agoraveszprem.hu\/wp-content\/uploads\/2026\/07\/ZoldOltozet-Fb-cover-masolat-980x513.jpg 980w, https:\/\/agoraveszprem.hu\/wp-content\/uploads\/2026\/07\/ZoldOltozet-Fb-cover-masolat-480x251.jpg 480w\" sizes=\"(min-width: 0px) and (max-width: 480px) 480px, (min-width: 481px) and (max-width: 980px) 980px, (min-width: 981px) 1200px, 100vw\" \/><\/p>\n<div class=\"et_pb_module et_pb_post_content et_pb_post_content_0_tb_body\">\n<div class=\"et_pb_module et_pb_post_content et_pb_post_content_0_tb_body\">\n<div class=\"et_pb_module et_pb_post_content et_pb_post_content_0_tb_body\">\n<div class=\"et_pb_module et_pb_post_content et_pb_post_content_0_tb_body\">\n<div class=\"et_pb_module et_pb_post_content et_pb_post_content_0_tb_body\">\n<div class=\"et_pb_module et_pb_post_content et_pb_post_content_0_tb_body\">\n<div class=\"et_pb_module et_pb_post_content et_pb_post_content_0_tb_body\">\n<div class=\"et_pb_module et_pb_post_content et_pb_post_content_0_tb_body\">\n<div class=\"et_pb_module et_pb_post_content et_pb_post_content_0_tb_body\">\n<div class=\"et_pb_module et_pb_post_content et_pb_post_content_0_tb_body\">\n<div class=\"et_pb_module et_pb_post_content et_pb_post_content_0_tb_body\">\n<div class=\"et_pb_module et_pb_post_content et_pb_post_content_0_tb_body\">\n<div class=\"et_pb_module et_pb_post_content et_pb_post_content_0_tb_body\">\n<div class=\"et_pb_module et_pb_post_content et_pb_post_content_0_tb_body\">\n<div class=\"et_pb_module et_pb_post_content et_pb_post_content_0_tb_body\">\n<div class=\"et_pb_module et_pb_post_content et_pb_post_content_0_tb_body\">\n<div class=\"et_pb_module et_pb_post_content et_pb_post_content_0_tb_body\">\n<div class=\"et_pb_module et_pb_post_content et_pb_post_content_0_tb_body\">\n<div class=\"et_pb_module et_pb_post_content et_pb_post_content_0_tb_body\">\n<div class=\"et_pb_module et_pb_post_content et_pb_post_content_0_tb_body\">\n<div class=\"et_pb_module et_pb_post_content et_pb_post_content_0_tb_body\">\n<div class=\"et_pb_module et_pb_post_content et_pb_post_content_0_tb_body\">\n<div class=\"et_pb_module et_pb_post_content et_pb_post_content_0_tb_body\">\n<div class=\"et_pb_module et_pb_post_content et_pb_post_content_0_tb_body\">\n<div class=\"et_pb_module et_pb_post_content et_pb_post_content_0_tb_body\">\n<div class=\"et_pb_module et_pb_post_title et_pb_post_title_1_tb_body et_pb_bg_layout_light et_pb_text_align_left\">\n<div class=\"et_pb_title_container\">\n<h1 class=\"entry-title\" data-wahfont=\"32\">Z\u00f6ld\u00d6lt\u00f6zet \u2013 Fenntarthat\u00f3 Divatnap<\/h1>\n<\/div>\n<\/div>\n<div class=\"et_pb_module et_pb_post_content et_pb_post_content_0_tb_body\">\n<p class=\"wp-block-paragraph\" data-wahfont=\"16\">Mit tehet\u00fcnk az\u00e9rt, hogy a divat ne csak st\u00edlusos, hanem fenntarthat\u00f3 is legyen? Hogyan adhatunk \u00faj \u00e9letet a ruh\u00e1inknak, \u00e9s mi\u00e9rt sz\u00e1m\u00edt minden apr\u00f3 d\u00f6nt\u00e9s\u00fcnk?<br \/>\nHa \u00e9rdekel a tudatos \u00f6lt\u00f6zk\u00f6d\u00e9s, a kreat\u00edv alkot\u00e1s \u00e9s a fenntarthat\u00f3 divat vil\u00e1ga, v\u00e1runk a Z\u00f6ld\u00d6lt\u00f6zet Fenntarthat\u00f3 Divatnapon!<br \/>\n<strong>Workshopok, inspir\u00e1l\u00f3 el\u0151ad\u00e1s, izgalmas besz\u00e9lget\u00e9s \u00e9s fenntarthat\u00f3 szeml\u00e9let\u0171 ki\u00e1ll\u00edt\u00f3k v\u00e1rnak!<\/strong><br \/>\n\u2728 Programok:<br \/>\n\ud83e\uddf5<strong>\u00a0Workshopok<\/strong><br \/>\n15:00-t\u00f3l<br \/>\nH\u00edmz\u0151 workshop: tanuld meg, hogyan tehetsz k\u00fcl\u00f6nlegess\u00e9 egy r\u00e9gi ruhadarabot k\u00e9zi h\u00edmz\u00e9ssel!<br \/>\n<strong>Hozd magaddal azt a ruh\u00e1t, amelyet sz\u00edvesen meg\u00faj\u00edtan\u00e1l!<\/strong><\/p>\n<p data-wahfont=\"16\">17:00-t\u00f3l<br \/>\nSzem\u00fcvegtart\u00f3 workshop: k\u00e9sz\u00edts egyedi szem\u00fcvegtart\u00f3t megunt textilekb\u0151l egyszer\u0171 varr\u00e1ssal vagy ragaszt\u00e1ssal, kezd\u0151knek is aj\u00e1nlott.<\/p>\n<p class=\"wp-block-paragraph\" data-wahfont=\"16\">\ud83c\udfa4\u00a0<strong>16:00 \u2013 P\u00f6lz Klaudia (Fashion Revolution Hungary) el\u0151ad\u00e1sa<\/strong><br \/>\n\u201eA divat a k\u00f6z\u00f6s \u00fcgy\u00fcnk \u2013 Mit tehet\u00fcnk \u00e9rte?\u201d<br \/>\nA divat mindenkit \u00e9rint. Egy ruhadarab m\u00f6g\u00f6tt emberek, gy\u00e1rt\u00e1si folyamatok, k\u00f6rnyezeti hat\u00e1sok \u00e9s fontos t\u00e1rsadalmi k\u00e9rd\u00e9sek \u00e1llnak. Az el\u0151ad\u00e1s sor\u00e1n sz\u00f3 lesz a fenntarthat\u00f3 \u00e9s etikus divatr\u00f3l, a slow fashion szeml\u00e9let\u00e9r\u0151l, a ruh\u00e1k \u00e9letciklus\u00e1nak meghosszabb\u00edt\u00e1s\u00e1r\u00f3l, valamint arr\u00f3l, hogyan v\u00e1lhatunk tudatosabb v\u00e1s\u00e1rl\u00f3kk\u00e1 an\u00e9lk\u00fcl, hogy teljesen \u00faj gardr\u00f3bot kellene \u00e9p\u00edten\u00fcnk.<br \/>\n\ud83d\udcac\u00a0<strong>17:30 \u2013 Kerekasztal-besz\u00e9lget\u00e9s<\/strong><br \/>\nBesz\u00e9lget\u0151t\u00e1rsak:<\/p>\n<ul class=\"wp-block-list\">\n<li><strong>Staudt Laura\u00a0<\/strong>\u2013 Rucicis m\u00e1rka<\/li>\n<li><strong>G\u00f3zon Eszter<\/strong>\u00a0\u2013 less waste stylist, a Zero Waste Hungary alap\u00edt\u00f3ja<\/li>\n<li><strong>Iv\u00e1nfi Aliz<\/strong>\u00a0\u2013 Elischer R m\u00e1rka<br \/>\n\ud83c\udf99\ufe0f\u00a0<strong>Moder\u00e1tor: Czap Lili\u00e1na<\/strong><br \/>\n\ud83c\udf9f\ufe0f Bel\u00e9p\u0151d\u00edj: 3.900 Ft<br \/>\nL\u00e9gy r\u00e9szese egy inspir\u00e1l\u00f3 d\u00e9lut\u00e1nnak, ahol a kreativit\u00e1s, a tudatoss\u00e1g \u00e9s a fenntarthat\u00f3s\u00e1g tal\u00e1lkozik!<\/li>\n<\/ul>\n<\/div>\n<\/div>\n<\/div>\n<\/div>\n<\/div>\n<\/div>\n<\/div>\n<\/div>\n<\/div>\n<\/div>\n<\/div>\n<\/div>\n<\/div>\n<\/div>\n<\/div>\n<\/div>\n<\/div>\n<\/div>\n<\/div>\n<\/div>\n<\/div>\n<\/div>\n<\/div>\n<\/div>\n<\/div>\n<\/div>","protected":false},"excerpt":{"rendered":"<p>2026. szeptember 05. Szombat 15.00 \u2013 20.00<\/p>\n<p>Online or on site ticket price: 3900 HUF<\/p>\n<p>&nbsp;<\/p>","protected":false},"featured_media":32046,"template":"","meta":{"_et_pb_use_builder":"off","_et_pb_old_content":"<img class=\"wp-image-17890 aligncenter\" src=\"https:\/\/agoraveszprem.hu\/wp-content\/uploads\/2024\/04\/ferfi-hajomakettet-tart-a-kezeben-300x171.jpg\" alt=\"\" width=\"504\" height=\"287\" \/>\r\n\r\n\u00a0\r\n\r\nSv\u00e1jci-d\u00e1n v\u00edgj\u00e1t\u00e9k eredeti nyelven magyar felirattal, 92 perc, 2022<br class=\"html-br\" \/>Rendezte: Barbara Kulcsar<br class=\"html-br\" \/>Szerepl\u0151k: Esther Gemsch, Stefan Kurt, Ueli J\u00e4ggi, Gundi Ellert\r\n\r\nAz Arany\u00e9veink c\u00edm\u0171 sv\u00e1jci v\u00edgj\u00e1t\u00e9k egy frissen nyugd\u00edjba vonul\u00f3 h\u00e1zasp\u00e1r \u00fajrakezd\u00e9s\u00e9nek t\u00f6rt\u00e9net\u00e9t dolgozza fel, b\u00e1jos humorral, m\u00e9ly egy\u00fctt\u00e9rz\u00e9ssel, k\u00f6nnyeds\u00e9ge ellen\u00e9re is fontos, mindannyiunkat \u00e9rint\u0151 k\u00e9rd\u00e9sekkel. A magyar sz\u00e1rmaz\u00e1s\u00fa sv\u00e1jci rendez\u0151, Barbara Kulcsar filmje Sv\u00e1jcban k\u00f6z\u00f6ns\u00e9gkedvenc volt, de a n\u00e9met n\u00e9z\u0151k sz\u00edv\u00e9t is megh\u00f3d\u00edtotta. (JUNO11)\r\n\r\nKorhat\u00e1r: 16 \u00e9v\r\nBel\u00e9p\u0151d\u00edj: 1300 Ft","_et_gb_content_width":""},"product_brand":[],"product_cat":[39],"product_tag":[],"class_list":["post-49662","product","type-product","status-publish","has-post-thumbnail","product_cat-eticket","first","instock","virtual","taxable","purchasable","product-type-simple"],"_links":{"self":[{"href":"https:\/\/agoraveszprem.hu\/eng\/wp-json\/wp\/v2\/product\/49662","targetHints":{"allow":["GET"]}}],"collection":[{"href":"https:\/\/agoraveszprem.hu\/eng\/wp-json\/wp\/v2\/product"}],"about":[{"href":"https:\/\/agoraveszprem.hu\/eng\/wp-json\/wp\/v2\/types\/product"}],"wp:featuredmedia":[{"embeddable":true,"href":"https:\/\/agoraveszprem.hu\/eng\/wp-json\/wp\/v2\/media\/32046"}],"wp:attachment":[{"href":"https:\/\/agoraveszprem.hu\/eng\/wp-json\/wp\/v2\/media?parent=49662"}],"wp:term":[{"taxonomy":"product_brand","embeddable":true,"href":"https:\/\/agoraveszprem.hu\/eng\/wp-json\/wp\/v2\/product_brand?post=49662"},{"taxonomy":"product_cat","embeddable":true,"href":"https:\/\/agoraveszprem.hu\/eng\/wp-json\/wp\/v2\/product_cat?post=49662"},{"taxonomy":"product_tag","embeddable":true,"href":"https:\/\/agoraveszprem.hu\/eng\/wp-json\/wp\/v2\/product_tag?post=49662"}],"curies":[{"name":"wp","href":"https:\/\/api.w.org\/{rel}","templated":true}]}}

ZöldÖltözet – Fenntartható Divatnap 2026. 09. 05. szombat 15 óra

<p><img loading="lazy" decoding="async" class="size-full wp-image-49663 aligncenter" src="https://agoraveszprem.hu/wp-content/uploads/2026/07/ZoldOltozet-Fb-cover-masolat.jpg" alt="ZöldÖltözet - 1" width="1200" height="628" srcset="https://agoraveszprem.hu/wp-content/uploads/2026/07/ZoldOltozet-Fb-cover-masolat.jpg 1200w, https://agoraveszprem.hu/wp-content/uploads/2026/07/ZoldOltozet-Fb-cover-masolat-980x513.jpg 980w, https://agoraveszprem.hu/wp-content/uploads/2026/07/ZoldOltozet-Fb-cover-masolat-480x251.jpg 480w" sizes="(min-width: 0px) and (max-width: 480px) 480px, (min-width: 481px) and (max-width: 980px) 980px, (min-width: 981px) 1200px, 100vw" /></p>
<div class="et_pb_module et_pb_post_content et_pb_post_content_0_tb_body">
<div class="et_pb_module et_pb_post_content et_pb_post_content_0_tb_body">
<div class="et_pb_module et_pb_post_content et_pb_post_content_0_tb_body">
<div class="et_pb_module et_pb_post_content et_pb_post_content_0_tb_body">
<div class="et_pb_module et_pb_post_content et_pb_post_content_0_tb_body">
<div class="et_pb_module et_pb_post_content et_pb_post_content_0_tb_body">
<div class="et_pb_module et_pb_post_content et_pb_post_content_0_tb_body">
<div class="et_pb_module et_pb_post_content et_pb_post_content_0_tb_body">
<div class="et_pb_module et_pb_post_content et_pb_post_content_0_tb_body">
<div class="et_pb_module et_pb_post_content et_pb_post_content_0_tb_body">
<div class="et_pb_module et_pb_post_content et_pb_post_content_0_tb_body">
<div class="et_pb_module et_pb_post_content et_pb_post_content_0_tb_body">
<div class="et_pb_module et_pb_post_content et_pb_post_content_0_tb_body">
<div class="et_pb_module et_pb_post_content et_pb_post_content_0_tb_body">
<div class="et_pb_module et_pb_post_content et_pb_post_content_0_tb_body">
<div class="et_pb_module et_pb_post_content et_pb_post_content_0_tb_body">
<div class="et_pb_module et_pb_post_content et_pb_post_content_0_tb_body">
<div class="et_pb_module et_pb_post_content et_pb_post_content_0_tb_body">
<div class="et_pb_module et_pb_post_content et_pb_post_content_0_tb_body">
<div class="et_pb_module et_pb_post_content et_pb_post_content_0_tb_body">
<div class="et_pb_module et_pb_post_content et_pb_post_content_0_tb_body">
<div class="et_pb_module et_pb_post_content et_pb_post_content_0_tb_body">
<div class="et_pb_module et_pb_post_content et_pb_post_content_0_tb_body">
<div class="et_pb_module et_pb_post_content et_pb_post_content_0_tb_body">
<div class="et_pb_module et_pb_post_content et_pb_post_content_0_tb_body">
<div class="et_pb_module et_pb_post_title et_pb_post_title_1_tb_body et_pb_bg_layout_light et_pb_text_align_left">
<div class="et_pb_title_container">
<h1 class="entry-title" data-wahfont="32">ZöldÖltözet – Fenntartható Divatnap</h1>
</div>
</div>
<div class="et_pb_module et_pb_post_content et_pb_post_content_0_tb_body">
<p class="wp-block-paragraph" data-wahfont="16">Mit tehetünk azért, hogy a divat ne csak stílusos, hanem fenntartható is legyen? Hogyan adhatunk új életet a ruháinknak, és miért számít minden apró döntésünk?<br />
Ha érdekel a tudatos öltözködés, a kreatív alkotás és a fenntartható divat világa, várunk a ZöldÖltözet Fenntartható Divatnapon!<br />
<strong>Workshopok, inspiráló előadás, izgalmas beszélgetés és fenntartható szemléletű kiállítók várnak!</strong><br />
✨ Programok:<br />
🧵<strong> Workshopok</strong><br />
15:00-tól<br />
Hímző workshop: tanuld meg, hogyan tehetsz különlegessé egy régi ruhadarabot kézi hímzéssel!<br />
<strong>Hozd magaddal azt a ruhát, amelyet szívesen megújítanál!</strong></p>
<p data-wahfont="16">17:00-tól<br />
Szemüvegtartó workshop: készíts egyedi szemüvegtartót megunt textilekből egyszerű varrással vagy ragasztással, kezdőknek is ajánlott.</p>
<p class="wp-block-paragraph" data-wahfont="16">🎤 <strong>16:00 – Pölz Klaudia (Fashion Revolution Hungary) előadása</strong><br />
„A divat a közös ügyünk – Mit tehetünk érte?”<br />
A divat mindenkit érint. Egy ruhadarab mögött emberek, gyártási folyamatok, környezeti hatások és fontos társadalmi kérdések állnak. Az előadás során szó lesz a fenntartható és etikus divatról, a slow fashion szemléletéről, a ruhák életciklusának meghosszabbításáról, valamint arról, hogyan válhatunk tudatosabb vásárlókká anélkül, hogy teljesen új gardróbot kellene építenünk.<br />
💬 <strong>17:30 – Kerekasztal-beszélgetés</strong><br />
Beszélgetőtársak:</p>
<ul class="wp-block-list">
<li><strong>Staudt Laura </strong>– Rucicis márka</li>
<li><strong>Gózon Eszter</strong> – less waste stylist, a Zero Waste Hungary alapítója</li>
<li><strong>Ivánfi Aliz</strong> – Elischer R márka<br />
🎙️ <strong>Moderátor: Czap Liliána</strong><br />
🎟️ Belépődíj: 3.900 Ft<br />
Légy részese egy inspiráló délutánnak, ahol a kreativitás, a tudatosság és a fenntarthatóság találkozik!</li>
</ul>
</div>
</div>
</div>
</div>
</div>
</div>
</div>
</div>
</div>
</div>
</div>
</div>
</div>
</div>
</div>
</div>
</div>
</div>
</div>
</div>
</div>
</div>
</div>
</div>
</div>
</div>

<img class="wp-image-17890 aligncenter" src="https://agoraveszprem.hu/wp-content/uploads/2024/04/ferfi-hajomakettet-tart-a-kezeben-300x171.jpg" alt="" width="504" height="287" />

 

Svájci-dán vígjáték eredeti nyelven magyar felirattal, 92 perc, 2022<br class="html-br" />Rendezte: Barbara Kulcsar<br class="html-br" />Szereplők: Esther Gemsch, Stefan Kurt, Ueli Jäggi, Gundi Ellert

Az Aranyéveink című svájci vígjáték egy frissen nyugdíjba vonuló házaspár újrakezdésének történetét dolgozza fel, bájos humorral, mély együttérzéssel, könnyedsége ellenére is fontos, mindannyiunkat érintő kérdésekkel. A magyar származású svájci rendező, Barbara Kulcsar filmje Svájcban közönségkedvenc volt, de a német nézők szívét is meghódította. (JUNO11)

Korhatár: 16 év
Belépődíj: 1300 Ft
