{"id":50329,"date":"2026-08-31T09:38:07","date_gmt":"2026-08-31T08:38:07","guid":{"rendered":"https:\/\/agoraveszprem.hu\/termek\/"},"modified":"2026-08-31T10:58:34","modified_gmt":"2026-08-31T09:58:34","slug":"filmklub-szerelmem-marokko-2026-09-21","status":"publish","type":"product","link":"https:\/\/agoraveszprem.hu\/eng\/product\/filmklub-szerelmem-marokko-2026-09-21\/","title":{"rendered":"Filmklub: Szerelmem, Marokk\u00f3 2026. 09. 21. h\u00e9tf\u0151 18 \u00f3ra"},"content":{"rendered":"<p><img loading=\"lazy\" decoding=\"async\" class=\"size-full wp-image-50323 aligncenter\" src=\"https:\/\/agoraveszprem.hu\/wp-content\/uploads\/2026\/08\/Szerelmem-Marokko-FB.jpg\" alt=\"Szerelmem, Marokk\u00f3\" width=\"1200\" height=\"628\" srcset=\"https:\/\/agoraveszprem.hu\/wp-content\/uploads\/2026\/08\/Szerelmem-Marokko-FB.jpg 1200w, https:\/\/agoraveszprem.hu\/wp-content\/uploads\/2026\/08\/Szerelmem-Marokko-FB-980x513.jpg 980w, https:\/\/agoraveszprem.hu\/wp-content\/uploads\/2026\/08\/Szerelmem-Marokko-FB-480x251.jpg 480w\" sizes=\"(min-width: 0px) and (max-width: 480px) 480px, (min-width: 481px) and (max-width: 980px) 980px, (min-width: 981px) 1200px, 100vw\" \/><\/p>\n<div class=\"et_pb_module et_pb_post_content et_pb_post_content_0_tb_body\">\n<div class=\"et_pb_module et_pb_post_content et_pb_post_content_0_tb_body\">\n<div class=\"et_pb_module et_pb_post_content et_pb_post_content_0_tb_body\">\n<div class=\"et_pb_module et_pb_post_content et_pb_post_content_0_tb_body\">\n<div class=\"et_pb_module et_pb_post_content et_pb_post_content_0_tb_body\">\n<div class=\"et_pb_module et_pb_post_content et_pb_post_content_0_tb_body\">\n<div class=\"et_pb_module et_pb_post_title et_pb_post_title_1_tb_body et_pb_bg_layout_light et_pb_text_align_left\"><\/div>\n<div class=\"et_pb_module et_pb_post_content et_pb_post_content_0_tb_body\">\n<div class=\"et_pb_module et_pb_post_content et_pb_post_content_0_tb_body\">\n<div class=\"et_pb_module et_pb_post_title et_pb_post_title_1_tb_body et_pb_bg_layout_light et_pb_text_align_left\">\n<div class=\"et_pb_title_container\"><\/div>\n<\/div>\n<div class=\"et_pb_module et_pb_post_content et_pb_post_content_0_tb_body\">\n<div class=\"et_pb_module et_pb_post_title et_pb_post_title_1_tb_body et_pb_bg_layout_light et_pb_text_align_left\">\n<div class=\"et_pb_title_container\"><\/div>\n<\/div>\n<div class=\"et_pb_module et_pb_post_content et_pb_post_content_0_tb_body\">\n<div class=\"et_pb_module et_pb_post_title et_pb_post_title_1_tb_body et_pb_bg_layout_light et_pb_text_align_left\">\n<div class=\"et_pb_title_container\">\n<h1 class=\"entry-title\">Filmklub: Szerelmem, Marokk\u00f3<\/h1>\n<\/div>\n<\/div>\n<div class=\"et_pb_module et_pb_post_content et_pb_post_content_0_tb_body\">\n<p class=\"wp-block-paragraph\">Feliratos spanyol romantikus dr\u00e1ma, 116 perc, 2025<br \/>\nR.: Maryam Touzani<br \/>\nSz.: Carmen Maura, Marta Etura, Ahmed Boulane<\/p>\n<p class=\"wp-block-paragraph\">Az id\u0151s spanyol n\u0151, Maria \u00c1ngeles a marokk\u00f3i Tangerben \u00e9l. A h\u00e1za nemcsak az otthona, hanem eg\u00e9sz \u00e9let\u00e9nek sz\u00e9p eml\u00e9kekkel teli lenyomata. Amikor l\u00e1nya, Clara a h\u00e1z elad\u00e1sa mellett d\u00f6nt, Maria \u00c1ngeles nem hajland\u00f3 belenyugodni a v\u00e1ltoz\u00e1sba. Elsz\u00e1ntan kezd k\u00fczdeni, hogy meg\u0151rizze mindazt, ami a biztons\u00e1got, a boldogs\u00e1got \u00e9s a m\u00faltat jelenti sz\u00e1m\u00e1ra. Ek\u00f6zben, amikor a legkev\u00e9sb\u00e9 v\u00e1rja, \u00fajra r\u00e1tal\u00e1l a szerelem is\u2026<br \/>\nA Szerelmem, Marokk\u00f3 a sz\u00e1mos nemzetk\u00f6zi d\u00edjjal elismert marokk\u00f3i rendez\u0151, Maryam Touzani els\u0151 spanyol nyelv\u0171 filmje. \u201e\u00c9des \u00e9s l\u00e1gy\u201d \u2013 \u00edrta r\u00f3la a Variety, \u201ek\u00f6nnyed \u00e9s mag\u00e1val ragad\u00f3\u201d \u2013 fogalmazott a The Wrap, \u00e9s a legt\u00f6bb kritika kiemelte az Almod\u00f3var m\u00fazs\u00e1jak\u00e9nt ismert f\u0151szerepl\u0151, Carmen Maura m\u00e9lyen \u00e1t\u00e9lt, \u00e9rz\u00e9keny alak\u00edt\u00e1s\u00e1t.<br \/>\nA 2025-\u00f6s velencei filmfesztiv\u00e1lon deb\u00fct\u00e1lt, ahol a Venezia Spotlight szekci\u00f3 k\u00f6z\u00f6ns\u00e9gd\u00edj\u00e1t nyerte. Az\u00f3ta sz\u00e1mos tov\u00e1bbi nemzetk\u00f6zi fesztiv\u00e1lon d\u00edjazt\u00e1k. (Cirko Film)<\/p>\n<p class=\"wp-block-paragraph\">Age limit: 16 years<br \/>\nAdmission: 2000 Ft<br \/>\nDiscounted season tickets are available at our ticket office!<\/p>\n<\/div>\n<\/div>\n<\/div>\n<\/div>\n<\/div>\n<\/div>\n<\/div>\n<\/div>\n<\/div>\n<\/div>\n<\/div>","protected":false},"excerpt":{"rendered":"<p>2026. szeptember 21. H\u00e9tf\u0151 18:00-20:00<\/p>\n<p>Online or on site ticket price: 2000 HUF<\/p>\n<p>Reservations are made on a first-come, first-served basis.<\/p>","protected":false},"featured_media":32039,"template":"","meta":{"_et_pb_use_builder":"off","_et_pb_old_content":"<img class=\"wp-image-17890 aligncenter\" src=\"https:\/\/agoraveszprem.hu\/wp-content\/uploads\/2024\/04\/ferfi-hajomakettet-tart-a-kezeben-300x171.jpg\" alt=\"\" width=\"504\" height=\"287\" \/>\r\n\r\n\u00a0\r\n\r\nSv\u00e1jci-d\u00e1n v\u00edgj\u00e1t\u00e9k eredeti nyelven magyar felirattal, 92 perc, 2022<br class=\"html-br\" \/>Rendezte: Barbara Kulcsar<br class=\"html-br\" \/>Szerepl\u0151k: Esther Gemsch, Stefan Kurt, Ueli J\u00e4ggi, Gundi Ellert\r\n\r\nAz Arany\u00e9veink c\u00edm\u0171 sv\u00e1jci v\u00edgj\u00e1t\u00e9k egy frissen nyugd\u00edjba vonul\u00f3 h\u00e1zasp\u00e1r \u00fajrakezd\u00e9s\u00e9nek t\u00f6rt\u00e9net\u00e9t dolgozza fel, b\u00e1jos humorral, m\u00e9ly egy\u00fctt\u00e9rz\u00e9ssel, k\u00f6nnyeds\u00e9ge ellen\u00e9re is fontos, mindannyiunkat \u00e9rint\u0151 k\u00e9rd\u00e9sekkel. A magyar sz\u00e1rmaz\u00e1s\u00fa sv\u00e1jci rendez\u0151, Barbara Kulcsar filmje Sv\u00e1jcban k\u00f6z\u00f6ns\u00e9gkedvenc volt, de a n\u00e9met n\u00e9z\u0151k sz\u00edv\u00e9t is megh\u00f3d\u00edtotta. (JUNO11)\r\n\r\nKorhat\u00e1r: 16 \u00e9v\r\nBel\u00e9p\u0151d\u00edj: 1300 Ft","_et_gb_content_width":""},"product_brand":[],"product_cat":[39],"product_tag":[],"class_list":["post-50329","product","type-product","status-publish","has-post-thumbnail","product_cat-eticket","first","instock","virtual","taxable","purchasable","product-type-simple"],"_links":{"self":[{"href":"https:\/\/agoraveszprem.hu\/eng\/wp-json\/wp\/v2\/product\/50329","targetHints":{"allow":["GET"]}}],"collection":[{"href":"https:\/\/agoraveszprem.hu\/eng\/wp-json\/wp\/v2\/product"}],"about":[{"href":"https:\/\/agoraveszprem.hu\/eng\/wp-json\/wp\/v2\/types\/product"}],"wp:featuredmedia":[{"embeddable":true,"href":"https:\/\/agoraveszprem.hu\/eng\/wp-json\/wp\/v2\/media\/32039"}],"wp:attachment":[{"href":"https:\/\/agoraveszprem.hu\/eng\/wp-json\/wp\/v2\/media?parent=50329"}],"wp:term":[{"taxonomy":"product_brand","embeddable":true,"href":"https:\/\/agoraveszprem.hu\/eng\/wp-json\/wp\/v2\/product_brand?post=50329"},{"taxonomy":"product_cat","embeddable":true,"href":"https:\/\/agoraveszprem.hu\/eng\/wp-json\/wp\/v2\/product_cat?post=50329"},{"taxonomy":"product_tag","embeddable":true,"href":"https:\/\/agoraveszprem.hu\/eng\/wp-json\/wp\/v2\/product_tag?post=50329"}],"curies":[{"name":"wp","href":"https:\/\/api.w.org\/{rel}","templated":true}]}}

Filmklub: Szerelmem, Marokkó 2026. 09. 21. hétfő 18 óra

<p><img loading="lazy" decoding="async" class="size-full wp-image-50323 aligncenter" src="https://agoraveszprem.hu/wp-content/uploads/2026/08/Szerelmem-Marokko-FB.jpg" alt="Szerelmem, Marokkó" width="1200" height="628" srcset="https://agoraveszprem.hu/wp-content/uploads/2026/08/Szerelmem-Marokko-FB.jpg 1200w, https://agoraveszprem.hu/wp-content/uploads/2026/08/Szerelmem-Marokko-FB-980x513.jpg 980w, https://agoraveszprem.hu/wp-content/uploads/2026/08/Szerelmem-Marokko-FB-480x251.jpg 480w" sizes="(min-width: 0px) and (max-width: 480px) 480px, (min-width: 481px) and (max-width: 980px) 980px, (min-width: 981px) 1200px, 100vw" /></p>
<div class="et_pb_module et_pb_post_content et_pb_post_content_0_tb_body">
<div class="et_pb_module et_pb_post_content et_pb_post_content_0_tb_body">
<div class="et_pb_module et_pb_post_content et_pb_post_content_0_tb_body">
<div class="et_pb_module et_pb_post_content et_pb_post_content_0_tb_body">
<div class="et_pb_module et_pb_post_content et_pb_post_content_0_tb_body">
<div class="et_pb_module et_pb_post_content et_pb_post_content_0_tb_body">
<div class="et_pb_module et_pb_post_title et_pb_post_title_1_tb_body et_pb_bg_layout_light et_pb_text_align_left"></div>
<div class="et_pb_module et_pb_post_content et_pb_post_content_0_tb_body">
<div class="et_pb_module et_pb_post_content et_pb_post_content_0_tb_body">
<div class="et_pb_module et_pb_post_title et_pb_post_title_1_tb_body et_pb_bg_layout_light et_pb_text_align_left">
<div class="et_pb_title_container"></div>
</div>
<div class="et_pb_module et_pb_post_content et_pb_post_content_0_tb_body">
<div class="et_pb_module et_pb_post_title et_pb_post_title_1_tb_body et_pb_bg_layout_light et_pb_text_align_left">
<div class="et_pb_title_container"></div>
</div>
<div class="et_pb_module et_pb_post_content et_pb_post_content_0_tb_body">
<div class="et_pb_module et_pb_post_title et_pb_post_title_1_tb_body et_pb_bg_layout_light et_pb_text_align_left">
<div class="et_pb_title_container">
<h1 class="entry-title">Filmklub: Szerelmem, Marokkó</h1>
</div>
</div>
<div class="et_pb_module et_pb_post_content et_pb_post_content_0_tb_body">
<p class="wp-block-paragraph">Feliratos spanyol romantikus dráma, 116 perc, 2025<br />
R.: Maryam Touzani<br />
Sz.: Carmen Maura, Marta Etura, Ahmed Boulane</p>
<p class="wp-block-paragraph">Az idős spanyol nő, Maria Ángeles a marokkói Tangerben él. A háza nemcsak az otthona, hanem egész életének szép emlékekkel teli lenyomata. Amikor lánya, Clara a ház eladása mellett dönt, Maria Ángeles nem hajlandó belenyugodni a változásba. Elszántan kezd küzdeni, hogy megőrizze mindazt, ami a biztonságot, a boldogságot és a múltat jelenti számára. Eközben, amikor a legkevésbé várja, újra rátalál a szerelem is…<br />
A Szerelmem, Marokkó a számos nemzetközi díjjal elismert marokkói rendező, Maryam Touzani első spanyol nyelvű filmje. „Édes és lágy” – írta róla a Variety, „könnyed és magával ragadó” – fogalmazott a The Wrap, és a legtöbb kritika kiemelte az Almodóvar múzsájaként ismert főszereplő, Carmen Maura mélyen átélt, érzékeny alakítását.<br />
A 2025-ös velencei filmfesztiválon debütált, ahol a Venezia Spotlight szekció közönségdíját nyerte. Azóta számos további nemzetközi fesztiválon díjazták. (Cirko Film)</p>
<p class="wp-block-paragraph">Age limit: 16 years<br />
Admission: 2000 Ft<br />
Discounted season tickets are available at our ticket office!</p>
</div>
</div>
</div>
</div>
</div>
</div>
</div>
</div>
</div>
</div>
</div>

<p>2026. szeptember 21. Hétfő 18:00-20:00</p>
<p>Online or on site ticket price: 2000 HUF</p>
<p>Reservations are made on a first-come, first-served basis.</p>

<img class="wp-image-17890 aligncenter" src="https://agoraveszprem.hu/wp-content/uploads/2024/04/ferfi-hajomakettet-tart-a-kezeben-300x171.jpg" alt="" width="504" height="287" />

 

Svájci-dán vígjáték eredeti nyelven magyar felirattal, 92 perc, 2022<br class="html-br" />Rendezte: Barbara Kulcsar<br class="html-br" />Szereplők: Esther Gemsch, Stefan Kurt, Ueli Jäggi, Gundi Ellert

Az Aranyéveink című svájci vígjáték egy frissen nyugdíjba vonuló házaspár újrakezdésének történetét dolgozza fel, bájos humorral, mély együttérzéssel, könnyedsége ellenére is fontos, mindannyiunkat érintő kérdésekkel. A magyar származású svájci rendező, Barbara Kulcsar filmje Svájcban közönségkedvenc volt, de a német nézők szívét is meghódította. (JUNO11)

Korhatár: 16 év
Belépődíj: 1300 Ft
