{"id":50338,"date":"2026-08-31T09:45:32","date_gmt":"2026-08-31T08:45:32","guid":{"rendered":"https:\/\/agoraveszprem.hu\/termek\/"},"modified":"2026-08-31T11:59:12","modified_gmt":"2026-08-31T10:59:12","slug":"utolso-elotti-vacsora-2026-11-08","status":"publish","type":"product","link":"https:\/\/agoraveszprem.hu\/eng\/product\/utolso-elotti-vacsora-2026-11-08\/","title":{"rendered":"Utols\u00f3 el\u0151tti vacsora 2026. 11. 08. vas\u00e1rnap 18 \u00f3ra"},"content":{"rendered":"<p><img loading=\"lazy\" decoding=\"async\" class=\"size-full wp-image-50340 aligncenter\" src=\"https:\/\/agoraveszprem.hu\/wp-content\/uploads\/2026\/08\/utolsov-Fb.jpg\" alt=\"utols\u00f3v\" width=\"1200\" height=\"628\" srcset=\"https:\/\/agoraveszprem.hu\/wp-content\/uploads\/2026\/08\/utolsov-Fb.jpg 1200w, https:\/\/agoraveszprem.hu\/wp-content\/uploads\/2026\/08\/utolsov-Fb-980x513.jpg 980w, https:\/\/agoraveszprem.hu\/wp-content\/uploads\/2026\/08\/utolsov-Fb-480x251.jpg 480w\" sizes=\"(min-width: 0px) and (max-width: 480px) 480px, (min-width: 481px) and (max-width: 980px) 980px, (min-width: 981px) 1200px, 100vw\" \/><\/p>\n<div class=\"et_pb_module et_pb_post_content et_pb_post_content_0_tb_body\">\n<div class=\"et_pb_module et_pb_post_content et_pb_post_content_0_tb_body\">\n<div class=\"et_pb_module et_pb_post_content et_pb_post_content_0_tb_body\">\n<div class=\"et_pb_module et_pb_post_content et_pb_post_content_0_tb_body\">\n<div class=\"et_pb_module et_pb_post_content et_pb_post_content_0_tb_body\">\n<div class=\"et_pb_module et_pb_post_content et_pb_post_content_0_tb_body\">\n<div class=\"et_pb_module et_pb_post_title et_pb_post_title_1_tb_body et_pb_bg_layout_light et_pb_text_align_left\"><\/div>\n<div class=\"et_pb_module et_pb_post_content et_pb_post_content_0_tb_body\">\n<div class=\"et_pb_module et_pb_post_content et_pb_post_content_0_tb_body\">\n<div class=\"et_pb_module et_pb_post_title et_pb_post_title_1_tb_body et_pb_bg_layout_light et_pb_text_align_left\">\n<div class=\"et_pb_title_container\"><\/div>\n<\/div>\n<div class=\"et_pb_module et_pb_post_content et_pb_post_content_0_tb_body\">\n<div class=\"et_pb_module et_pb_post_title et_pb_post_title_1_tb_body et_pb_bg_layout_light et_pb_text_align_left\">\n<div class=\"et_pb_title_container\"><\/div>\n<\/div>\n<div class=\"et_pb_module et_pb_post_content et_pb_post_content_0_tb_body\">\n<div class=\"et_pb_module et_pb_post_title et_pb_post_title_1_tb_body et_pb_bg_layout_light et_pb_text_align_left\">\n<div class=\"et_pb_title_container\">\n<h1 class=\"entry-title\">Utols\u00f3 el\u0151tti vacsora<\/h1>\n<\/div>\n<\/div>\n<div class=\"et_pb_module et_pb_post_content et_pb_post_content_0_tb_body\">\n<p class=\"wp-block-paragraph\">Utols\u00f3 el\u0151tti vacsora c\u00edm\u0171 el\u0151ad\u00e1s\u00e1val egy k\u00f6z\u00f6s lakom\u00e1ra h\u00edvja nagy\u00e9rdem\u0171 k\u00f6z\u00f6ns\u00e9g\u00e9t Juh\u00e1sz Kata \u00e9s t\u00e1rsulata. Fontos eleme az estnek a hatfog\u00e1sos gourmet men\u00fc, \u00e1m a kulin\u00e1ris \u00e9lvezetekhez egy minden \u00edz\u00e9ben koreograf\u00e1lt k\u00e9t\u00f3r\u00e1s cerem\u00f3nia seg\u00edti hozz\u00e1 az asztalt\u00e1rsas\u00e1got. Az \u00e9tkeket Kereszty G\u00e1bor s\u00e9f k\u00e9sz\u00edti \u00e9s t\u00e1lalja helyben, a t\u00e1rsulat tagjai pedig -t\u00e1ncosok \u00e9s akrobat\u00e1k- gondoskodnak a rendhagy\u00f3 felszolg\u00e1l\u00e1sr\u00f3l \u00e9s am\u00edg a lakoma r\u00e9sztvev\u0151i az egyes fog\u00e1sokat elfogyasztj\u00e1k: sz\u00f3rakoztat\u00e1sukr\u00f3l, k\u00f6zvetlen testk\u00f6zelben.<\/p>\n<p class=\"wp-block-paragraph\">Speakers:<br \/>\n\u2022 D\u00e9ri Andr\u00e1s<br \/>\n\u2022 Cserh\u00e1ti Gergely<br \/>\n\u2022 Hov\u00e1n Marcell<br \/>\n\u2022 Juh\u00e1sz Kata<br \/>\n\u2022 Kudl\u00e1k Eszti<br \/>\n\u2022 Mark\u00f3 Fruzsina<\/p>\n<p class=\"wp-block-paragraph\">Koncepci\u00f3:<br \/>\nL\u00f3ky Tam\u00e1s<\/p>\n<p class=\"wp-block-paragraph\">Choreography:<br \/>\nJuh\u00e1sz Kata<\/p>\n<p class=\"wp-block-paragraph\">Gasztron\u00f3mia:<br \/>\nKereszty G\u00e1bor<br \/>\nJegy\u00e1r: 35.000Ft\/f\u0151<\/p>\n<\/div>\n<\/div>\n<\/div>\n<\/div>\n<\/div>\n<\/div>\n<\/div>\n<\/div>\n<\/div>\n<\/div>\n<\/div>","protected":false},"excerpt":{"rendered":"<p>2026. november 8. Vas\u00e1rnap 18:00-20:00<\/p>\n<p>Online vagy helysz\u00edni jegy\u00e1r: 35000 Ft<\/p>\n<p>Reservations are made on a first-come, first-served basis.<\/p>","protected":false},"featured_media":32046,"template":"","meta":{"_et_pb_use_builder":"off","_et_pb_old_content":"<img class=\"wp-image-17890 aligncenter\" src=\"https:\/\/agoraveszprem.hu\/wp-content\/uploads\/2024\/04\/ferfi-hajomakettet-tart-a-kezeben-300x171.jpg\" alt=\"\" width=\"504\" height=\"287\" \/>\r\n\r\n\u00a0\r\n\r\nSv\u00e1jci-d\u00e1n v\u00edgj\u00e1t\u00e9k eredeti nyelven magyar felirattal, 92 perc, 2022<br class=\"html-br\" \/>Rendezte: Barbara Kulcsar<br class=\"html-br\" \/>Szerepl\u0151k: Esther Gemsch, Stefan Kurt, Ueli J\u00e4ggi, Gundi Ellert\r\n\r\nAz Arany\u00e9veink c\u00edm\u0171 sv\u00e1jci v\u00edgj\u00e1t\u00e9k egy frissen nyugd\u00edjba vonul\u00f3 h\u00e1zasp\u00e1r \u00fajrakezd\u00e9s\u00e9nek t\u00f6rt\u00e9net\u00e9t dolgozza fel, b\u00e1jos humorral, m\u00e9ly egy\u00fctt\u00e9rz\u00e9ssel, k\u00f6nnyeds\u00e9ge ellen\u00e9re is fontos, mindannyiunkat \u00e9rint\u0151 k\u00e9rd\u00e9sekkel. A magyar sz\u00e1rmaz\u00e1s\u00fa sv\u00e1jci rendez\u0151, Barbara Kulcsar filmje Sv\u00e1jcban k\u00f6z\u00f6ns\u00e9gkedvenc volt, de a n\u00e9met n\u00e9z\u0151k sz\u00edv\u00e9t is megh\u00f3d\u00edtotta. (JUNO11)\r\n\r\nKorhat\u00e1r: 16 \u00e9v\r\nBel\u00e9p\u0151d\u00edj: 1300 Ft","_et_gb_content_width":""},"product_brand":[],"product_cat":[39],"product_tag":[],"class_list":["post-50338","product","type-product","status-publish","has-post-thumbnail","product_cat-eticket","first","instock","virtual","taxable","purchasable","product-type-simple"],"_links":{"self":[{"href":"https:\/\/agoraveszprem.hu\/eng\/wp-json\/wp\/v2\/product\/50338","targetHints":{"allow":["GET"]}}],"collection":[{"href":"https:\/\/agoraveszprem.hu\/eng\/wp-json\/wp\/v2\/product"}],"about":[{"href":"https:\/\/agoraveszprem.hu\/eng\/wp-json\/wp\/v2\/types\/product"}],"wp:featuredmedia":[{"embeddable":true,"href":"https:\/\/agoraveszprem.hu\/eng\/wp-json\/wp\/v2\/media\/32046"}],"wp:attachment":[{"href":"https:\/\/agoraveszprem.hu\/eng\/wp-json\/wp\/v2\/media?parent=50338"}],"wp:term":[{"taxonomy":"product_brand","embeddable":true,"href":"https:\/\/agoraveszprem.hu\/eng\/wp-json\/wp\/v2\/product_brand?post=50338"},{"taxonomy":"product_cat","embeddable":true,"href":"https:\/\/agoraveszprem.hu\/eng\/wp-json\/wp\/v2\/product_cat?post=50338"},{"taxonomy":"product_tag","embeddable":true,"href":"https:\/\/agoraveszprem.hu\/eng\/wp-json\/wp\/v2\/product_tag?post=50338"}],"curies":[{"name":"wp","href":"https:\/\/api.w.org\/{rel}","templated":true}]}}

Utolsó előtti vacsora 2026. 11. 08. vasárnap 18 óra

<p><img loading="lazy" decoding="async" class="size-full wp-image-50340 aligncenter" src="https://agoraveszprem.hu/wp-content/uploads/2026/08/utolsov-Fb.jpg" alt="utolsóv" width="1200" height="628" srcset="https://agoraveszprem.hu/wp-content/uploads/2026/08/utolsov-Fb.jpg 1200w, https://agoraveszprem.hu/wp-content/uploads/2026/08/utolsov-Fb-980x513.jpg 980w, https://agoraveszprem.hu/wp-content/uploads/2026/08/utolsov-Fb-480x251.jpg 480w" sizes="(min-width: 0px) and (max-width: 480px) 480px, (min-width: 481px) and (max-width: 980px) 980px, (min-width: 981px) 1200px, 100vw" /></p>
<div class="et_pb_module et_pb_post_content et_pb_post_content_0_tb_body">
<div class="et_pb_module et_pb_post_content et_pb_post_content_0_tb_body">
<div class="et_pb_module et_pb_post_content et_pb_post_content_0_tb_body">
<div class="et_pb_module et_pb_post_content et_pb_post_content_0_tb_body">
<div class="et_pb_module et_pb_post_content et_pb_post_content_0_tb_body">
<div class="et_pb_module et_pb_post_content et_pb_post_content_0_tb_body">
<div class="et_pb_module et_pb_post_title et_pb_post_title_1_tb_body et_pb_bg_layout_light et_pb_text_align_left"></div>
<div class="et_pb_module et_pb_post_content et_pb_post_content_0_tb_body">
<div class="et_pb_module et_pb_post_content et_pb_post_content_0_tb_body">
<div class="et_pb_module et_pb_post_title et_pb_post_title_1_tb_body et_pb_bg_layout_light et_pb_text_align_left">
<div class="et_pb_title_container"></div>
</div>
<div class="et_pb_module et_pb_post_content et_pb_post_content_0_tb_body">
<div class="et_pb_module et_pb_post_title et_pb_post_title_1_tb_body et_pb_bg_layout_light et_pb_text_align_left">
<div class="et_pb_title_container"></div>
</div>
<div class="et_pb_module et_pb_post_content et_pb_post_content_0_tb_body">
<div class="et_pb_module et_pb_post_title et_pb_post_title_1_tb_body et_pb_bg_layout_light et_pb_text_align_left">
<div class="et_pb_title_container">
<h1 class="entry-title">Utolsó előtti vacsora</h1>
</div>
</div>
<div class="et_pb_module et_pb_post_content et_pb_post_content_0_tb_body">
<p class="wp-block-paragraph">Utolsó előtti vacsora című előadásával egy közös lakomára hívja nagyérdemű közönségét Juhász Kata és társulata. Fontos eleme az estnek a hatfogásos gourmet menü, ám a kulináris élvezetekhez egy minden ízében koreografált kétórás ceremónia segíti hozzá az asztaltársaságot. Az étkeket Kereszty Gábor séf készíti és tálalja helyben, a társulat tagjai pedig -táncosok és akrobaták- gondoskodnak a rendhagyó felszolgálásról és amíg a lakoma résztvevői az egyes fogásokat elfogyasztják: szórakoztatásukról, közvetlen testközelben.</p>
<p class="wp-block-paragraph">Speakers:<br />
• Déri András<br />
• Cserháti Gergely<br />
• Hován Marcell<br />
• Juhász Kata<br />
• Kudlák Eszti<br />
• Markó Fruzsina</p>
<p class="wp-block-paragraph">Koncepció:<br />
Lóky Tamás</p>
<p class="wp-block-paragraph">Choreography:<br />
Juhász Kata</p>
<p class="wp-block-paragraph">Gasztronómia:<br />
Kereszty Gábor<br />
Jegyár: 35.000Ft/fő</p>
</div>
</div>
</div>
</div>
</div>
</div>
</div>
</div>
</div>
</div>
</div>

<p>2026. november 8. Vasárnap 18:00-20:00</p>
<p>Online vagy helyszíni jegyár: 35000 Ft</p>
<p>Reservations are made on a first-come, first-served basis.</p>

<img class="wp-image-17890 aligncenter" src="https://agoraveszprem.hu/wp-content/uploads/2024/04/ferfi-hajomakettet-tart-a-kezeben-300x171.jpg" alt="" width="504" height="287" />

 

Svájci-dán vígjáték eredeti nyelven magyar felirattal, 92 perc, 2022<br class="html-br" />Rendezte: Barbara Kulcsar<br class="html-br" />Szereplők: Esther Gemsch, Stefan Kurt, Ueli Jäggi, Gundi Ellert

Az Aranyéveink című svájci vígjáték egy frissen nyugdíjba vonuló házaspár újrakezdésének történetét dolgozza fel, bájos humorral, mély együttérzéssel, könnyedsége ellenére is fontos, mindannyiunkat érintő kérdésekkel. A magyar származású svájci rendező, Barbara Kulcsar filmje Svájcban közönségkedvenc volt, de a német nézők szívét is meghódította. (JUNO11)

Korhatár: 16 év
Belépődíj: 1300 Ft
