{"id":50349,"date":"2026-08-31T10:11:08","date_gmt":"2026-08-31T09:11:08","guid":{"rendered":"https:\/\/agoraveszprem.hu\/termek\/"},"modified":"2026-08-31T12:13:42","modified_gmt":"2026-08-31T11:13:42","slug":"mittersisters-armi-taskakeszito-workshop-2026-11-07","status":"publish","type":"product","link":"https:\/\/agoraveszprem.hu\/eng\/product\/mittersisters-armi-taskakeszito-workshop-2026-11-07\/","title":{"rendered":"Mittersisters ARMI t\u00e1skak\u00e9sz\u00edt\u0151 workshop 2026. 11. 07. szombat 15 \u00f3ra"},"content":{"rendered":"<p><img loading=\"lazy\" decoding=\"async\" class=\"size-full wp-image-50350 aligncenter\" src=\"https:\/\/agoraveszprem.hu\/wp-content\/uploads\/2026\/08\/taskastanf-Fb.jpg\" alt=\"t\u00e1sk\u00e1stanf\" width=\"1200\" height=\"627\" srcset=\"https:\/\/agoraveszprem.hu\/wp-content\/uploads\/2026\/08\/taskastanf-Fb.jpg 1200w, https:\/\/agoraveszprem.hu\/wp-content\/uploads\/2026\/08\/taskastanf-Fb-980x512.jpg 980w, https:\/\/agoraveszprem.hu\/wp-content\/uploads\/2026\/08\/taskastanf-Fb-480x251.jpg 480w\" sizes=\"(min-width: 0px) and (max-width: 480px) 480px, (min-width: 481px) and (max-width: 980px) 980px, (min-width: 981px) 1200px, 100vw\" \/><\/p>\n<div class=\"et_pb_module et_pb_post_content et_pb_post_content_0_tb_body\">\n<div class=\"et_pb_module et_pb_post_content et_pb_post_content_0_tb_body\">\n<div class=\"et_pb_module et_pb_post_content et_pb_post_content_0_tb_body\">\n<div class=\"et_pb_module et_pb_post_content et_pb_post_content_0_tb_body\">\n<div class=\"et_pb_module et_pb_post_content et_pb_post_content_0_tb_body\">\n<div class=\"et_pb_module et_pb_post_content et_pb_post_content_0_tb_body\">\n<div class=\"et_pb_module et_pb_post_title et_pb_post_title_1_tb_body et_pb_bg_layout_light et_pb_text_align_left\"><\/div>\n<div class=\"et_pb_module et_pb_post_content et_pb_post_content_0_tb_body\">\n<div class=\"et_pb_module et_pb_post_content et_pb_post_content_0_tb_body\">\n<div class=\"et_pb_module et_pb_post_title et_pb_post_title_1_tb_body et_pb_bg_layout_light et_pb_text_align_left\">\n<div class=\"et_pb_title_container\"><\/div>\n<\/div>\n<div class=\"et_pb_module et_pb_post_content et_pb_post_content_0_tb_body\">\n<div class=\"et_pb_module et_pb_post_title et_pb_post_title_1_tb_body et_pb_bg_layout_light et_pb_text_align_left\">\n<div class=\"et_pb_title_container\"><\/div>\n<\/div>\n<div class=\"et_pb_module et_pb_post_content et_pb_post_content_0_tb_body\">\n<div class=\"et_pb_module et_pb_post_title et_pb_post_title_1_tb_body et_pb_bg_layout_light et_pb_text_align_left\">\n<div class=\"et_pb_title_container\">\n<h1 class=\"entry-title\">Mittersisters ARMI t\u00e1skak\u00e9sz\u00edt\u0151 workshop<\/h1>\n<\/div>\n<\/div>\n<div class=\"et_pb_module et_pb_post_content et_pb_post_content_0_tb_body\">\n<p class=\"wp-block-paragraph\">A Mittersisters a hazai designszc\u00e9na egyik meghat\u00e1roz\u00f3 luxusm\u00e1rk\u00e1ja. 2015-ben \u00fatt\u00f6r\u0151k\u00e9nt kezdt\u00e9k meg munk\u00e1jukat, az\u00f3ta pedig sz\u00e1mos nagyv\u00e1llalattal dolgoztak egy\u00fctt.<\/p>\n<p class=\"wp-block-paragraph\">A Mittersisters a slow fashion szeml\u00e9let\u00e9t k\u00e9pviseli. C\u00e9ljuk, hogy alternat\u00edv\u00e1t mutassanak a t\u00f6meggy\u00e1rt\u00e1ssal \u00e9s a gyorsan v\u00e1ltoz\u00f3 divattrendekkel szemben.<\/p>\n<p class=\"wp-block-paragraph\">Sz\u00e1mukra a fenntarthat\u00f3s\u00e1g azt jelenti, hogy \u00e9rt\u00e9ket teremtenek abb\u00f3l, ami m\u00e1r rendelkez\u00e9sre \u00e1ll, a lehet\u0151 legkevesebbet pazarolj\u00e1k el, \u00e9s olyan t\u00e1rgyakat hoznak l\u00e9tre, amelyeket \u00e9rdemes hossz\u00fa \u00e9veken kereszt\u00fcl meg\u0151rizni.<\/p>\n<p class=\"wp-block-paragraph\">Az ARMI t\u00e1skak\u00e9sz\u00edt\u0151 workshopon most te is elk\u00e9sz\u00edtheted a saj\u00e1t, teljesen egyedi b\u0151rt\u00e1sk\u00e1dat:<\/p>\n<p class=\"wp-block-paragraph\">\u2022 T\u00f6bb sz\u00e1z sz\u00edn \u00e9s d\u00edsz\u00edt\u0151elem k\u00f6z\u00fcl v\u00e1laszthatsz<br \/>\n\u2022 Pr\u00e9mium min\u0151s\u00e9g\u0171 b\u0151r\u00f6kkel dolgozhatsz<br \/>\n\u2022 Te \u00e1ll\u00edthatod \u00f6ssze a t\u00e1sk\u00e1d minden r\u00e9szlet\u00e9t<br \/>\n\u2022 K\u00e9pzett designerek seg\u00edtenek a teljes folyamat sor\u00e1n<br \/>\n\u2022 K\u00f6zben betekint\u00e9st kapsz a b\u0151r\u00f6k vil\u00e1g\u00e1ba \u00e9s a Mittersisters fenntarthat\u00f3s\u00e1gi szeml\u00e9let\u00e9be<\/p>\n<p class=\"wp-block-paragraph\">A folyamat a b\u0151r\u00f6k kiv\u00e1laszt\u00e1s\u00e1val kezd\u0151dik, majd l\u00e9p\u00e9sr\u0151l l\u00e9p\u00e9sre elk\u00e9sz\u00edted a t\u00e1sk\u00e1d minden alkot\u00f3elem\u00e9t. A v\u00e9gs\u0151 varr\u00e1st profi designereik v\u00e9gzik el, \u00edgy a workshop v\u00e9g\u00e9n egy igaz\u00e1n szem\u00e9lyes, pr\u00e9mium min\u0151s\u00e9g\u0171 \u00e9s teljesen egyedi t\u00e1sk\u00e1val t\u00e1vozhatsz.<\/p>\n<p class=\"wp-block-paragraph\"><strong>Fontos inform\u00e1ci\u00f3:<\/strong><br \/>\nA t\u00e1sk\u00e1k v\u00e9gs\u0151 megvarr\u00e1s\u00e1t a Mittersisters kiz\u00e1r\u00f3lag budapesti m\u0171hely\u00e9ben tudja elv\u00e9gezni, ez\u00e9rt a k\u00e9sz t\u00e1sk\u00e1t a workshopot k\u00f6vet\u0151en, v\u00e1rhat\u00f3an n\u00e9h\u00e1ny nap m\u00falva tudjuk \u00e1tadni.<\/p>\n<p class=\"wp-block-paragraph\">Ne csak v\u00e1lassz egy t\u00e1sk\u00e1t. Alkosd meg a saj\u00e1todat!<\/p>\n<p class=\"wp-block-paragraph\"><strong>R\u00e9szv\u00e9teli d\u00edj: 58.000Ft\/ f\u0151<\/strong><\/p>\n<p class=\"wp-block-paragraph\"><strong>A workshop legal\u00e1bb 10 f\u0151 jelentkez\u00e9se eset\u00e9n tud megval\u00f3sulni.<\/strong><\/p>\n<p class=\"wp-block-paragraph\"><strong>Once the participation fee has been paid, cancellation is not possible, but the right to participate is transferable.<\/strong><\/p>\n<p class=\"wp-block-paragraph\">To enquire, please contact Violetta Szirbek at szirbek.violetta@agoraveszprem.hu or call 88\/429-111.<\/p>\n<\/div>\n<\/div>\n<\/div>\n<\/div>\n<\/div>\n<\/div>\n<\/div>\n<\/div>\n<\/div>\n<\/div>\n<\/div>","protected":false},"excerpt":{"rendered":"<p>2026. november 07. Szombat 15:00-18:00<\/p>\n<p>Online vagy helysz\u00edni r\u00e9szv\u00e9teli d\u00edj: 58000 Ft<\/p>\n<p>&nbsp;<\/p>","protected":false},"featured_media":32048,"template":"","meta":{"_et_pb_use_builder":"off","_et_pb_old_content":"<img class=\"wp-image-17890 aligncenter\" src=\"https:\/\/agoraveszprem.hu\/wp-content\/uploads\/2024\/04\/ferfi-hajomakettet-tart-a-kezeben-300x171.jpg\" alt=\"\" width=\"504\" height=\"287\" \/>\r\n\r\n\u00a0\r\n\r\nSv\u00e1jci-d\u00e1n v\u00edgj\u00e1t\u00e9k eredeti nyelven magyar felirattal, 92 perc, 2022<br class=\"html-br\" \/>Rendezte: Barbara Kulcsar<br class=\"html-br\" \/>Szerepl\u0151k: Esther Gemsch, Stefan Kurt, Ueli J\u00e4ggi, Gundi Ellert\r\n\r\nAz Arany\u00e9veink c\u00edm\u0171 sv\u00e1jci v\u00edgj\u00e1t\u00e9k egy frissen nyugd\u00edjba vonul\u00f3 h\u00e1zasp\u00e1r \u00fajrakezd\u00e9s\u00e9nek t\u00f6rt\u00e9net\u00e9t dolgozza fel, b\u00e1jos humorral, m\u00e9ly egy\u00fctt\u00e9rz\u00e9ssel, k\u00f6nnyeds\u00e9ge ellen\u00e9re is fontos, mindannyiunkat \u00e9rint\u0151 k\u00e9rd\u00e9sekkel. A magyar sz\u00e1rmaz\u00e1s\u00fa sv\u00e1jci rendez\u0151, Barbara Kulcsar filmje Sv\u00e1jcban k\u00f6z\u00f6ns\u00e9gkedvenc volt, de a n\u00e9met n\u00e9z\u0151k sz\u00edv\u00e9t is megh\u00f3d\u00edtotta. (JUNO11)\r\n\r\nKorhat\u00e1r: 16 \u00e9v\r\nBel\u00e9p\u0151d\u00edj: 1300 Ft","_et_gb_content_width":""},"product_brand":[],"product_cat":[39],"product_tag":[],"class_list":["post-50349","product","type-product","status-publish","has-post-thumbnail","product_cat-eticket","first","instock","virtual","taxable","purchasable","product-type-simple"],"_links":{"self":[{"href":"https:\/\/agoraveszprem.hu\/eng\/wp-json\/wp\/v2\/product\/50349","targetHints":{"allow":["GET"]}}],"collection":[{"href":"https:\/\/agoraveszprem.hu\/eng\/wp-json\/wp\/v2\/product"}],"about":[{"href":"https:\/\/agoraveszprem.hu\/eng\/wp-json\/wp\/v2\/types\/product"}],"wp:featuredmedia":[{"embeddable":true,"href":"https:\/\/agoraveszprem.hu\/eng\/wp-json\/wp\/v2\/media\/32048"}],"wp:attachment":[{"href":"https:\/\/agoraveszprem.hu\/eng\/wp-json\/wp\/v2\/media?parent=50349"}],"wp:term":[{"taxonomy":"product_brand","embeddable":true,"href":"https:\/\/agoraveszprem.hu\/eng\/wp-json\/wp\/v2\/product_brand?post=50349"},{"taxonomy":"product_cat","embeddable":true,"href":"https:\/\/agoraveszprem.hu\/eng\/wp-json\/wp\/v2\/product_cat?post=50349"},{"taxonomy":"product_tag","embeddable":true,"href":"https:\/\/agoraveszprem.hu\/eng\/wp-json\/wp\/v2\/product_tag?post=50349"}],"curies":[{"name":"wp","href":"https:\/\/api.w.org\/{rel}","templated":true}]}}

Mittersisters ARMI táskakészítő workshop 2026. 11. 07. szombat 15 óra

<p><img loading="lazy" decoding="async" class="size-full wp-image-50350 aligncenter" src="https://agoraveszprem.hu/wp-content/uploads/2026/08/taskastanf-Fb.jpg" alt="táskástanf" width="1200" height="627" srcset="https://agoraveszprem.hu/wp-content/uploads/2026/08/taskastanf-Fb.jpg 1200w, https://agoraveszprem.hu/wp-content/uploads/2026/08/taskastanf-Fb-980x512.jpg 980w, https://agoraveszprem.hu/wp-content/uploads/2026/08/taskastanf-Fb-480x251.jpg 480w" sizes="(min-width: 0px) and (max-width: 480px) 480px, (min-width: 481px) and (max-width: 980px) 980px, (min-width: 981px) 1200px, 100vw" /></p>
<div class="et_pb_module et_pb_post_content et_pb_post_content_0_tb_body">
<div class="et_pb_module et_pb_post_content et_pb_post_content_0_tb_body">
<div class="et_pb_module et_pb_post_content et_pb_post_content_0_tb_body">
<div class="et_pb_module et_pb_post_content et_pb_post_content_0_tb_body">
<div class="et_pb_module et_pb_post_content et_pb_post_content_0_tb_body">
<div class="et_pb_module et_pb_post_content et_pb_post_content_0_tb_body">
<div class="et_pb_module et_pb_post_title et_pb_post_title_1_tb_body et_pb_bg_layout_light et_pb_text_align_left"></div>
<div class="et_pb_module et_pb_post_content et_pb_post_content_0_tb_body">
<div class="et_pb_module et_pb_post_content et_pb_post_content_0_tb_body">
<div class="et_pb_module et_pb_post_title et_pb_post_title_1_tb_body et_pb_bg_layout_light et_pb_text_align_left">
<div class="et_pb_title_container"></div>
</div>
<div class="et_pb_module et_pb_post_content et_pb_post_content_0_tb_body">
<div class="et_pb_module et_pb_post_title et_pb_post_title_1_tb_body et_pb_bg_layout_light et_pb_text_align_left">
<div class="et_pb_title_container"></div>
</div>
<div class="et_pb_module et_pb_post_content et_pb_post_content_0_tb_body">
<div class="et_pb_module et_pb_post_title et_pb_post_title_1_tb_body et_pb_bg_layout_light et_pb_text_align_left">
<div class="et_pb_title_container">
<h1 class="entry-title">Mittersisters ARMI táskakészítő workshop</h1>
</div>
</div>
<div class="et_pb_module et_pb_post_content et_pb_post_content_0_tb_body">
<p class="wp-block-paragraph">A Mittersisters a hazai designszcéna egyik meghatározó luxusmárkája. 2015-ben úttörőként kezdték meg munkájukat, azóta pedig számos nagyvállalattal dolgoztak együtt.</p>
<p class="wp-block-paragraph">A Mittersisters a slow fashion szemléletét képviseli. Céljuk, hogy alternatívát mutassanak a tömeggyártással és a gyorsan változó divattrendekkel szemben.</p>
<p class="wp-block-paragraph">Számukra a fenntarthatóság azt jelenti, hogy értéket teremtenek abból, ami már rendelkezésre áll, a lehető legkevesebbet pazarolják el, és olyan tárgyakat hoznak létre, amelyeket érdemes hosszú éveken keresztül megőrizni.</p>
<p class="wp-block-paragraph">Az ARMI táskakészítő workshopon most te is elkészítheted a saját, teljesen egyedi bőrtáskádat:</p>
<p class="wp-block-paragraph">• Több száz szín és díszítőelem közül választhatsz<br />
• Prémium minőségű bőrökkel dolgozhatsz<br />
• Te állíthatod össze a táskád minden részletét<br />
• Képzett designerek segítenek a teljes folyamat során<br />
• Közben betekintést kapsz a bőrök világába és a Mittersisters fenntarthatósági szemléletébe</p>
<p class="wp-block-paragraph">A folyamat a bőrök kiválasztásával kezdődik, majd lépésről lépésre elkészíted a táskád minden alkotóelemét. A végső varrást profi designereik végzik el, így a workshop végén egy igazán személyes, prémium minőségű és teljesen egyedi táskával távozhatsz.</p>
<p class="wp-block-paragraph"><strong>Fontos információ:</strong><br />
A táskák végső megvarrását a Mittersisters kizárólag budapesti műhelyében tudja elvégezni, ezért a kész táskát a workshopot követően, várhatóan néhány nap múlva tudjuk átadni.</p>
<p class="wp-block-paragraph">Ne csak válassz egy táskát. Alkosd meg a sajátodat!</p>
<p class="wp-block-paragraph"><strong>Részvételi díj: 58.000Ft/ fő</strong></p>
<p class="wp-block-paragraph"><strong>A workshop legalább 10 fő jelentkezése esetén tud megvalósulni.</strong></p>
<p class="wp-block-paragraph"><strong>Once the participation fee has been paid, cancellation is not possible, but the right to participate is transferable.</strong></p>
<p class="wp-block-paragraph">To enquire, please contact Violetta Szirbek at szirbek.violetta@agoraveszprem.hu or call 88/429-111.</p>
</div>
</div>
</div>
</div>
</div>
</div>
</div>
</div>
</div>
</div>
</div>

<p>2026. november 07. Szombat 15:00-18:00</p>
<p>Online vagy helyszíni részvételi díj: 58000 Ft</p>
<p>&nbsp;</p>

<img class="wp-image-17890 aligncenter" src="https://agoraveszprem.hu/wp-content/uploads/2024/04/ferfi-hajomakettet-tart-a-kezeben-300x171.jpg" alt="" width="504" height="287" />

 

Svájci-dán vígjáték eredeti nyelven magyar felirattal, 92 perc, 2022<br class="html-br" />Rendezte: Barbara Kulcsar<br class="html-br" />Szereplők: Esther Gemsch, Stefan Kurt, Ueli Jäggi, Gundi Ellert

Az Aranyéveink című svájci vígjáték egy frissen nyugdíjba vonuló házaspár újrakezdésének történetét dolgozza fel, bájos humorral, mély együttérzéssel, könnyedsége ellenére is fontos, mindannyiunkat érintő kérdésekkel. A magyar származású svájci rendező, Barbara Kulcsar filmje Svájcban közönségkedvenc volt, de a német nézők szívét is meghódította. (JUNO11)

Korhatár: 16 év
Belépődíj: 1300 Ft
