{"id":18069,"date":"2024-04-24T08:28:43","date_gmt":"2024-04-24T07:28:43","guid":{"rendered":"https:\/\/agoraveszprem.hu\/?post_type=tc_events&#038;p=18069"},"modified":"2024-04-24T08:28:44","modified_gmt":"2024-04-24T07:28:44","slug":"tunderkezek-kiallitas","status":"publish","type":"tc_events","link":"https:\/\/agoraveszprem.hu\/eng\/tc-events\/tunderkezek-kiallitas\/","title":{"rendered":"\"Fairy Hands\" - exhibition"},"content":{"rendered":"<p class=\"wp-block-paragraph\">\"THOUSANDS\"<br>The 50th anniversary exhibition of the creative teachers of the Dezs\u0151 Laczk\u00f3 Pedagogical Retired Club.<\/p>\n\n\n\n<p class=\"wp-block-paragraph\">Opening: 21 May 2024, 14.00<\/p>\n\n\n\n<p class=\"wp-block-paragraph\">Speech by Gyula Porga - Mayor of Veszpr\u00e9m Municipality<br>P\u00e9ter Ov\u00e1di - Member of Parliament<br>Am\u00e1lia Neveda - Director of Ag\u00f3ra Veszpr\u00e9m Cultural Centre<br>The exhibition will be opened by Dr. Vikt\u00f3ria Herth - art historian, House of Arts<\/p>\n\n\n\n<p class=\"wp-block-paragraph\">With the participation of Ildik\u00f3 Ged\u0151czi (piano)<br>Erzs\u00e9bet Iv\u00e1nyin\u00e9 Kov\u00e1cs (poem)<br>P\u00e1l M\u00e1rton Benyovszky (poem)<\/p>\n\n\n\n<p class=\"wp-block-paragraph\">The exhibition will be on display until 6 June in the Agora exhibition hall.<\/p>","protected":false},"featured_media":18071,"template":"","event_category":[52],"class_list":["post-18069","tc_events","type-tc_events","status-publish","has-post-thumbnail","hentry","event_category-kiallitasok"],"_links":{"self":[{"href":"https:\/\/agoraveszprem.hu\/eng\/wp-json\/wp\/v2\/tc_events\/18069","targetHints":{"allow":["GET"]}}],"collection":[{"href":"https:\/\/agoraveszprem.hu\/eng\/wp-json\/wp\/v2\/tc_events"}],"about":[{"href":"https:\/\/agoraveszprem.hu\/eng\/wp-json\/wp\/v2\/types\/tc_events"}],"wp:featuredmedia":[{"embeddable":true,"href":"https:\/\/agoraveszprem.hu\/eng\/wp-json\/wp\/v2\/media\/18071"}],"wp:attachment":[{"href":"https:\/\/agoraveszprem.hu\/eng\/wp-json\/wp\/v2\/media?parent=18069"}],"wp:term":[{"taxonomy":"event_category","embeddable":true,"href":"https:\/\/agoraveszprem.hu\/eng\/wp-json\/wp\/v2\/event_category?post=18069"}],"curies":[{"name":"wp","href":"https:\/\/api.w.org\/{rel}","templated":true}]}}

<p class="wp-block-paragraph">"THOUSANDS"<br>The 50th anniversary exhibition of the creative teachers of the Dezső Laczkó Pedagogical Retired Club.</p>



<p class="wp-block-paragraph">Opening: 21 May 2024, 14.00</p>



<p class="wp-block-paragraph">Speech by Gyula Porga - Mayor of Veszprém Municipality<br>Péter Ovádi - Member of Parliament<br>Amália Neveda - Director of Agóra Veszprém Cultural Centre<br>The exhibition will be opened by Dr. Viktória Herth - art historian, House of Arts</p>



<p class="wp-block-paragraph">With the participation of Ildikó Gedőczi (piano)<br>Erzsébet Iványiné Kovács (poem)<br>Pál Márton Benyovszky (poem)</p>



<p class="wp-block-paragraph">The exhibition will be on display until 6 June in the Agora exhibition hall.</p>
