{"id":41396,"date":"2026-01-22T14:08:23","date_gmt":"2026-01-22T13:08:23","guid":{"rendered":"https:\/\/agoraveszprem.hu\/?post_type=tc_events&#038;p=41396"},"modified":"2026-01-22T14:38:21","modified_gmt":"2026-01-22T13:38:21","slug":"mondjad-atikam-jozsef-attila-est-2","status":"publish","type":"tc_events","link":"https:\/\/agoraveszprem.hu\/eng\/tc-events\/mondjad-atikam-jozsef-attila-est-2\/","title":{"rendered":"Tell me, Atika! - J\u00f3zsef Attila-evening"},"content":{"rendered":"<p class=\"wp-block-paragraph\"><strong>- Mikl\u00f3s Vecsei H., Gerg\u0151 Balla (Platon Karataev) <br>On the occasion of the Hungarian Poetry Day<\/strong> <\/p>\n\n\n\n<p class=\"wp-block-paragraph\">What does Attila J\u00f3zsef mean to us? We know his life. We have our favourite poems by him. We reinterpret and reinterpret his lines at different stages of our lives. But we rarely reflect on the devastating passion and desire to love that lived in him. \"Attila J\u00f3zsef, with the power of madness, sometimes reached deeper with a single word than anyone before him\", wrote S\u00e1ndor M\u00e1rai in his diary. It is from this depth that Mikl\u00f3s H. Vecsei draws, from which he tries to show the poet's life, his loves and his poetic passages.<\/p>\n\n\n\n<p class=\"wp-block-paragraph\">Running time: 100 minutes without a break<\/p>\n\n\n\n<p class=\"wp-block-paragraph\"><strong>Admission: 6.500 HUF<\/strong><\/p>\n\n\n\n<p class=\"wp-block-paragraph\"><strong>Tickets available at the Ag\u00f3ra box office and online<\/strong><\/p>\n\n\n\n            <div class=\"tc-woo-add-to-cart-group-wrap\"><\/div>\r\n            <div class=\"tc-woo-add-to-cart-wrap\" style=\"\">\r\n            <p class=\"product woocommerce add_to_cart_inline\" style=\"border:none\"><a href=\"https:\/\/agoraveszprem.hu\/eng\/product\/mondjad-atikam-jozsef-attila-est-2026-04-10-pentek-19-30\/\" aria-describedby=\"woocommerce_loop_add_to_cart_link_describedby_41398\" data-quantity=\"false\" class=\"button product_type_simple\" data-product_id=\"41398\" data-product_sku=\"AET2026-JE0410\" aria-label=\"Read more about \u201cMondjad Atik\u00e1m! \u2013 J\u00f3zsef Attila-est 2026. 04. 10. p\u00e9ntek 19:30\u201d\" rel=\"nofollow\" data-success_message=\"\" data-no-translation=\"\" data-trp-gettext=\"\" data-no-translation-aria-label=\"\">Read more<\/a>\t<span id=\"woocommerce_loop_add_to_cart_link_describedby_41398\" class=\"screen-reader-text\">\n\t\t\t<\/span>\n<\/p>            <\/div>\r\n            \n\n                        \n\n\n\n<p class=\"wp-block-paragraph\"><\/p>\n\n\n\n<p class=\"wp-block-paragraph\"><\/p>\n\n\n\n<p class=\"wp-block-paragraph\"><\/p>","protected":false},"featured_media":41399,"template":"","event_category":[54,55],"class_list":["post-41396","tc_events","type-tc_events","status-publish","has-post-thumbnail","hentry","event_category-rendezvenyek","event_category-szinhaz"],"_links":{"self":[{"href":"https:\/\/agoraveszprem.hu\/eng\/wp-json\/wp\/v2\/tc_events\/41396","targetHints":{"allow":["GET"]}}],"collection":[{"href":"https:\/\/agoraveszprem.hu\/eng\/wp-json\/wp\/v2\/tc_events"}],"about":[{"href":"https:\/\/agoraveszprem.hu\/eng\/wp-json\/wp\/v2\/types\/tc_events"}],"wp:featuredmedia":[{"embeddable":true,"href":"https:\/\/agoraveszprem.hu\/eng\/wp-json\/wp\/v2\/media\/41399"}],"wp:attachment":[{"href":"https:\/\/agoraveszprem.hu\/eng\/wp-json\/wp\/v2\/media?parent=41396"}],"wp:term":[{"taxonomy":"event_category","embeddable":true,"href":"https:\/\/agoraveszprem.hu\/eng\/wp-json\/wp\/v2\/event_category?post=41396"}],"curies":[{"name":"wp","href":"https:\/\/api.w.org\/{rel}","templated":true}]}}

Tell me, Atika! - József Attila-evening

<p class="wp-block-paragraph"><strong>- Miklós Vecsei H., Gergő Balla (Platon Karataev) <br>On the occasion of the Hungarian Poetry Day</strong> </p>



<p class="wp-block-paragraph">What does Attila József mean to us? We know his life. We have our favourite poems by him. We reinterpret and reinterpret his lines at different stages of our lives. But we rarely reflect on the devastating passion and desire to love that lived in him. "Attila József, with the power of madness, sometimes reached deeper with a single word than anyone before him", wrote Sándor Márai in his diary. It is from this depth that Miklós H. Vecsei draws, from which he tries to show the poet's life, his loves and his poetic passages.</p>



<p class="wp-block-paragraph">Running time: 100 minutes without a break</p>



<p class="wp-block-paragraph"><strong>Admission: 6.500 HUF</strong></p>



<p class="wp-block-paragraph"><strong>Tickets available at the Agóra box office and online</strong></p>



            <div class="tc-woo-add-to-cart-group-wrap"></div>
            <div class="tc-woo-add-to-cart-wrap" style="">
            <p class="product woocommerce add_to_cart_inline" style="border:none"><a href="https://agoraveszprem.hu/eng/product/mondjad-atikam-jozsef-attila-est-2026-04-10-pentek-19-30/" aria-describedby="woocommerce_loop_add_to_cart_link_describedby_41398" data-quantity="false" class="button product_type_simple" data-product_id="41398" data-product_sku="AET2026-JE0410" aria-label="Read more about “Mondjad Atikám! – József Attila-est 2026. 04. 10. péntek 19:30”" rel="nofollow" data-success_message="" data-no-translation="" data-trp-gettext="" data-no-translation-aria-label="">Read more</a>	<span id="woocommerce_loop_add_to_cart_link_describedby_41398" class="screen-reader-text">
			</span>
</p>            </div>
            

                        



<p class="wp-block-paragraph"></p>



<p class="wp-block-paragraph"></p>



<p class="wp-block-paragraph"></p>
