{"id":41724,"date":"2026-01-29T11:53:29","date_gmt":"2026-01-29T10:53:29","guid":{"rendered":"https:\/\/agoraveszprem.hu\/?post_type=tc_events&#038;p=41724"},"modified":"2026-01-29T11:53:31","modified_gmt":"2026-01-29T10:53:31","slug":"mesel-az-ecset-kecso-iren-kiallitasa","status":"publish","type":"tc_events","link":"https:\/\/agoraveszprem.hu\/eng\/tc-events\/mesel-az-ecset-kecso-iren-kiallitasa\/","title":{"rendered":",\u201dThe brush tells a story\" - exhibition by Ir\u00e9n Kecs\u0151"},"content":{"rendered":"<p class=\"wp-block-paragraph\">The Ag\u00f3ra Veszpr\u00e9m Cultural Centre cordially invites you and your family to the opening of the exhibition \u201dSounds of Nature, \"The brush tells a story\" by amateur painter IR\u00c9N KECS\u0150,<br>20 February 2026 at 17.00.<\/p>\n\n\n\n<p class=\"wp-block-paragraph\">The exhibition will be opened by:<br>S\u00e1ndor Borka painter and Ildik\u00f3 Mill\u00f3<\/p>\n\n\n\n<p class=\"wp-block-paragraph\">With the participation of:<br>Nikolett Ga\u00e1l and Veronika K\u00e1d\u00e1rn\u00e9 Heged\u0171s with songs,<br>P\u00e1l M\u00e1rton Benyovszky with poem<\/p>\n\n\n\n<p class=\"wp-block-paragraph\">The exhibition will be on display until 8 March in the Agora's corridor gallery.<\/p>","protected":false},"featured_media":41728,"template":"","event_category":[52],"class_list":["post-41724","tc_events","type-tc_events","status-publish","has-post-thumbnail","hentry","event_category-kiallitasok"],"_links":{"self":[{"href":"https:\/\/agoraveszprem.hu\/eng\/wp-json\/wp\/v2\/tc_events\/41724","targetHints":{"allow":["GET"]}}],"collection":[{"href":"https:\/\/agoraveszprem.hu\/eng\/wp-json\/wp\/v2\/tc_events"}],"about":[{"href":"https:\/\/agoraveszprem.hu\/eng\/wp-json\/wp\/v2\/types\/tc_events"}],"wp:featuredmedia":[{"embeddable":true,"href":"https:\/\/agoraveszprem.hu\/eng\/wp-json\/wp\/v2\/media\/41728"}],"wp:attachment":[{"href":"https:\/\/agoraveszprem.hu\/eng\/wp-json\/wp\/v2\/media?parent=41724"}],"wp:term":[{"taxonomy":"event_category","embeddable":true,"href":"https:\/\/agoraveszprem.hu\/eng\/wp-json\/wp\/v2\/event_category?post=41724"}],"curies":[{"name":"wp","href":"https:\/\/api.w.org\/{rel}","templated":true}]}}

,”The brush tells a story" - exhibition by Irén Kecső

<p class="wp-block-paragraph">The Agóra Veszprém Cultural Centre cordially invites you and your family to the opening of the exhibition ”Sounds of Nature, "The brush tells a story" by amateur painter IRÉN KECSŐ,<br>20 February 2026 at 17.00.</p>



<p class="wp-block-paragraph">The exhibition will be opened by:<br>Sándor Borka painter and Ildikó Milló</p>



<p class="wp-block-paragraph">With the participation of:<br>Nikolett Gaál and Veronika Kádárné Hegedűs with songs,<br>Pál Márton Benyovszky with poem</p>



<p class="wp-block-paragraph">The exhibition will be on display until 8 March in the Agora's corridor gallery.</p>
