{"id":44391,"date":"2026-03-06T10:43:56","date_gmt":"2026-03-06T09:43:56","guid":{"rendered":"https:\/\/agoraveszprem.hu\/?post_type=tc_events&#038;p=44391"},"modified":"2026-03-06T10:43:57","modified_gmt":"2026-03-06T09:43:57","slug":"s-hathazi-sara-almodj-magadnak-szineket-kiallitas","status":"publish","type":"tc_events","link":"https:\/\/agoraveszprem.hu\/eng\/tc-events\/s-hathazi-sara-almodj-magadnak-szineket-kiallitas\/","title":{"rendered":"S. Hath\u00e1zi S\u00e1ra \u201eDream yourself colours...\u201d exhibition"},"content":{"rendered":"<p class=\"wp-block-paragraph\">The Ag\u00f3ra Veszpr\u00e9m Cultural Centre cordially invites you and your family, <br>S. Hath\u00e1zi S\u00e1ra \u201eDream yourself colours...\u201d on 13 March 2026 at 17.00.<br><br>The exhibition will be opened by:<br>Erzs\u00e9bet Moln\u00e1r - literary critic<br>With the participation of:<br>Dominika Borsos - accordionist<br><br>The exhibition will be on display until 29 March in the Agora's corridor gallery.<\/p>","protected":false},"featured_media":44393,"template":"","event_category":[52],"class_list":["post-44391","tc_events","type-tc_events","status-publish","has-post-thumbnail","hentry","event_category-kiallitasok"],"_links":{"self":[{"href":"https:\/\/agoraveszprem.hu\/eng\/wp-json\/wp\/v2\/tc_events\/44391","targetHints":{"allow":["GET"]}}],"collection":[{"href":"https:\/\/agoraveszprem.hu\/eng\/wp-json\/wp\/v2\/tc_events"}],"about":[{"href":"https:\/\/agoraveszprem.hu\/eng\/wp-json\/wp\/v2\/types\/tc_events"}],"wp:featuredmedia":[{"embeddable":true,"href":"https:\/\/agoraveszprem.hu\/eng\/wp-json\/wp\/v2\/media\/44393"}],"wp:attachment":[{"href":"https:\/\/agoraveszprem.hu\/eng\/wp-json\/wp\/v2\/media?parent=44391"}],"wp:term":[{"taxonomy":"event_category","embeddable":true,"href":"https:\/\/agoraveszprem.hu\/eng\/wp-json\/wp\/v2\/event_category?post=44391"}],"curies":[{"name":"wp","href":"https:\/\/api.w.org\/{rel}","templated":true}]}}

S. Hatházi Sára „Dream yourself colours...” exhibition

<p class="wp-block-paragraph">The Agóra Veszprém Cultural Centre cordially invites you and your family, <br>S. Hatházi Sára „Dream yourself colours...” on 13 March 2026 at 17.00.<br><br>The exhibition will be opened by:<br>Erzsébet Molnár - literary critic<br>With the participation of:<br>Dominika Borsos - accordionist<br><br>The exhibition will be on display until 29 March in the Agora's corridor gallery.</p>
