{"id":44714,"date":"2026-03-12T12:08:02","date_gmt":"2026-03-12T11:08:02","guid":{"rendered":"https:\/\/agoraveszprem.hu\/?post_type=tc_events&#038;p=44714"},"modified":"2026-04-10T11:06:31","modified_gmt":"2026-04-10T10:06:31","slug":"mesetabor","status":"publish","type":"tc_events","link":"https:\/\/agoraveszprem.hu\/eng\/tc-events\/mesetabor\/","title":{"rendered":"Story Camp"},"content":{"rendered":"<p class=\"wp-block-paragraph\"><strong>10-14 August. <\/strong><\/p>\n\n\n\n<p class=\"wp-block-paragraph\">If you like to listen to stories, read them, live them, then this is the place for you! The world of fairy tales helps us to process what is happening around us, to get away from everyday life. It offers experiences that are limited only by our imagination.<\/p>\n\n\n\n<p class=\"wp-block-paragraph\"><strong>The aim of the camp<\/strong><br>The activities (arts and crafts, drama games) are not just experiences for children. In addition to listening to stories, our aim is for the children to be active participants in the activities. The combination of independent story-telling with illustration and movement has an impact on the child's thinking and expressive skills, and contributes to the development of the child's vocabulary. Last but not least, it provides a lot of fun and social experiences.<\/p>\n\n\n\n<p class=\"wp-block-paragraph\">Important information:<br>- We welcome applications from children aged 6-10.<br>- The camp is a day camp, which runs from 8 to 16 hours.<br>- Venue: Ag\u00f3ra Veszpr\u00e9m Cultural Centre (Veszpr\u00e9m, T\u00e1bor\u00e1ll\u00e1s Park 1.)<br>- The camp can accommodate up to 15 participants.<br>- Participation fee: 56.000 HUF, which includes three meals a day.<br>- Camp leader: Zsuzsanna T\u00f3th-Csuri.<\/p>\n\n\n\n<p class=\"wp-block-paragraph\"><br>For further information and to register, please contact Zsuzsanna T\u00f3th-Csuri at +36 88 429 111 or <a href=\"mailto:csurizsuzsanna@agoraveszprem.hu\">csurizsuzsanna@agoraveszprem.hu<\/a> by 31 July.<\/p>\n\n\n\n<p class=\"wp-block-paragraph\"><\/p>\n\n\n\n<p class=\"wp-block-paragraph\">Once the camp has been paid for, cancellation is not possible, and in case of illness only the cancelled meals will be refunded.<\/p>","protected":false},"featured_media":44716,"template":"","event_category":[49,56],"class_list":["post-44714","tc_events","type-tc_events","status-publish","has-post-thumbnail","hentry","event_category-gyerekprogramok","event_category-taborok"],"_links":{"self":[{"href":"https:\/\/agoraveszprem.hu\/eng\/wp-json\/wp\/v2\/tc_events\/44714","targetHints":{"allow":["GET"]}}],"collection":[{"href":"https:\/\/agoraveszprem.hu\/eng\/wp-json\/wp\/v2\/tc_events"}],"about":[{"href":"https:\/\/agoraveszprem.hu\/eng\/wp-json\/wp\/v2\/types\/tc_events"}],"wp:featuredmedia":[{"embeddable":true,"href":"https:\/\/agoraveszprem.hu\/eng\/wp-json\/wp\/v2\/media\/44716"}],"wp:attachment":[{"href":"https:\/\/agoraveszprem.hu\/eng\/wp-json\/wp\/v2\/media?parent=44714"}],"wp:term":[{"taxonomy":"event_category","embeddable":true,"href":"https:\/\/agoraveszprem.hu\/eng\/wp-json\/wp\/v2\/event_category?post=44714"}],"curies":[{"name":"wp","href":"https:\/\/api.w.org\/{rel}","templated":true}]}}

<p class="wp-block-paragraph"><strong>10-14 August. </strong></p>



<p class="wp-block-paragraph">If you like to listen to stories, read them, live them, then this is the place for you! The world of fairy tales helps us to process what is happening around us, to get away from everyday life. It offers experiences that are limited only by our imagination.</p>



<p class="wp-block-paragraph"><strong>The aim of the camp</strong><br>The activities (arts and crafts, drama games) are not just experiences for children. In addition to listening to stories, our aim is for the children to be active participants in the activities. The combination of independent story-telling with illustration and movement has an impact on the child's thinking and expressive skills, and contributes to the development of the child's vocabulary. Last but not least, it provides a lot of fun and social experiences.</p>



<p class="wp-block-paragraph">Important information:<br>- We welcome applications from children aged 6-10.<br>- The camp is a day camp, which runs from 8 to 16 hours.<br>- Venue: Agóra Veszprém Cultural Centre (Veszprém, Táborállás Park 1.)<br>- The camp can accommodate up to 15 participants.<br>- Participation fee: 56.000 HUF, which includes three meals a day.<br>- Camp leader: Zsuzsanna Tóth-Csuri.</p>



<p class="wp-block-paragraph"><br>For further information and to register, please contact Zsuzsanna Tóth-Csuri at +36 88 429 111 or <a href="mailto:csurizsuzsanna@agoraveszprem.hu">csurizsuzsanna@agoraveszprem.hu</a> by 31 July.</p>



<p class="wp-block-paragraph"></p>



<p class="wp-block-paragraph">Once the camp has been paid for, cancellation is not possible, and in case of illness only the cancelled meals will be refunded.</p>
