{"id":44730,"date":"2026-03-12T15:44:11","date_gmt":"2026-03-12T14:44:11","guid":{"rendered":"https:\/\/agoraveszprem.hu\/?post_type=tc_events&#038;p=44730"},"modified":"2026-06-11T12:41:13","modified_gmt":"2026-06-11T11:41:13","slug":"muveszines-tabor","status":"publish","type":"tc_events","link":"https:\/\/agoraveszprem.hu\/eng\/tc-events\/muveszines-tabor\/","title":{"rendered":"BETTER! ArtColour Camp"},"content":{"rendered":"<p class=\"wp-block-paragraph\">22-26 June 2026. <br>\ud83d\ude0e The camp is now fully booked! <\/p>\n\n\n\n<p class=\"wp-block-paragraph\">The Arts and Crafts Camp is all about building community through arts and crafts. Being in community, inspiring and encouraging each other is an important part of the creative process. Our aim is to develop communication, self-confidence and self-esteem through movement and visual arts activities in an experiential pedagogical approach.<\/p>\n\n\n\n<p class=\"wp-block-paragraph\">During these 5 days we will be visiting the MIKROVILAGA.<br>We draw inspiration from nature, observe the smallest creatures and unearth their secrets.&nbsp;<br>We also observe the small objects around us that we can use to create.<br>We use exciting arts and crafts techniques.<br><br>Do you know which tiny creature was named insect of the year?<br>Wondering what a pebble mosaic is like?<br>Interested in how the kaleidoscope is made?<br><br><strong>What can you expect when you come?<\/strong><br>- for merriment<br>- creative work<br>- team spirit<br>- friendship<\/p>\n\n\n\n<p class=\"wp-block-paragraph\"><strong>Important information:<\/strong><br>- We welcome applications from children aged 7-12.<br>- The camp is a day camp, which runs from 8 to 16 hours.<br>- Venue: Ag\u00f3ra Veszpr\u00e9m Cultural Centre (Veszpr\u00e9m, T\u00e1bor\u00e1ll\u00e1s Park 1.)<br>- The camp can accommodate up to 20 participants.<br>- Participation fee: 58.000 HUF, which includes three meals a day.<br>- Camp leader: Sz\u00fccs Borka - creative artist, community organiser, Piktorella Workshop<\/p>\n\n\n\n<p class=\"wp-block-paragraph\">To apply, contact Am\u00e1lia Neveda at <a href=\"mailto:igazgato@agoraveszprem.hu\">igazgato@agoraveszprem.hu<\/a> e-mail or call 88\/429-693 by 6 June.<\/p>\n\n\n\n<p class=\"wp-block-paragraph\"><\/p>\n\n\n\n<p class=\"wp-block-paragraph\">Once the camp has been paid for, cancellation is not possible, and in case of illness only the cancelled meals will be refunded.<\/p>","protected":false},"featured_media":49381,"template":"","event_category":[49,56],"class_list":["post-44730","tc_events","type-tc_events","status-publish","has-post-thumbnail","hentry","event_category-gyerekprogramok","event_category-taborok"],"_links":{"self":[{"href":"https:\/\/agoraveszprem.hu\/eng\/wp-json\/wp\/v2\/tc_events\/44730","targetHints":{"allow":["GET"]}}],"collection":[{"href":"https:\/\/agoraveszprem.hu\/eng\/wp-json\/wp\/v2\/tc_events"}],"about":[{"href":"https:\/\/agoraveszprem.hu\/eng\/wp-json\/wp\/v2\/types\/tc_events"}],"wp:featuredmedia":[{"embeddable":true,"href":"https:\/\/agoraveszprem.hu\/eng\/wp-json\/wp\/v2\/media\/49381"}],"wp:attachment":[{"href":"https:\/\/agoraveszprem.hu\/eng\/wp-json\/wp\/v2\/media?parent=44730"}],"wp:term":[{"taxonomy":"event_category","embeddable":true,"href":"https:\/\/agoraveszprem.hu\/eng\/wp-json\/wp\/v2\/event_category?post=44730"}],"curies":[{"name":"wp","href":"https:\/\/api.w.org\/{rel}","templated":true}]}}

<p class="wp-block-paragraph">22-26 June 2026. <br>😎 The camp is now fully booked! </p>



<p class="wp-block-paragraph">The Arts and Crafts Camp is all about building community through arts and crafts. Being in community, inspiring and encouraging each other is an important part of the creative process. Our aim is to develop communication, self-confidence and self-esteem through movement and visual arts activities in an experiential pedagogical approach.</p>



<p class="wp-block-paragraph">During these 5 days we will be visiting the MIKROVILAGA.<br>We draw inspiration from nature, observe the smallest creatures and unearth their secrets.&nbsp;<br>We also observe the small objects around us that we can use to create.<br>We use exciting arts and crafts techniques.<br><br>Do you know which tiny creature was named insect of the year?<br>Wondering what a pebble mosaic is like?<br>Interested in how the kaleidoscope is made?<br><br><strong>What can you expect when you come?</strong><br>- for merriment<br>- creative work<br>- team spirit<br>- friendship</p>



<p class="wp-block-paragraph"><strong>Important information:</strong><br>- We welcome applications from children aged 7-12.<br>- The camp is a day camp, which runs from 8 to 16 hours.<br>- Venue: Agóra Veszprém Cultural Centre (Veszprém, Táborállás Park 1.)<br>- The camp can accommodate up to 20 participants.<br>- Participation fee: 58.000 HUF, which includes three meals a day.<br>- Camp leader: Szücs Borka - creative artist, community organiser, Piktorella Workshop</p>



<p class="wp-block-paragraph">To apply, contact Amália Neveda at <a href="mailto:igazgato@agoraveszprem.hu">igazgato@agoraveszprem.hu</a> e-mail or call 88/429-693 by 6 June.</p>



<p class="wp-block-paragraph"></p>



<p class="wp-block-paragraph">Once the camp has been paid for, cancellation is not possible, and in case of illness only the cancelled meals will be refunded.</p>
