{"id":44765,"date":"2026-03-12T15:59:41","date_gmt":"2026-03-12T14:59:41","guid":{"rendered":"https:\/\/agoraveszprem.hu\/?post_type=tc_events&#038;p=44765"},"modified":"2026-06-01T10:13:27","modified_gmt":"2026-06-01T09:13:27","slug":"kisfotosok-tabora","status":"publish","type":"tc_events","link":"https:\/\/agoraveszprem.hu\/eng\/tc-events\/kisfotosok-tabora\/","title":{"rendered":"BETTER! Camp for Small Photographers"},"content":{"rendered":"<p class=\"wp-block-paragraph\"><strong>13-17 July 2026<\/strong>. <strong>\ud83d\ude0eThe camp is full!<\/strong><\/p>\n\n\n\n<p class=\"wp-block-paragraph\">Do you travel a lot and want to take great pictures? Do you notice the beauty of nature and want to show it to others? Do you have a puppy or a puppy dog and want to take great pictures of them? If you want to know how to take great photos, then you've come to the right place! Come and spend a week with us! Together we'll take photos of flowers, bugs, houses, dogs and even each other dressed up in fun costumes! And in the afternoons, we'll create imaginative crafts.<\/p>\n\n\n\n<p class=\"wp-block-paragraph\"><strong>What is the purpose of the camp?<\/strong><\/p>\n\n\n\n<p class=\"wp-block-paragraph\">Our aim is to help you unlock your potential. We'll encourage you to take up a truly rewarding activity that will have a lifelong impact. You'll develop your vision, your sense of beauty and learn patience with the camera. Be part of a great team, make new friends and take lots of photos, whether with your phone or camera!<\/p>\n\n\n\n<p class=\"wp-block-paragraph\"><strong>Important information:<\/strong><\/p>\n\n\n\n<p class=\"wp-block-paragraph\">- We welcome applications from students aged 7-10.<br>- The camp is a day camp, which runs from 8 to 16 hours.<br>- Venue: Ag\u00f3ra Veszpr\u00e9m Cultural Centre (Veszpr\u00e9m, T\u00e1bor\u00e1ll\u00e1s Park 1.)<br>- The camp can accommodate up to 15 participants!<br>- Participation fee: 56.000 HUF\/person, which includes the cost of three meals a day<br>- Camp leader: G. H\u00e9thelyi Gy\u00f6ngyv\u00e9r<\/p>\n\n\n\n<p class=\"wp-block-paragraph\">To apply and register, please contact Gy\u00f6ngyv\u00e9r G\u00e1sp\u00e1rn\u00e9 H\u00e9thelyi at info@agoraveszprem.hu or call +36 88\/429-111 until 5 July 2026.<\/p>\n\n\n\n<p class=\"wp-block-paragraph\"><\/p>\n\n\n\n<p class=\"wp-block-paragraph\">Once the camp has been paid for, cancellation is not possible, and in case of illness only the cancelled meals will be refunded.<\/p>","protected":false},"featured_media":48444,"template":"","event_category":[49,56],"class_list":["post-44765","tc_events","type-tc_events","status-publish","has-post-thumbnail","hentry","event_category-gyerekprogramok","event_category-taborok"],"_links":{"self":[{"href":"https:\/\/agoraveszprem.hu\/eng\/wp-json\/wp\/v2\/tc_events\/44765","targetHints":{"allow":["GET"]}}],"collection":[{"href":"https:\/\/agoraveszprem.hu\/eng\/wp-json\/wp\/v2\/tc_events"}],"about":[{"href":"https:\/\/agoraveszprem.hu\/eng\/wp-json\/wp\/v2\/types\/tc_events"}],"wp:featuredmedia":[{"embeddable":true,"href":"https:\/\/agoraveszprem.hu\/eng\/wp-json\/wp\/v2\/media\/48444"}],"wp:attachment":[{"href":"https:\/\/agoraveszprem.hu\/eng\/wp-json\/wp\/v2\/media?parent=44765"}],"wp:term":[{"taxonomy":"event_category","embeddable":true,"href":"https:\/\/agoraveszprem.hu\/eng\/wp-json\/wp\/v2\/event_category?post=44765"}],"curies":[{"name":"wp","href":"https:\/\/api.w.org\/{rel}","templated":true}]}}

<p class="wp-block-paragraph"><strong>13-17 July 2026</strong>. <strong>😎The camp is full!</strong></p>



<p class="wp-block-paragraph">Do you travel a lot and want to take great pictures? Do you notice the beauty of nature and want to show it to others? Do you have a puppy or a puppy dog and want to take great pictures of them? If you want to know how to take great photos, then you've come to the right place! Come and spend a week with us! Together we'll take photos of flowers, bugs, houses, dogs and even each other dressed up in fun costumes! And in the afternoons, we'll create imaginative crafts.</p>



<p class="wp-block-paragraph"><strong>What is the purpose of the camp?</strong></p>



<p class="wp-block-paragraph">Our aim is to help you unlock your potential. We'll encourage you to take up a truly rewarding activity that will have a lifelong impact. You'll develop your vision, your sense of beauty and learn patience with the camera. Be part of a great team, make new friends and take lots of photos, whether with your phone or camera!</p>



<p class="wp-block-paragraph"><strong>Important information:</strong></p>



<p class="wp-block-paragraph">- We welcome applications from students aged 7-10.<br>- The camp is a day camp, which runs from 8 to 16 hours.<br>- Venue: Agóra Veszprém Cultural Centre (Veszprém, Táborállás Park 1.)<br>- The camp can accommodate up to 15 participants!<br>- Participation fee: 56.000 HUF/person, which includes the cost of three meals a day<br>- Camp leader: G. Héthelyi Gyöngyvér</p>



<p class="wp-block-paragraph">To apply and register, please contact Gyöngyvér Gáspárné Héthelyi at info@agoraveszprem.hu or call +36 88/429-111 until 5 July 2026.</p>



<p class="wp-block-paragraph"></p>



<p class="wp-block-paragraph">Once the camp has been paid for, cancellation is not possible, and in case of illness only the cancelled meals will be refunded.</p>
