{"id":45871,"date":"2026-03-25T16:07:03","date_gmt":"2026-03-25T15:07:03","guid":{"rendered":"https:\/\/agoraveszprem.hu\/?post_type=tc_events&#038;p=45871"},"modified":"2026-03-25T16:11:22","modified_gmt":"2026-03-25T15:11:22","slug":"szin-harmonia-agora-alkotomuhely-kiallitasa","status":"publish","type":"tc_events","link":"https:\/\/agoraveszprem.hu\/eng\/tc-events\/szin-harmonia-agora-alkotomuhely-kiallitasa\/","title":{"rendered":"SCENE-HARMONY - Agora art workshop exhibition"},"content":{"rendered":"<p class=\"wp-block-paragraph\">The Ag\u00f3ra Veszpr\u00e9m Cultural Centre cordially invites you and your family to the opening of the Ag\u00f3ra workshop's exhibition entitled SCENE-HARMONY on 10 April 2026 at 17.30.<\/p>\n\n\n\n<p class=\"wp-block-paragraph\">The exhibition will be opened by:<br>Adrienn Summer<\/p>\n\n\n\n<p class=\"wp-block-paragraph\">With the participation of:<br>Petra Kolozsv\u00e1ri (vocals)<\/p>\n\n\n\n<p class=\"wp-block-paragraph\">Exhibitors:<br>Zsuzsa Cser\u00e9n\u00e9 Gelencs\u00e9r,<br>Aranka Gadaneczn\u00e9 J\u00f3zsa, Henriett Hulvej-T\u00f3th,<br>\u00c1gota K. Balogh, Adrienn Ny\u00e1ri, M\u00e1ria S. Polg\u00e1r, Katalin Szilv\u00e1ssy, Natasa Ta\u00e1l, Bogl\u00e1rka Tak\u00e1cs, \u00c1gnes Vajda-Kov\u00e1cs<\/p>\n\n\n\n<p class=\"wp-block-paragraph\">The exhibition will be on display until 26 April, in the Agora's corridor gallery.<\/p>","protected":false},"featured_media":45873,"template":"","event_category":[52],"class_list":["post-45871","tc_events","type-tc_events","status-publish","has-post-thumbnail","hentry","event_category-kiallitasok"],"_links":{"self":[{"href":"https:\/\/agoraveszprem.hu\/eng\/wp-json\/wp\/v2\/tc_events\/45871","targetHints":{"allow":["GET"]}}],"collection":[{"href":"https:\/\/agoraveszprem.hu\/eng\/wp-json\/wp\/v2\/tc_events"}],"about":[{"href":"https:\/\/agoraveszprem.hu\/eng\/wp-json\/wp\/v2\/types\/tc_events"}],"wp:featuredmedia":[{"embeddable":true,"href":"https:\/\/agoraveszprem.hu\/eng\/wp-json\/wp\/v2\/media\/45873"}],"wp:attachment":[{"href":"https:\/\/agoraveszprem.hu\/eng\/wp-json\/wp\/v2\/media?parent=45871"}],"wp:term":[{"taxonomy":"event_category","embeddable":true,"href":"https:\/\/agoraveszprem.hu\/eng\/wp-json\/wp\/v2\/event_category?post=45871"}],"curies":[{"name":"wp","href":"https:\/\/api.w.org\/{rel}","templated":true}]}}

<p class="wp-block-paragraph">The Agóra Veszprém Cultural Centre cordially invites you and your family to the opening of the Agóra workshop's exhibition entitled SCENE-HARMONY on 10 April 2026 at 17.30.</p>



<p class="wp-block-paragraph">The exhibition will be opened by:<br>Adrienn Summer</p>



<p class="wp-block-paragraph">With the participation of:<br>Petra Kolozsvári (vocals)</p>



<p class="wp-block-paragraph">Exhibitors:<br>Zsuzsa Cseréné Gelencsér,<br>Aranka Gadaneczné Józsa, Henriett Hulvej-Tóth,<br>Ágota K. Balogh, Adrienn Nyári, Mária S. Polgár, Katalin Szilvássy, Natasa Taál, Boglárka Takács, Ágnes Vajda-Kovács</p>



<p class="wp-block-paragraph">The exhibition will be on display until 26 April, in the Agora's corridor gallery.</p>
