{"id":47465,"date":"2026-05-05T13:44:34","date_gmt":"2026-05-05T12:44:34","guid":{"rendered":"https:\/\/agoraveszprem.hu\/?post_type=tc_events&#038;p=47465"},"modified":"2026-05-05T13:44:35","modified_gmt":"2026-05-05T12:44:35","slug":"vajda-alexandra-aranykor-c-kiallitasa","status":"publish","type":"tc_events","link":"https:\/\/agoraveszprem.hu\/eng\/tc-events\/vajda-alexandra-aranykor-c-kiallitasa\/","title":{"rendered":"Alexandra Vajda: Golden Age exhibition"},"content":{"rendered":"<p class=\"wp-block-paragraph\">The Ag\u00f3ra Veszpr\u00e9m Cultural Centre cordially invites you and your family, Alexandra Vajda ARANYKOR<br>for the opening of his exhibition. <\/p>\n\n\n\n<p class=\"wp-block-paragraph\">The exhibition will be opened by:<br>P\u00e9ter Murak\u00f6zy - Deputy Mayor of the Municipality of Veszpr\u00e9m<\/p>\n\n\n\n<p class=\"wp-block-paragraph\">With the participation of Antal Husz\u00e1r<br>Artistic Director of the Edinburgh International Academy,<br>researcher, scientific explorer, creator of the disharmonic ratio system and the Hussar method, graphic artist, talent development teacher, European champion karate master,<br>songwriter, rock musician, composer of the historical rock opera Falcon's Blood.....<\/p>\n\n\n\n<p class=\"wp-block-paragraph\">The exhibition is open until 31 May in the Ag\u00f3ra exhibition hall.<\/p>","protected":false},"featured_media":47467,"template":"","event_category":[52],"class_list":["post-47465","tc_events","type-tc_events","status-publish","has-post-thumbnail","hentry","event_category-kiallitasok"],"_links":{"self":[{"href":"https:\/\/agoraveszprem.hu\/eng\/wp-json\/wp\/v2\/tc_events\/47465","targetHints":{"allow":["GET"]}}],"collection":[{"href":"https:\/\/agoraveszprem.hu\/eng\/wp-json\/wp\/v2\/tc_events"}],"about":[{"href":"https:\/\/agoraveszprem.hu\/eng\/wp-json\/wp\/v2\/types\/tc_events"}],"wp:featuredmedia":[{"embeddable":true,"href":"https:\/\/agoraveszprem.hu\/eng\/wp-json\/wp\/v2\/media\/47467"}],"wp:attachment":[{"href":"https:\/\/agoraveszprem.hu\/eng\/wp-json\/wp\/v2\/media?parent=47465"}],"wp:term":[{"taxonomy":"event_category","embeddable":true,"href":"https:\/\/agoraveszprem.hu\/eng\/wp-json\/wp\/v2\/event_category?post=47465"}],"curies":[{"name":"wp","href":"https:\/\/api.w.org\/{rel}","templated":true}]}}

<p class="wp-block-paragraph">The Agóra Veszprém Cultural Centre cordially invites you and your family, Alexandra Vajda ARANYKOR<br>for the opening of his exhibition. </p>



<p class="wp-block-paragraph">The exhibition will be opened by:<br>Péter Muraközy - Deputy Mayor of the Municipality of Veszprém</p>



<p class="wp-block-paragraph">With the participation of Antal Huszár<br>Artistic Director of the Edinburgh International Academy,<br>researcher, scientific explorer, creator of the disharmonic ratio system and the Hussar method, graphic artist, talent development teacher, European champion karate master,<br>songwriter, rock musician, composer of the historical rock opera Falcon's Blood.....</p>



<p class="wp-block-paragraph">The exhibition is open until 31 May in the Agóra exhibition hall.</p>
