{"id":47476,"date":"2026-05-06T10:19:04","date_gmt":"2026-05-06T09:19:04","guid":{"rendered":"https:\/\/agoraveszprem.hu\/?post_type=tc_events&#038;p=47476"},"modified":"2026-05-06T10:19:04","modified_gmt":"2026-05-06T09:19:04","slug":"honved-kulturalis-egyesulet-veszprem-regiojanak-kiallitasa","status":"publish","type":"tc_events","link":"https:\/\/agoraveszprem.hu\/eng\/tc-events\/honved-kulturalis-egyesulet-veszprem-regiojanak-kiallitasa\/","title":{"rendered":"Exhibition of the Veszpr\u00e9m Region of the Honv\u00e9d Cultural Association"},"content":{"rendered":"<p class=\"wp-block-paragraph\">The Ag\u00f3ra Veszpr\u00e9m Cultural Centre cordially invites you and your family to the <br>Opening of the regional exhibition of the Honv\u00e9d Kultur\u00e1lis Egyes\u00fclet Veszpr\u00e9m-region entitled SOKSZ\u00cdN\u0170S\u00c9G<br><br>The exhibition will be opened by:<br>\u00c9va Kar\u00e1csony - Head of Region<br><br>With the participation of:<br>Nikolett Ga\u00e1l and Veronika K\u00e1d\u00e1rn\u00e9 Heged\u0171s (vocals)<br><br>Exhibitors:<br>Bendi Ildik\u00f3, De\u00e1kn\u00e9 Pesti Magdolna, Ikotity Ildik\u00f3, Fazekas Val\u00e9ria, Kar\u00e1csony \u00c9va, K.Balogh \u00c1gota, S\u00f6v\u00e9nyh\u00e1zi Krisztina, T\u00f3th Ibolya, Varga M\u00f3nika<br><br>The exhibition is on display until 7 June, in the Agora's corridor gallery.<\/p>","protected":false},"featured_media":47478,"template":"","event_category":[52],"class_list":["post-47476","tc_events","type-tc_events","status-publish","has-post-thumbnail","hentry","event_category-kiallitasok"],"_links":{"self":[{"href":"https:\/\/agoraveszprem.hu\/eng\/wp-json\/wp\/v2\/tc_events\/47476","targetHints":{"allow":["GET"]}}],"collection":[{"href":"https:\/\/agoraveszprem.hu\/eng\/wp-json\/wp\/v2\/tc_events"}],"about":[{"href":"https:\/\/agoraveszprem.hu\/eng\/wp-json\/wp\/v2\/types\/tc_events"}],"wp:featuredmedia":[{"embeddable":true,"href":"https:\/\/agoraveszprem.hu\/eng\/wp-json\/wp\/v2\/media\/47478"}],"wp:attachment":[{"href":"https:\/\/agoraveszprem.hu\/eng\/wp-json\/wp\/v2\/media?parent=47476"}],"wp:term":[{"taxonomy":"event_category","embeddable":true,"href":"https:\/\/agoraveszprem.hu\/eng\/wp-json\/wp\/v2\/event_category?post=47476"}],"curies":[{"name":"wp","href":"https:\/\/api.w.org\/{rel}","templated":true}]}}

Exhibition of the Veszprém Region of the Honvéd Cultural Association

<p class="wp-block-paragraph">The Agóra Veszprém Cultural Centre cordially invites you and your family to the <br>Opening of the regional exhibition of the Honvéd Kulturális Egyesület Veszprém-region entitled SOKSZÍNŰSÉG<br><br>The exhibition will be opened by:<br>Éva Karácsony - Head of Region<br><br>With the participation of:<br>Nikolett Gaál and Veronika Kádárné Hegedűs (vocals)<br><br>Exhibitors:<br>Bendi Ildikó, Deákné Pesti Magdolna, Ikotity Ildikó, Fazekas Valéria, Karácsony Éva, K.Balogh Ágota, Sövényházi Krisztina, Tóth Ibolya, Varga Mónika<br><br>The exhibition is on display until 7 June, in the Agora's corridor gallery.</p>
