{"id":48449,"date":"2026-06-01T10:25:03","date_gmt":"2026-06-01T09:25:03","guid":{"rendered":"https:\/\/agoraveszprem.hu\/?post_type=tc_events&#038;p=48449"},"modified":"2026-06-01T10:25:04","modified_gmt":"2026-06-01T09:25:04","slug":"ajkai-kepzomuveszeti-egyesulet-kiallitasa","status":"publish","type":"tc_events","link":"https:\/\/agoraveszprem.hu\/eng\/tc-events\/ajkai-kepzomuveszeti-egyesulet-kiallitasa\/","title":{"rendered":"Exhibition of the Ajka Fine Arts Association"},"content":{"rendered":"<p class=\"wp-block-paragraph\">The Ag\u00f3ra Veszpr\u00e9m Cultural Centre cordially invites you and your family to the<br>The Ajka Artists' Association opens the exhibition COLOURED WITH COLOUR...,<\/p>\n\n\n\n<ol start=\"2026\" class=\"wp-block-list\">\n<li>11 June at 17.00.<\/li>\n<\/ol>\n\n\n\n<p class=\"wp-block-paragraph\">The exhibition will be opened by:<br>Nikoletta R\u00e9dling - Cultural Organiser of the Nagy L\u00e1szl\u00f3 Municipal Cultural Centre<\/p>\n\n\n\n<p class=\"wp-block-paragraph\">With the participation of:<br>Judit T\u00edm\u00e1r (flute)<br>Cseh Ter\u00e9z (poem)<\/p>\n\n\n\n<p class=\"wp-block-paragraph\">Exhibitors:<br>Albertn\u00e9 Bapts\u00e1n \u00c9va, Gombosi L\u00e1szl\u00f3n\u00e9 Mariann, Csarmaszn\u00e9 R\u00e9fi Erika \u00c9va,<br>De\u00e1kn\u00e9 Pesti Magdi, Helyes Zolt\u00e1n, K\u00e1d\u00e1r Dombi P\u00e9ter, Koronczai Zolt\u00e1nn\u00e9 M\u00e1rti,<br>Kosty G\u00e9z\u00e1n\u00e9 Ibolya, L\u00e1szl\u00f3 J\u00f3zsefn\u00e9 \u00c9va, M\u00e1train\u00e9 Mester Katalin, Nagy Katalin,<br>Ferenc N\u00e9meth, S\u00e1ndor Ozorai, B\u00e9la Papp, Ilona R\u00e1bak\u00f6zi, Mrs Magdi Ferenc Sz\u0171cs,<br>Gy\u00f6rgy Varga, Magdalena V\u00e1nya<\/p>\n\n\n\n<p class=\"wp-block-paragraph\">The exhibition will be on display until 28 June in the Agora's corridor gallery.<\/p>","protected":false},"featured_media":48462,"template":"","event_category":[52],"class_list":["post-48449","tc_events","type-tc_events","status-publish","has-post-thumbnail","hentry","event_category-kiallitasok"],"_links":{"self":[{"href":"https:\/\/agoraveszprem.hu\/eng\/wp-json\/wp\/v2\/tc_events\/48449","targetHints":{"allow":["GET"]}}],"collection":[{"href":"https:\/\/agoraveszprem.hu\/eng\/wp-json\/wp\/v2\/tc_events"}],"about":[{"href":"https:\/\/agoraveszprem.hu\/eng\/wp-json\/wp\/v2\/types\/tc_events"}],"wp:featuredmedia":[{"embeddable":true,"href":"https:\/\/agoraveszprem.hu\/eng\/wp-json\/wp\/v2\/media\/48462"}],"wp:attachment":[{"href":"https:\/\/agoraveszprem.hu\/eng\/wp-json\/wp\/v2\/media?parent=48449"}],"wp:term":[{"taxonomy":"event_category","embeddable":true,"href":"https:\/\/agoraveszprem.hu\/eng\/wp-json\/wp\/v2\/event_category?post=48449"}],"curies":[{"name":"wp","href":"https:\/\/api.w.org\/{rel}","templated":true}]}}

<p class="wp-block-paragraph">The Agóra Veszprém Cultural Centre cordially invites you and your family to the<br>The Ajka Artists' Association opens the exhibition COLOURED WITH COLOUR...,</p>



<ol start="2026" class="wp-block-list">
<li>11 June at 17.00.</li>
</ol>



<p class="wp-block-paragraph">The exhibition will be opened by:<br>Nikoletta Rédling - Cultural Organiser of the Nagy László Municipal Cultural Centre</p>



<p class="wp-block-paragraph">With the participation of:<br>Judit Tímár (flute)<br>Cseh Teréz (poem)</p>



<p class="wp-block-paragraph">Exhibitors:<br>Albertné Baptsán Éva, Gombosi Lászlóné Mariann, Csarmaszné Réfi Erika Éva,<br>Deákné Pesti Magdi, Helyes Zoltán, Kádár Dombi Péter, Koronczai Zoltánné Márti,<br>Kosty Gézáné Ibolya, László Józsefné Éva, Mátrainé Mester Katalin, Nagy Katalin,<br>Ferenc Németh, Sándor Ozorai, Béla Papp, Ilona Rábaközi, Mrs Magdi Ferenc Szűcs,<br>György Varga, Magdalena Ványa</p>



<p class="wp-block-paragraph">The exhibition will be on display until 28 June in the Agora's corridor gallery.</p>
