{"id":49660,"date":"2026-07-20T10:10:19","date_gmt":"2026-07-20T09:10:19","guid":{"rendered":"https:\/\/agoraveszprem.hu\/?post_type=tc_events&#038;p=49660"},"modified":"2026-09-01T07:46:32","modified_gmt":"2026-09-01T06:46:32","slug":"zoldoltozet-fenntarthato-divatnap","status":"publish","type":"tc_events","link":"https:\/\/agoraveszprem.hu\/eng\/tc-events\/zoldoltozet-fenntarthato-divatnap\/","title":{"rendered":"Z\u00f6ld\u00d6lt\u00f6zet \u2013 Fenntarthat\u00f3 Divatnap"},"content":{"rendered":"<p class=\"wp-block-paragraph\">Mit tehet\u00fcnk az\u00e9rt, hogy a divat ne csak st\u00edlusos, hanem fenntarthat\u00f3 is legyen? Hogyan adhatunk \u00faj \u00e9letet a ruh\u00e1inknak, \u00e9s mi\u00e9rt sz\u00e1m\u00edt minden apr\u00f3 d\u00f6nt\u00e9s\u00fcnk?<br>Ha \u00e9rdekel a tudatos \u00f6lt\u00f6zk\u00f6d\u00e9s, a kreat\u00edv alkot\u00e1s \u00e9s a fenntarthat\u00f3 divat vil\u00e1ga, v\u00e1runk a Z\u00f6ld\u00d6lt\u00f6zet Fenntarthat\u00f3 Divatnapon!<br><strong>Workshopok, inspir\u00e1l\u00f3 el\u0151ad\u00e1s, izgalmas besz\u00e9lget\u00e9s \u00e9s fenntarthat\u00f3 szeml\u00e9let\u0171 ki\u00e1ll\u00edt\u00f3k v\u00e1rnak!<\/strong><br>\u2728 Programok:<br>\ud83e\uddf5<strong> Workshopok<\/strong><br>15:00-t\u00f3l<br>H\u00edmz\u0151 workshop: tanuld meg, hogyan tehetsz k\u00fcl\u00f6nlegess\u00e9 egy r\u00e9gi ruhadarabot k\u00e9zi h\u00edmz\u00e9ssel!<br><strong>Hozd magaddal azt a ruh\u00e1t, amelyet sz\u00edvesen meg\u00faj\u00edtan\u00e1l!<\/strong><br><br>17:00-t\u00f3l<br>Szem\u00fcvegtart\u00f3 workshop: k\u00e9sz\u00edts egyedi szem\u00fcvegtart\u00f3t megunt textilekb\u0151l egyszer\u0171 varr\u00e1ssal vagy ragaszt\u00e1ssal, kezd\u0151knek is aj\u00e1nlott.<\/p>\n\n\n\n<p class=\"wp-block-paragraph\">\ud83c\udfa4 <strong>16:00 \u2013 P\u00f6lz Klaudia (Fashion Revolution Hungary) el\u0151ad\u00e1sa<\/strong><br>\u201eA divat a k\u00f6z\u00f6s \u00fcgy\u00fcnk \u2013 Mit tehet\u00fcnk \u00e9rte?\u201d<br>A divat mindenkit \u00e9rint. Egy ruhadarab m\u00f6g\u00f6tt emberek, gy\u00e1rt\u00e1si folyamatok, k\u00f6rnyezeti hat\u00e1sok \u00e9s fontos t\u00e1rsadalmi k\u00e9rd\u00e9sek \u00e1llnak. Az el\u0151ad\u00e1s sor\u00e1n sz\u00f3 lesz a fenntarthat\u00f3 \u00e9s etikus divatr\u00f3l, a slow fashion szeml\u00e9let\u00e9r\u0151l, a ruh\u00e1k \u00e9letciklus\u00e1nak meghosszabb\u00edt\u00e1s\u00e1r\u00f3l, valamint arr\u00f3l, hogyan v\u00e1lhatunk tudatosabb v\u00e1s\u00e1rl\u00f3kk\u00e1 an\u00e9lk\u00fcl, hogy teljesen \u00faj gardr\u00f3bot kellene \u00e9p\u00edten\u00fcnk.<br>\ud83d\udcac <strong>17:30 \u2013 Kerekasztal-besz\u00e9lget\u00e9s<\/strong><br>Besz\u00e9lget\u0151t\u00e1rsak:<\/p>\n\n\n\n<ul class=\"wp-block-list\">\n<li><strong>Staudt Laura <\/strong>\u2013 Rucicis m\u00e1rka<\/li>\n\n\n\n<li><strong>G\u00f3zon Eszter<\/strong> \u2013 less waste stylist, a Zero Waste Hungary alap\u00edt\u00f3ja<\/li>\n\n\n\n<li><strong>Iv\u00e1nfi Aliz<\/strong> \u2013 Elischer R m\u00e1rka<br>\ud83c\udf99\ufe0f <strong>Moder\u00e1tor: Czap Lili\u00e1na<\/strong><br>\ud83c\udf9f\ufe0f Bel\u00e9p\u0151d\u00edj: 3.900 Ft<br>L\u00e9gy r\u00e9szese egy inspir\u00e1l\u00f3 d\u00e9lut\u00e1nnak, ahol a kreativit\u00e1s, a tudatoss\u00e1g \u00e9s a fenntarthat\u00f3s\u00e1g tal\u00e1lkozik!<\/li>\n<\/ul>\n\n\n\n<p class=\"wp-block-paragraph\">Tickets available at the Ag\u00f3ra box office and online<\/p>\n\n\n\n<p class=\"wp-block-paragraph\"><\/p>\n\n\n\n            <div class=\"tc-woo-add-to-cart-group-wrap\"><\/div>\r\n            <div class=\"tc-woo-add-to-cart-wrap\" style=\"\">\r\n            <p class=\"product woocommerce add_to_cart_inline\" style=\"border:none\"><a href=\"\/eng\/wp-json\/wp\/v2\/tc_events\/49660?add-to-cart=49662\" aria-describedby=\"woocommerce_loop_add_to_cart_link_describedby_49662\" data-quantity=\"false\" class=\"button product_type_simple add_to_cart_button ajax_add_to_cart\" data-product_id=\"49662\" data-product_sku=\"AET2026-Z\u00d60905\" aria-label=\"Add to basket: \u201cZ\u00f6ld\u00d6lt\u00f6zet \u2013 Fenntarthat\u00f3 Divatnap 2026. 09. 05. szombat 15 \u00f3ra\u201d\" rel=\"nofollow\" data-success_message=\"\u201cZ\u00f6ld\u00d6lt\u00f6zet \u2013 Fenntarthat\u00f3 Divatnap 2026. 09. 05. szombat 15 \u00f3ra\u201d has been added to your basket\" data-no-translation=\"\" data-trp-gettext=\"\" data-no-translation-aria-label=\"\" data-no-translation-data-success_message=\"\">Add to basket<\/a>\t<span id=\"woocommerce_loop_add_to_cart_link_describedby_49662\" class=\"screen-reader-text\">\n\t\t\t<\/span>\n<\/p>            <\/div>\r\n            \n\n                        \n\n\n\n<p class=\"wp-block-paragraph\"><\/p>\n\n\n\n<p class=\"wp-block-paragraph\"><\/p>\n\n\n\n<p class=\"wp-block-paragraph\"><\/p>","protected":false},"featured_media":50379,"template":"","event_category":[54],"class_list":["post-49660","tc_events","type-tc_events","status-publish","has-post-thumbnail","hentry","event_category-rendezvenyek"],"_links":{"self":[{"href":"https:\/\/agoraveszprem.hu\/eng\/wp-json\/wp\/v2\/tc_events\/49660","targetHints":{"allow":["GET"]}}],"collection":[{"href":"https:\/\/agoraveszprem.hu\/eng\/wp-json\/wp\/v2\/tc_events"}],"about":[{"href":"https:\/\/agoraveszprem.hu\/eng\/wp-json\/wp\/v2\/types\/tc_events"}],"wp:featuredmedia":[{"embeddable":true,"href":"https:\/\/agoraveszprem.hu\/eng\/wp-json\/wp\/v2\/media\/50379"}],"wp:attachment":[{"href":"https:\/\/agoraveszprem.hu\/eng\/wp-json\/wp\/v2\/media?parent=49660"}],"wp:term":[{"taxonomy":"event_category","embeddable":true,"href":"https:\/\/agoraveszprem.hu\/eng\/wp-json\/wp\/v2\/event_category?post=49660"}],"curies":[{"name":"wp","href":"https:\/\/api.w.org\/{rel}","templated":true}]}}

ZöldÖltözet – Fenntartható Divatnap

<p class="wp-block-paragraph">Mit tehetünk azért, hogy a divat ne csak stílusos, hanem fenntartható is legyen? Hogyan adhatunk új életet a ruháinknak, és miért számít minden apró döntésünk?<br>Ha érdekel a tudatos öltözködés, a kreatív alkotás és a fenntartható divat világa, várunk a ZöldÖltözet Fenntartható Divatnapon!<br><strong>Workshopok, inspiráló előadás, izgalmas beszélgetés és fenntartható szemléletű kiállítók várnak!</strong><br>✨ Programok:<br>🧵<strong> Workshopok</strong><br>15:00-tól<br>Hímző workshop: tanuld meg, hogyan tehetsz különlegessé egy régi ruhadarabot kézi hímzéssel!<br><strong>Hozd magaddal azt a ruhát, amelyet szívesen megújítanál!</strong><br><br>17:00-tól<br>Szemüvegtartó workshop: készíts egyedi szemüvegtartót megunt textilekből egyszerű varrással vagy ragasztással, kezdőknek is ajánlott.</p>



<p class="wp-block-paragraph">🎤 <strong>16:00 – Pölz Klaudia (Fashion Revolution Hungary) előadása</strong><br>„A divat a közös ügyünk – Mit tehetünk érte?”<br>A divat mindenkit érint. Egy ruhadarab mögött emberek, gyártási folyamatok, környezeti hatások és fontos társadalmi kérdések állnak. Az előadás során szó lesz a fenntartható és etikus divatról, a slow fashion szemléletéről, a ruhák életciklusának meghosszabbításáról, valamint arról, hogyan válhatunk tudatosabb vásárlókká anélkül, hogy teljesen új gardróbot kellene építenünk.<br>💬 <strong>17:30 – Kerekasztal-beszélgetés</strong><br>Beszélgetőtársak:</p>



<ul class="wp-block-list">
<li><strong>Staudt Laura </strong>– Rucicis márka</li>



<li><strong>Gózon Eszter</strong> – less waste stylist, a Zero Waste Hungary alapítója</li>



<li><strong>Ivánfi Aliz</strong> – Elischer R márka<br>🎙️ <strong>Moderátor: Czap Liliána</strong><br>🎟️ Belépődíj: 3.900 Ft<br>Légy részese egy inspiráló délutánnak, ahol a kreativitás, a tudatosság és a fenntarthatóság találkozik!</li>
</ul>



<p class="wp-block-paragraph">Tickets available at the Agóra box office and online</p>



<p class="wp-block-paragraph"></p>



            <div class="tc-woo-add-to-cart-group-wrap"></div>
            <div class="tc-woo-add-to-cart-wrap" style="">
            <p class="product woocommerce add_to_cart_inline" style="border:none"><a href="/eng/wp-json/wp/v2/tc_events/49660?add-to-cart=49662" aria-describedby="woocommerce_loop_add_to_cart_link_describedby_49662" data-quantity="false" class="button product_type_simple add_to_cart_button ajax_add_to_cart" data-product_id="49662" data-product_sku="AET2026-ZÖ0905" aria-label="Add to basket: “ZöldÖltözet – Fenntartható Divatnap 2026. 09. 05. szombat 15 óra”" rel="nofollow" data-success_message="“ZöldÖltözet – Fenntartható Divatnap 2026. 09. 05. szombat 15 óra” has been added to your basket" data-no-translation="" data-trp-gettext="" data-no-translation-aria-label="" data-no-translation-data-success_message="">Add to basket</a>	<span id="woocommerce_loop_add_to_cart_link_describedby_49662" class="screen-reader-text">
			</span>
</p>            </div>
            

                        



<p class="wp-block-paragraph"></p>



<p class="wp-block-paragraph"></p>



<p class="wp-block-paragraph"></p>
