{"id":49664,"date":"2026-07-20T12:14:23","date_gmt":"2026-07-20T11:14:23","guid":{"rendered":"https:\/\/agoraveszprem.hu\/?post_type=tc_events&#038;p=49664"},"modified":"2026-07-21T12:11:55","modified_gmt":"2026-07-21T11:11:55","slug":"lazar-tesok","status":"publish","type":"tc_events","link":"https:\/\/agoraveszprem.hu\/eng\/tc-events\/lazar-tesok\/","title":{"rendered":"L\u00c1Z\u00c1R TES\u00d3K"},"content":{"rendered":"<p class=\"wp-block-paragraph\"><\/p>\n\n\n\n<p class=\"wp-block-paragraph\">A L\u00e1z\u00e1r tes\u00f3k &#8211; nev\u00fckh\u00f6z h\u0171en &#8211; t\u00e9nyleg egy testv\u00e9rp\u00e1r. L\u00e1z\u00e1r Domokos \u00e9s \u00c1goston ismer\u0151s lehet az Esti Korn\u00e9lb\u00f3l \u00e9s a Pegazusok nem l\u00e9teznek zenekarokb\u00f3l is, \u00e1m hajtotta \u0151ket a v\u00e1gy, hogy ketten is alkossanak. Autentikus, bens\u0151s\u00e9ges, \u0151szinte vil\u00e1gukban megf\u00e9r egym\u00e1s mellett a melank\u00f3lia \u00e9s a humor, a szomor\u00fas\u00e1g \u00e9s az \u00f6r\u00f6m, a l\u00e9tez\u00e9s s\u00f6t\u00e9tebb \u00e9s f\u00e9nyesebb oldala is, mindezt letisztult, egyszer\u0171 \u00e9s sz\u00e9p form\u00e1kba \u00f6ntve hallhatjuk t\u0151l\u00fck.<br>2018-ban d\u00f6nt\u00f6tt\u00e9k el, hogy komolyan foglalkoznak ezzel a projekttel. 2020 \u0151sz\u00e9n jelent meg els\u0151 nagylemez\u00fck Hull\u00e1mt\u00f6r\u00e9s c\u00edmmel, melynek bemutat\u00f3ja 2021 janu\u00e1rj\u00e1ban volt a M\u00fcp\u00e1ban, majd 2021-2023-ban a lemez dalaival bej\u00e1rt\u00e1k az orsz\u00e1got.<br>M\u00e1sodik nagylemez\u00fck 2023 november\u00e9ben jelent meg Es\u0151 el\u0151tt c\u00edmmel, melyet dupla- telth\u00e1zas lemezbemutat\u00f3val \u00fcnnepeltek a M\u00dcP\u00c1-ban.<\/p>\n\n\n\n<p class=\"wp-block-paragraph\">2025-ben egy n\u00e9gyr\u00e9szes, negyed\u00e9vente megjelen\u0151 lemezcsokorral k\u00e9sz\u00fcltek, melynek els\u0151, \u2018Tavasz\u2019 c\u00edm\u0171 darabja m\u00e1rciusban dupla el\u0151ad\u00e1ssal deb\u00fct\u00e1lt a Magyar Zene H\u00e1z\u00e1ban. A m\u00e1sodik, \u201cNy\u00e1r\u201d c\u00edmet visel\u0151 kislemezt a budapesti Kobuci Kertben mutatt\u00e1k be 2025 j\u00fanius\u00e1ban, az \u201c\u0150sz\u201d lemez pedig az UP Rendezv\u00e9nyt\u00e9r sz\u00ednh\u00e1zterm\u00e9ben sz\u00f3lalt meg el\u0151sz\u00f6r \u00e9l\u0151ben. A T\u00e9l kislemez els\u0151k\u00e9nt az \u201c\u00c9vszakok\u201d el\u0151ad\u00e1s keret\u00e9ben, id\u00e9n m\u00e1rciusban volt hallhat\u00f3 a Magyar Zene H\u00e1z\u00e1ban.<\/p>\n\n\n\n<p class=\"wp-block-paragraph\">Mindezek ut\u00e1n 2026 okt\u00f3ber\u00e9ben Veszpr\u00e9mben, az Ag\u00f3ra sz\u00ednpad\u00e1n l\u00e1thatja a k\u00f6z\u00f6ns\u00e9g a testv\u00e9rp\u00e1rost.<\/p>\n\n\n\n<p class=\"wp-block-paragraph\">Venue: Ag\u00f3ra Veszpr\u00e9m Cultural Centre<br><br>YOUTUBE: <a href=\"https:\/\/www.youtube.com\/@lazartesok5178\">https:\/\/www.youtube.com\/@lazartesok5178<\/a><br>FACEBOOK:<a href=\"https:\/\/www.facebook.com\/lazartesok\/\">https:\/\/www.facebook.com\/lazartesok\/<\/a><br>INSTAGRAM: <a href=\"https:\/\/www.instagram.com\/lazartesok\/\">https:\/\/www.instagram.com\/lazartesok\/<\/a><br><\/p>\n\n\n\n<p class=\"wp-block-paragraph\"><strong>Bel\u00e9p\u0151d\u00edj: 3.900.-<br>Tickets available at the box office and online<\/strong><\/p>\n\n\n\n            <div class=\"tc-woo-add-to-cart-group-wrap\"><\/div>\r\n            <div class=\"tc-woo-add-to-cart-wrap\" style=\"\">\r\n            <p class=\"product woocommerce add_to_cart_inline\" style=\"border:none\"><a href=\"\/eng\/wp-json\/wp\/v2\/tc_events\/49664?add-to-cart=49666\" aria-describedby=\"woocommerce_loop_add_to_cart_link_describedby_49666\" data-quantity=\"false\" class=\"button product_type_simple add_to_cart_button ajax_add_to_cart\" data-product_id=\"49666\" data-product_sku=\"AET2026-LT1015\" aria-label=\"Add to basket: \u201cL\u00c1Z\u00c1R TES\u00d3K 2026. 10. 15. cs\u00fct\u00f6rt\u00f6k 19 \u00f3ra\u201d\" rel=\"nofollow\" data-success_message=\"\u201cL\u00c1Z\u00c1R TES\u00d3K 2026. 10. 15. cs\u00fct\u00f6rt\u00f6k 19 \u00f3ra\u201d has been added to your basket\" data-no-translation=\"\" data-trp-gettext=\"\" data-no-translation-aria-label=\"\" data-no-translation-data-success_message=\"\">Add to basket<\/a>\t<span id=\"woocommerce_loop_add_to_cart_link_describedby_49666\" class=\"screen-reader-text\">\n\t\t\t<\/span>\n<\/p>            <\/div>\r\n            \n\n                        \n\n\n\n<p class=\"wp-block-paragraph\"><\/p>\n\n\n\n<p class=\"wp-block-paragraph\"><\/p>\n\n\n\n<p class=\"wp-block-paragraph\"><\/p>","protected":false},"featured_media":49667,"template":"","event_category":[54,55],"class_list":["post-49664","tc_events","type-tc_events","status-publish","has-post-thumbnail","hentry","event_category-rendezvenyek","event_category-szinhaz"],"_links":{"self":[{"href":"https:\/\/agoraveszprem.hu\/eng\/wp-json\/wp\/v2\/tc_events\/49664","targetHints":{"allow":["GET"]}}],"collection":[{"href":"https:\/\/agoraveszprem.hu\/eng\/wp-json\/wp\/v2\/tc_events"}],"about":[{"href":"https:\/\/agoraveszprem.hu\/eng\/wp-json\/wp\/v2\/types\/tc_events"}],"wp:featuredmedia":[{"embeddable":true,"href":"https:\/\/agoraveszprem.hu\/eng\/wp-json\/wp\/v2\/media\/49667"}],"wp:attachment":[{"href":"https:\/\/agoraveszprem.hu\/eng\/wp-json\/wp\/v2\/media?parent=49664"}],"wp:term":[{"taxonomy":"event_category","embeddable":true,"href":"https:\/\/agoraveszprem.hu\/eng\/wp-json\/wp\/v2\/event_category?post=49664"}],"curies":[{"name":"wp","href":"https:\/\/api.w.org\/{rel}","templated":true}]}}

LÁZÁR TESÓK

<p class="wp-block-paragraph"></p>



<p class="wp-block-paragraph">A Lázár tesók &#8211; nevükhöz hűen &#8211; tényleg egy testvérpár. Lázár Domokos és Ágoston ismerős lehet az Esti Kornélból és a Pegazusok nem léteznek zenekarokból is, ám hajtotta őket a vágy, hogy ketten is alkossanak. Autentikus, bensőséges, őszinte világukban megfér egymás mellett a melankólia és a humor, a szomorúság és az öröm, a létezés sötétebb és fényesebb oldala is, mindezt letisztult, egyszerű és szép formákba öntve hallhatjuk tőlük.<br>2018-ban döntötték el, hogy komolyan foglalkoznak ezzel a projekttel. 2020 őszén jelent meg első nagylemezük Hullámtörés címmel, melynek bemutatója 2021 januárjában volt a Müpában, majd 2021-2023-ban a lemez dalaival bejárták az országot.<br>Második nagylemezük 2023 novemberében jelent meg Eső előtt címmel, melyet dupla- teltházas lemezbemutatóval ünnepeltek a MÜPÁ-ban.</p>



<p class="wp-block-paragraph">2025-ben egy négyrészes, negyedévente megjelenő lemezcsokorral készültek, melynek első, ‘Tavasz’ című darabja márciusban dupla előadással debütált a Magyar Zene Házában. A második, “Nyár” címet viselő kislemezt a budapesti Kobuci Kertben mutatták be 2025 júniusában, az “Ősz” lemez pedig az UP Rendezvénytér színháztermében szólalt meg először élőben. A Tél kislemez elsőként az “Évszakok” előadás keretében, idén márciusban volt hallható a Magyar Zene Házában.</p>



<p class="wp-block-paragraph">Mindezek után 2026 októberében Veszprémben, az Agóra színpadán láthatja a közönség a testvérpárost.</p>



<p class="wp-block-paragraph">Venue: Agóra Veszprém Cultural Centre<br><br>YOUTUBE: <a href="https://www.youtube.com/@lazartesok5178">https://www.youtube.com/@lazartesok5178</a><br>FACEBOOK:<a href="https://www.facebook.com/lazartesok/">https://www.facebook.com/lazartesok/</a><br>INSTAGRAM: <a href="https://www.instagram.com/lazartesok/">https://www.instagram.com/lazartesok/</a><br></p>



<p class="wp-block-paragraph"><strong>Belépődíj: 3.900.-<br>Tickets available at the box office and online</strong></p>



            <div class="tc-woo-add-to-cart-group-wrap"></div>
            <div class="tc-woo-add-to-cart-wrap" style="">
            <p class="product woocommerce add_to_cart_inline" style="border:none"><a href="/eng/wp-json/wp/v2/tc_events/49664?add-to-cart=49666" aria-describedby="woocommerce_loop_add_to_cart_link_describedby_49666" data-quantity="false" class="button product_type_simple add_to_cart_button ajax_add_to_cart" data-product_id="49666" data-product_sku="AET2026-LT1015" aria-label="Add to basket: “LÁZÁR TESÓK 2026. 10. 15. csütörtök 19 óra”" rel="nofollow" data-success_message="“LÁZÁR TESÓK 2026. 10. 15. csütörtök 19 óra” has been added to your basket" data-no-translation="" data-trp-gettext="" data-no-translation-aria-label="" data-no-translation-data-success_message="">Add to basket</a>	<span id="woocommerce_loop_add_to_cart_link_describedby_49666" class="screen-reader-text">
			</span>
</p>            </div>
            

                        



<p class="wp-block-paragraph"></p>



<p class="wp-block-paragraph"></p>



<p class="wp-block-paragraph"></p>
