{"id":49677,"date":"2026-07-23T10:19:02","date_gmt":"2026-07-23T09:19:02","guid":{"rendered":"https:\/\/agoraveszprem.hu\/?post_type=tc_events&#038;p=49677"},"modified":"2026-07-23T14:17:50","modified_gmt":"2026-07-23T13:17:50","slug":"berlet-oszi-gyermekprogramok-az-agoraban","status":"publish","type":"tc_events","link":"https:\/\/agoraveszprem.hu\/eng\/tc-events\/berlet-oszi-gyermekprogramok-az-agoraban\/","title":{"rendered":"B\u00c9RLET\/\/ \u0150szi Gyermekprogramok az Ag\u00f3r\u00e1ban"},"content":{"rendered":"<p class=\"wp-block-paragraph\"><strong>A h\u00e1rom rendezv\u00e9nyre sz\u00f3l\u00f3, kedvezm\u00e9nyes \u00e1r\u00fa b\u00e9rlet 2026. szeptember 15-ig v\u00e1s\u00e1rolhat\u00f3 meg <\/strong><br><strong>12&nbsp;000 Ft\/f\u0151 \u00e1ron. <br>B\u00e9rletv\u00e1s\u00e1rl\u00e1s eset\u00e9n a Veszpr\u00e9m K\u00e1rty\u00e1s kedvezm\u00e9ny nem \u00e9rv\u00e9nyes\u00edthet\u0151.<\/strong><\/p>\n\n\n\n<p class=\"wp-block-paragraph\"><strong>2026. szeptember 16-t\u00f3l a b\u00e9rletek \u00e9rt\u00e9kes\u00edt\u00e9se megsz\u0171nik, kiz\u00e1r\u00f3lag az egyes esem\u00e9nyekre v\u00e1lthat\u00f3k jegyek az al\u00e1bbiak szerint:<br><br>Hal\u00e1sz Judit: \u201eCsiribiri\u201d: 7&nbsp;500 Ft\/f\u0151<br>INVERSEDANCE | Fodor Zolt\u00e1n: Vuk: 5&nbsp;500 Ft\/f\u0151<br>Gryllus Vilmos: N\u00f3t\u00e1s Mikul\u00e1s: 4&nbsp;500 Ft\/f\u0151<\/strong><\/p>\n\n\n\n<p class=\"wp-block-paragraph\">________________________________________________________________________________________________<\/p>\n\n\n\n<p class=\"wp-block-paragraph\"><strong>\"Chiribiri\": performance by Judit Hal\u00e1sz<br>2026. okt\u00f3ber 18. (vas\u00e1rnap) 11.00<\/strong><\/p>\n\n\n\n<p class=\"wp-block-paragraph\">In parallel to her acting career, Judit Hal\u00e1sz has created a new genre as a performer. For decades she has been singing poems by Hungarian poets - set to music by the best of Hungarian popular music - for children. Generations have grown up listening to his records. In the \"Chirbiri\" concert, a selection of the film concert's music will be performed, bringing together the most popular works of Judit Hal\u00e1sz's unique career.<br>His last album, \"A vit\u00e9z, a pir pir pirate, a grandmother\", was released in the autumn of 2021, followed by a compilation album \"Ours is the world\" in the autumn of 2022.<br>Her most important mission is to maintain the interest of families and children in Hungarian poetry, and to draw their attention to the many important laws of life, to which we must conform if we want to live according to the ethics of humanism, by means of songs that are unobtrusively entertaining.<br>A gyerekek \u2013 Magyarorsz\u00e1gon els\u0151k\u00e9nt \u2013 a Mosoly-Rend lovagj\u00e1nak v\u00e1lasztott\u00e1k. A V\u00edgsz\u00ednh\u00e1z tagja, a magyarorsz\u00e1gi UNICEF eln\u00f6ks\u00e9gi tagja. A magyar \u00e1llam J\u00e1szai Mari \u2013 \u00e9s \u00c9rdemes M\u0171v\u00e9sz \u2013 d\u00edjjal, a Magyar K\u00f6zt\u00e1rsas\u00e1gi Tiszti Keresztj\u00e9vel, valamint Kossuth-d\u00edjjal jutalmazta eddigi munk\u00e1j\u00e1t<\/p>\n\n\n\n<p class=\"wp-block-paragraph\"><strong>INVERSEDANCE | Fodor Zolt\u00e1n T\u00e1rsulat: Vuk <br>gyermek t\u00e1ncj\u00e1t\u00e9k egy felvon\u00e1sban<br>2026. november 7. (szombat) 16.00<\/strong><\/p>\n\n\n\n<p class=\"wp-block-paragraph\">Fekete Istv\u00e1n mes\u00e9je ez id\u00e1ig m\u00e9g sosem kelt \u00e9letre t\u00e1ncsz\u00ednpadon, most azonban megelevenednek a j\u00f3l ismert figur\u00e1k, Karak, Vahur, T\u00e1s, a \u201cSimab\u0151r\u0171\u201d \u00e9s m\u00e9g sz\u00e1mos szerepl\u0151 mellett term\u00e9szetesen Vuk is, \u201cakinek\u201d j\u00e1t\u00e9kos, eleven karakter\u00e9ben minden gyerek mag\u00e1ra ismerhet. Csalafinta cs\u00ednytev\u00e9sein \u00e9s kalandoz\u00e1sain kereszt\u00fcl a kis r\u00f3ka a gondoskod\u00f3 szeretet seg\u00edts\u00e9g\u00e9vel fedezi fel az \u00e9letet.<\/p>\n\n\n\n<p class=\"wp-block-paragraph\">El\u0151adja: INVERSEDANCE | Fodor Zolt\u00e1n T\u00e1rsulat \u00e9s megh\u00edvott vend\u00e9gei<br>F\u00e9nyterv: Stadler Ferenc<br>Set and costume design by \u00c1rp\u00e1d Iv\u00e1nyi<br>Production Manager: Zolt\u00e1n S\u00e1ndor<br>Technical assistant: Attila Petr\u00f3czy<br>Pr\u00f3bavezet\u0151: Bartek-B\u00f3di Bianka<br>Zene: Wolf P\u00e9ter, mont\u00e1zs<br>Vuk dalsz\u00f6veg: Szenes Iv\u00e1n<br>Choreographer: Zolt\u00e1n Fodor<br>T\u00e1rskoreogr\u00e1fus: Balk\u00e1nyi Kitty<br><br>Duration: 60 minutes<br>Recommended age: 4-99<br>A taste of the show:<br><a href=\"https:\/\/www.youtube.com\/watch?v=DDNxQaNCApU\">https:\/\/www.youtube.com\/watch?v=DDNxQaNCApU<\/a><\/p>\n\n\n\n<p class=\"wp-block-paragraph\">L\u00e9trej\u00f6tt az NKA, az EMMI, az MMA valamint az El\u0151ad\u00f3 \u00e9s Alkot\u00f3m\u0171v\u00e9szet\u00e9rt Alap\u00edtv\u00e1ny t\u00e1mogat\u00e1s\u00e1val. Az INVERSEDANCE | Fodor Zolt\u00e1n T\u00e1rsulat a Nemzeti T\u00e1ncsz\u00ednh\u00e1z \u00e9s a M\u00fcpa k\u00f6z\u00f6s produkci\u00f3ja.<\/p>\n\n\n\n<p class=\"wp-block-paragraph\"><strong>Vilmos Gryllus: Santa Claus concert<br>2026. november 28. (szombat) 16.00<\/strong><\/p>\n\n\n\n<p class=\"wp-block-paragraph\">\"Santa Claus, Santa Claus, Santa Claus,<br>comes with a lot of good, violin, so.<br>He plays the cello, my boots are full,<br>smiling, silent, walking home.\"<\/p>\n\n\n\n<p class=\"wp-block-paragraph\">This show is all about things that happen in winter! First of all, of course, about Santa Claus - or is it Father Christmas? - who visits us at the beginning of December. But then come the other holidays in turn, Christmas, New Year, Carnival... All of which will be sung for you - or rather with you - by Vilmos Gryllus.<\/p>\n\n\n\n<p class=\"wp-block-paragraph\">Az el\u0151ad\u00e1sok l\u00e1togat\u00e1sa 1 \u00e9ves kor alatti, \u00f6lben \u00fcl\u0151 gyermekeknek d\u00edjtalan.<\/p>\n\n\n\n<p class=\"wp-block-paragraph\"><a href=\"https:\/\/agoraveszprem.hu\/eng\/product\/berlet-oszi-gyermekprogramok-az-agoraban\/\">Buying tickets &gt;<\/a><\/p>\n\n\n\n<p class=\"wp-block-paragraph\"><\/p>","protected":false},"featured_media":49679,"template":"","event_category":[49,54],"class_list":["post-49677","tc_events","type-tc_events","status-publish","has-post-thumbnail","hentry","event_category-gyerekprogramok","event_category-rendezvenyek"],"_links":{"self":[{"href":"https:\/\/agoraveszprem.hu\/eng\/wp-json\/wp\/v2\/tc_events\/49677","targetHints":{"allow":["GET"]}}],"collection":[{"href":"https:\/\/agoraveszprem.hu\/eng\/wp-json\/wp\/v2\/tc_events"}],"about":[{"href":"https:\/\/agoraveszprem.hu\/eng\/wp-json\/wp\/v2\/types\/tc_events"}],"wp:featuredmedia":[{"embeddable":true,"href":"https:\/\/agoraveszprem.hu\/eng\/wp-json\/wp\/v2\/media\/49679"}],"wp:attachment":[{"href":"https:\/\/agoraveszprem.hu\/eng\/wp-json\/wp\/v2\/media?parent=49677"}],"wp:term":[{"taxonomy":"event_category","embeddable":true,"href":"https:\/\/agoraveszprem.hu\/eng\/wp-json\/wp\/v2\/event_category?post=49677"}],"curies":[{"name":"wp","href":"https:\/\/api.w.org\/{rel}","templated":true}]}}

BÉRLET// Őszi Gyermekprogramok az Agórában

<p class="wp-block-paragraph"><strong>A három rendezvényre szóló, kedvezményes árú bérlet 2026. szeptember 15-ig vásárolható meg </strong><br><strong>12&nbsp;000 Ft/fő áron. <br>Bérletvásárlás esetén a Veszprém Kártyás kedvezmény nem érvényesíthető.</strong></p>



<p class="wp-block-paragraph"><strong>2026. szeptember 16-tól a bérletek értékesítése megszűnik, kizárólag az egyes eseményekre válthatók jegyek az alábbiak szerint:<br><br>Halász Judit: „Csiribiri”: 7&nbsp;500 Ft/fő<br>INVERSEDANCE | Fodor Zoltán: Vuk: 5&nbsp;500 Ft/fő<br>Gryllus Vilmos: Nótás Mikulás: 4&nbsp;500 Ft/fő</strong></p>



<p class="wp-block-paragraph">________________________________________________________________________________________________</p>



<p class="wp-block-paragraph"><strong>"Chiribiri": performance by Judit Halász<br>2026. október 18. (vasárnap) 11.00</strong></p>



<p class="wp-block-paragraph">In parallel to her acting career, Judit Halász has created a new genre as a performer. For decades she has been singing poems by Hungarian poets - set to music by the best of Hungarian popular music - for children. Generations have grown up listening to his records. In the "Chirbiri" concert, a selection of the film concert's music will be performed, bringing together the most popular works of Judit Halász's unique career.<br>His last album, "A vitéz, a pir pir pirate, a grandmother", was released in the autumn of 2021, followed by a compilation album "Ours is the world" in the autumn of 2022.<br>Her most important mission is to maintain the interest of families and children in Hungarian poetry, and to draw their attention to the many important laws of life, to which we must conform if we want to live according to the ethics of humanism, by means of songs that are unobtrusively entertaining.<br>A gyerekek – Magyarországon elsőként – a Mosoly-Rend lovagjának választották. A Vígszínház tagja, a magyarországi UNICEF elnökségi tagja. A magyar állam Jászai Mari – és Érdemes Művész – díjjal, a Magyar Köztársasági Tiszti Keresztjével, valamint Kossuth-díjjal jutalmazta eddigi munkáját</p>



<p class="wp-block-paragraph"><strong>INVERSEDANCE | Fodor Zoltán Társulat: Vuk <br>gyermek táncjáték egy felvonásban<br>2026. november 7. (szombat) 16.00</strong></p>



<p class="wp-block-paragraph">Fekete István meséje ez idáig még sosem kelt életre táncszínpadon, most azonban megelevenednek a jól ismert figurák, Karak, Vahur, Tás, a “Simabőrű” és még számos szereplő mellett természetesen Vuk is, “akinek” játékos, eleven karakterében minden gyerek magára ismerhet. Csalafinta csínytevésein és kalandozásain keresztül a kis róka a gondoskodó szeretet segítségével fedezi fel az életet.</p>



<p class="wp-block-paragraph">Előadja: INVERSEDANCE | Fodor Zoltán Társulat és meghívott vendégei<br>Fényterv: Stadler Ferenc<br>Set and costume design by Árpád Iványi<br>Production Manager: Zoltán Sándor<br>Technical assistant: Attila Petróczy<br>Próbavezető: Bartek-Bódi Bianka<br>Zene: Wolf Péter, montázs<br>Vuk dalszöveg: Szenes Iván<br>Choreographer: Zoltán Fodor<br>Társkoreográfus: Balkányi Kitty<br><br>Duration: 60 minutes<br>Recommended age: 4-99<br>A taste of the show:<br><a href="https://www.youtube.com/watch?v=DDNxQaNCApU">https://www.youtube.com/watch?v=DDNxQaNCApU</a></p>



<p class="wp-block-paragraph">Létrejött az NKA, az EMMI, az MMA valamint az Előadó és Alkotóművészetért Alapítvány támogatásával. Az INVERSEDANCE | Fodor Zoltán Társulat a Nemzeti Táncszínház és a Müpa közös produkciója.</p>



<p class="wp-block-paragraph"><strong>Vilmos Gryllus: Santa Claus concert<br>2026. november 28. (szombat) 16.00</strong></p>



<p class="wp-block-paragraph">"Santa Claus, Santa Claus, Santa Claus,<br>comes with a lot of good, violin, so.<br>He plays the cello, my boots are full,<br>smiling, silent, walking home."</p>



<p class="wp-block-paragraph">This show is all about things that happen in winter! First of all, of course, about Santa Claus - or is it Father Christmas? - who visits us at the beginning of December. But then come the other holidays in turn, Christmas, New Year, Carnival... All of which will be sung for you - or rather with you - by Vilmos Gryllus.</p>



<p class="wp-block-paragraph">Az előadások látogatása 1 éves kor alatti, ölben ülő gyermekeknek díjtalan.</p>



<p class="wp-block-paragraph"><a href="https://agoraveszprem.hu/eng/product/berlet-oszi-gyermekprogramok-az-agoraban/">Buying tickets &gt;</a></p>



<p class="wp-block-paragraph"></p>
