{"id":49685,"date":"2026-07-23T14:50:28","date_gmt":"2026-07-23T13:50:28","guid":{"rendered":"https:\/\/agoraveszprem.hu\/?post_type=tc_events&#038;p=49685"},"modified":"2026-07-23T14:51:10","modified_gmt":"2026-07-23T13:51:10","slug":"merites-a-bakony-fotoklub-kiallitasa","status":"publish","type":"tc_events","link":"https:\/\/agoraveszprem.hu\/eng\/tc-events\/merites-a-bakony-fotoklub-kiallitasa\/","title":{"rendered":",,Mer\u00edt\u00e9s&#8221; &#8211; a Bakony Fot\u00f3klub ki\u00e1ll\u00edt\u00e1sa"},"content":{"rendered":"<p class=\"wp-block-paragraph\">The Ag\u00f3ra Veszpr\u00e9m Cultural Centre cordially invites you and your family, <br>a Magyar Fotogr\u00e1fia Napja alkalm\u00e1b\u00f3l a 65 \u00e9ves Bakony Fot\u00f3klub <br>\u201eMER\u00cdT\u00c9S\u201d c\u00edm\u0171 ki\u00e1ll\u00edt\u00e1s\u00e1nak megnyit\u00f3j\u00e1ra, 2026. augusztus 28-\u00e1n 17.00 \u00f3rakor.<\/p>\n\n\n\n<p class=\"wp-block-paragraph\">The exhibition will be opened by:<br>K\u00e1roly M\u00e1tyus - Head of the Bakony Photography Club<\/p>\n\n\n\n<p class=\"wp-block-paragraph\">A ki\u00e1ll\u00edt\u00e1s szeptember 20-ig tekinthet\u0151 meg, az Ag\u00f3ra ki\u00e1ll\u00edt\u00f3term\u00e9ben.<\/p>","protected":false},"featured_media":49687,"template":"","event_category":[52],"class_list":["post-49685","tc_events","type-tc_events","status-publish","has-post-thumbnail","hentry","event_category-kiallitasok"],"_links":{"self":[{"href":"https:\/\/agoraveszprem.hu\/eng\/wp-json\/wp\/v2\/tc_events\/49685","targetHints":{"allow":["GET"]}}],"collection":[{"href":"https:\/\/agoraveszprem.hu\/eng\/wp-json\/wp\/v2\/tc_events"}],"about":[{"href":"https:\/\/agoraveszprem.hu\/eng\/wp-json\/wp\/v2\/types\/tc_events"}],"wp:featuredmedia":[{"embeddable":true,"href":"https:\/\/agoraveszprem.hu\/eng\/wp-json\/wp\/v2\/media\/49687"}],"wp:attachment":[{"href":"https:\/\/agoraveszprem.hu\/eng\/wp-json\/wp\/v2\/media?parent=49685"}],"wp:term":[{"taxonomy":"event_category","embeddable":true,"href":"https:\/\/agoraveszprem.hu\/eng\/wp-json\/wp\/v2\/event_category?post=49685"}],"curies":[{"name":"wp","href":"https:\/\/api.w.org\/{rel}","templated":true}]}}

,,Merítés&#8221; &#8211; a Bakony Fotóklub kiállítása

<p class="wp-block-paragraph">The Agóra Veszprém Cultural Centre cordially invites you and your family, <br>a Magyar Fotográfia Napja alkalmából a 65 éves Bakony Fotóklub <br>„MERÍTÉS” című kiállításának megnyitójára, 2026. augusztus 28-án 17.00 órakor.</p>



<p class="wp-block-paragraph">The exhibition will be opened by:<br>Károly Mátyus - Head of the Bakony Photography Club</p>



<p class="wp-block-paragraph">A kiállítás szeptember 20-ig tekinthető meg, az Agóra kiállítótermében.</p>
