{"id":49690,"date":"2026-07-24T09:39:09","date_gmt":"2026-07-24T08:39:09","guid":{"rendered":"https:\/\/agoraveszprem.hu\/?post_type=tc_events&#038;p=49690"},"modified":"2026-07-24T09:42:06","modified_gmt":"2026-07-24T08:42:06","slug":"beled-estem-filmek-a-falakon","status":"publish","type":"tc_events","link":"https:\/\/agoraveszprem.hu\/eng\/tc-events\/beled-estem-filmek-a-falakon\/","title":{"rendered":"Bel\u00e9d estem \/\/ Filmek a falakon"},"content":{"rendered":"<p class=\"wp-block-paragraph\">Magyar romantikus v\u00edgj\u00e1t\u00e9k, 93 perc, 2026 <br>Rendez\u0151: Tiszeker D\u00e1niel<br>Forgat\u00f3k\u00f6nyv\u00edr\u00f3: Dubiny\u00e1k R\u00e9ka, Sz\u00e1nt\u00f3 Fanni, \u00c1brah\u00e1m \u00c1d\u00e1m<br>Szerepl\u0151k: Rujder Vivien, Szab\u00f3 Kimmel Tam\u00e1s, M\u00e9sz\u00e1ros M\u00e1t\u00e9, Pokorny Lia, Szerednyey B\u00e9la, Kov\u00e1cs Lehel, Mikecz Estilla, <br><\/p>\n\n\n\n<p class=\"wp-block-paragraph\">B\u00e1nyai Kelemen Barna, Gazsi Szab\u00f3 Kimmel, Szul\u00e1k Andrea, \u00c1bel Anita, Falusi Mariann, V\u00e1rkonyi Attila<br>Eszter (Rujder Vivien) sikeres sz\u00edn\u00e9szn\u0151, aki egy kilencvenes \u00e9vekben j\u00e1tsz\u00f3d\u00f3 romantikus v\u00edgj\u00e1t\u00e9k f\u0151szerep\u00e9t j\u00e1tssza a n\u0151cs\u00e1b\u00e1sz B\u00e1lint (Szab\u00f3 Kimmel Tam\u00e1s) mellett. A val\u00f3 \u00e9letben azonban a szerelmesp\u00e1rt j\u00e1tsz\u00f3 k\u00e9t sz\u00edn\u00e9sz ki nem \u00e1llhatja egym\u00e1st. Eszter a forgat\u00e1s v\u00e9g\u00e9n v\u00e1ratlanul balesetet szenved \u00e9s fejs\u00e9r\u00fcl\u00e9se miatt amn\u00e9zi\u00e1ba esik. \u00c9s mintha ez nem lenne el\u00e9g, kider\u00fcl, hogy a fej\u00e9ben \u00f6sszekeveredett a film t\u00f6rt\u00e9nete a val\u00f3s\u00e1ggal: Eszter azt hiszi, hogy a kilencvenes \u00e9vekben \u00e9l, fodr\u00e1sz \u00e9s a nagy \u0151t keresve szerelmes B\u00e1lintba. Az orvosa (Pokorny Lia) el\u0151\u00edrja, hogy ebben a tudatban kell tartani, hogy az \u00e9rzelmi stabilit\u00e1sa ne s\u00e9r\u00fclj\u00f6n. \u00c1m id\u0151vel r\u00e1j\u00f6nnek, hogy sokkal nehezebb fenntartani a kilencvenes \u00e9vek l\u00e1tszat\u00e1t, mint azt els\u0151re gondolt\u00e1k. A helyzetet nem k\u00f6nny\u00edti meg az \u00f6nt\u00f6rv\u00e9ny\u0171 B\u00e1lint, valamint Eszter v\u0151leg\u00e9nye (B\u00e1nyai Kelemen Barna), aki miel\u0151bb szeretn\u00e9 visszakapni menyasszony\u00e1t \u00e9s megtartani az esk\u00fcv\u0151j\u00fcket. (Vertigo M\u00e9dia Kft.)<br><\/p>\n\n\n\n<p class=\"wp-block-paragraph\">Location:Veszpr\u00e9m, Stromfeld u. 5\/D.<br>Venue: Ag\u00f3ra Veszpr\u00e9m Cultural Centre (Veszpr\u00e9m, T\u00e1bor\u00e1ll\u00e1s Park 1.)<br><br>Age limit: 12 years<br>Admission is free.<\/p>","protected":false},"featured_media":49693,"template":"","event_category":[59],"class_list":["post-49690","tc_events","type-tc_events","status-publish","has-post-thumbnail","hentry","event_category-filmvetites"],"_links":{"self":[{"href":"https:\/\/agoraveszprem.hu\/eng\/wp-json\/wp\/v2\/tc_events\/49690","targetHints":{"allow":["GET"]}}],"collection":[{"href":"https:\/\/agoraveszprem.hu\/eng\/wp-json\/wp\/v2\/tc_events"}],"about":[{"href":"https:\/\/agoraveszprem.hu\/eng\/wp-json\/wp\/v2\/types\/tc_events"}],"wp:featuredmedia":[{"embeddable":true,"href":"https:\/\/agoraveszprem.hu\/eng\/wp-json\/wp\/v2\/media\/49693"}],"wp:attachment":[{"href":"https:\/\/agoraveszprem.hu\/eng\/wp-json\/wp\/v2\/media?parent=49690"}],"wp:term":[{"taxonomy":"event_category","embeddable":true,"href":"https:\/\/agoraveszprem.hu\/eng\/wp-json\/wp\/v2\/event_category?post=49690"}],"curies":[{"name":"wp","href":"https:\/\/api.w.org\/{rel}","templated":true}]}}

Beléd estem // Filmek a falakon

<p class="wp-block-paragraph">Magyar romantikus vígjáték, 93 perc, 2026 <br>Rendező: Tiszeker Dániel<br>Forgatókönyvíró: Dubinyák Réka, Szántó Fanni, Ábrahám Ádám<br>Szereplők: Rujder Vivien, Szabó Kimmel Tamás, Mészáros Máté, Pokorny Lia, Szerednyey Béla, Kovács Lehel, Mikecz Estilla, <br></p>



<p class="wp-block-paragraph">Bányai Kelemen Barna, Gazsi Szabó Kimmel, Szulák Andrea, Ábel Anita, Falusi Mariann, Várkonyi Attila<br>Eszter (Rujder Vivien) sikeres színésznő, aki egy kilencvenes években játszódó romantikus vígjáték főszerepét játssza a nőcsábász Bálint (Szabó Kimmel Tamás) mellett. A való életben azonban a szerelmespárt játszó két színész ki nem állhatja egymást. Eszter a forgatás végén váratlanul balesetet szenved és fejsérülése miatt amnéziába esik. És mintha ez nem lenne elég, kiderül, hogy a fejében összekeveredett a film története a valósággal: Eszter azt hiszi, hogy a kilencvenes években él, fodrász és a nagy őt keresve szerelmes Bálintba. Az orvosa (Pokorny Lia) előírja, hogy ebben a tudatban kell tartani, hogy az érzelmi stabilitása ne sérüljön. Ám idővel rájönnek, hogy sokkal nehezebb fenntartani a kilencvenes évek látszatát, mint azt elsőre gondolták. A helyzetet nem könnyíti meg az öntörvényű Bálint, valamint Eszter vőlegénye (Bányai Kelemen Barna), aki mielőbb szeretné visszakapni menyasszonyát és megtartani az esküvőjüket. (Vertigo Média Kft.)<br></p>



<p class="wp-block-paragraph">Location:Veszprém, Stromfeld u. 5/D.<br>Venue: Agóra Veszprém Cultural Centre (Veszprém, Táborállás Park 1.)<br><br>Age limit: 12 years<br>Admission is free.</p>
