{"id":49734,"date":"2026-07-24T13:06:36","date_gmt":"2026-07-24T12:06:36","guid":{"rendered":"https:\/\/agoraveszprem.hu\/?post_type=tc_events&#038;p=49734"},"modified":"2026-08-13T12:04:30","modified_gmt":"2026-08-13T11:04:30","slug":"gyere-a-parkba","status":"publish","type":"tc_events","link":"https:\/\/agoraveszprem.hu\/eng\/tc-events\/gyere-a-parkba\/","title":{"rendered":"Come to the park!"},"content":{"rendered":"<p class=\"wp-block-paragraph\"><strong>Ny\u00e1rb\u00facs\u00faztat\u00f3 este a T\u00e1bor\u00e1ll\u00e1s parkban<\/strong><\/p>\n\n\n\n<p class=\"wp-block-paragraph\">Stage programmes:<\/p>\n\n\n\n<p class=\"wp-block-paragraph\"><strong>17.00 Uncle Ritchie's playhouse<\/strong><br>The programme will include playful activities and a dance house for families. Participants can learn about folk art, traditions and children's games of the old days.<br>Vezeti: Vastag Rich\u00e1rd n\u00e9pt\u00e1ncpedag\u00f3gus, a \u201eN\u00e9pm\u0171v\u00e9szet Ifj\u00fa Mestere\u201d<br>Music by Kl\u00e1ri Csern\u00f3k and her Orchestra<\/p>\n\n\n\n<p class=\"wp-block-paragraph\"><strong>17.45 Folkl\u00f3rd\u00e9lut\u00e1n<\/strong><br>Performers:<br>Balatonf\u00fcred N\u00e9pt\u00e1nc Egy\u00fcttes &#8211; Balatonf\u00fcred<br>Bats\u00e1nyi T\u00e1ncegy\u00fcttes \u2013 Tapolca<br>Gerence Hagyom\u00e1ny\u0151rz\u0151 N\u00e9pt\u00e1ncegy\u00fcttes \u2013 Veszpr\u00e9m<br>Ikarus Senior T\u00e1ncegyes\u00fclet &#8211; Sz\u00e9kesfeh\u00e9rv\u00e1r<br>Music by Kl\u00e1ri Csern\u00f3k and her Orchestra<br>A rendezv\u00e9ny a CSSP-MO-26-0154 azonos\u00edt\u00f3sz\u00e1m\u00fa p\u00e1ly\u00e1zat t\u00e1mogat\u00e1s\u00e1val val\u00f3sul meg.<\/p>\n\n\n\n<p class=\"wp-block-paragraph\"><strong>19.45 Bogn\u00e1r Szilvia: Meg\u00e9p\u00edtj\u00fck hangb\u00f3l, sz\u00f3b\u00f3l, \u00f6r\u00f6ks\u00e9gb\u0151l<\/strong><br>Mit mondhat a mai kor embere a n\u00e9pdal, a n\u00e9pzene nyelv\u00e9n, amikor egyre t\u00e1volibbnak t\u0171nik a hagyom\u00e1nyos paraszti kult\u00fara vil\u00e1ga? Meg\u00e9p\u00edti, \u00f6sszerakja a saj\u00e1t muzsik\u00e1j\u00e1t, \u00e9nek\u00e9t, ahogy egykor az \u00f6regek is tett\u00e9k: hangb\u00f3l, sz\u00f3b\u00f3l, s persze a t\u0151l\u00fck kapott \u00f6r\u00f6ks\u00e9gb\u0151l. Bogn\u00e1r Szilvia \u00e9s alkot\u00f3t\u00e1rsai ma is aktu\u00e1lis, sz\u00edvet gy\u00f6ny\u00f6rk\u00f6dtet\u0151 n\u00e9pdalainkb\u00f3l \u00e9s n\u00e9pzen\u00e9inkb\u0151l v\u00e1logatnak, felvillantj\u00e1k egy-egy korabeli t\u00e1ncdallam \u00e9vsz\u00e1zadokon \u00e1t\u00edvel\u0151 \u00fatj\u00e1t a 20. sz\u00e1zadban gy\u0171jt\u00f6tt dun\u00e1nt\u00fali dudan\u00f3t\u00e1ig vagy \u00e9pp egy kalotaszegi cs\u00e1rd\u00e1sig. Megelevenedik \u00e1ltaluk a szatm\u00e1ri emberek form\u00e1lta sokr\u00e9t\u0171 zenei kult\u00fara, de \u00faj dimenzi\u00f3ba ker\u00fclnek a v\u00e9rpezsd\u00edt\u0151 moldvai muzsik\u00e1k is. A koncert az NKA Halmos B\u00e9la Program Koll\u00e9gium t\u00e1mogat\u00e1s\u00e1val val\u00f3sul meg.<\/p>\n\n\n\n<p class=\"wp-block-paragraph\">Bogn\u00e1r Szilvia &#8211; \u00e9nek<br>Csern\u00f3k Kl\u00e1ra &#8211; heged\u0171<br>Papp Endre &#8211; br\u00e1csa<br>Pand\u00e1k Viktor &#8211; nagyb\u0151g\u0151<br>Szab\u00f3 D\u00e1niel &#8211; cimbalom<br>Bede P\u00e9ter &#8211; f\u00fav\u00f3s hangszerek<\/p>\n\n\n\n<p class=\"wp-block-paragraph\"><strong>Accompanying programmes:<\/strong><\/p>\n\n\n\n<p class=\"wp-block-paragraph\">16.00 \u2013 20.00 k\u00f6z\u00f6tt a parkban<br>\u00d6kocsiga J\u00e1tsz\u00f3h\u00e1z:<br>N\u00e9pi j\u00e1tsz\u00f3t\u00e9r\/Kemenc\u00e9s parasztudvar \u2013 kitelep\u00fcl\u0151 j\u00e1tsz\u00f3h\u00e1z hagyom\u00e1ny\u0151rz\u0151 elemekkel, T\u00fcnd\u00e9rkert, Bubor\u00e9k Party<br>Family Playground<br>Handicraft products fair<\/p>\n\n\n\n<p class=\"wp-block-paragraph\">An open-air buffet will be available during the event.<br><strong>Participation is free of charge.<\/strong><br>Venue: Ag\u00f3ra Veszpr\u00e9m Cultural Centre<\/p>","protected":false},"featured_media":49736,"template":"","event_category":[49,54],"class_list":["post-49734","tc_events","type-tc_events","status-publish","has-post-thumbnail","hentry","event_category-gyerekprogramok","event_category-rendezvenyek"],"_links":{"self":[{"href":"https:\/\/agoraveszprem.hu\/eng\/wp-json\/wp\/v2\/tc_events\/49734","targetHints":{"allow":["GET"]}}],"collection":[{"href":"https:\/\/agoraveszprem.hu\/eng\/wp-json\/wp\/v2\/tc_events"}],"about":[{"href":"https:\/\/agoraveszprem.hu\/eng\/wp-json\/wp\/v2\/types\/tc_events"}],"wp:featuredmedia":[{"embeddable":true,"href":"https:\/\/agoraveszprem.hu\/eng\/wp-json\/wp\/v2\/media\/49736"}],"wp:attachment":[{"href":"https:\/\/agoraveszprem.hu\/eng\/wp-json\/wp\/v2\/media?parent=49734"}],"wp:term":[{"taxonomy":"event_category","embeddable":true,"href":"https:\/\/agoraveszprem.hu\/eng\/wp-json\/wp\/v2\/event_category?post=49734"}],"curies":[{"name":"wp","href":"https:\/\/api.w.org\/{rel}","templated":true}]}}

<p class="wp-block-paragraph"><strong>Nyárbúcsúztató este a Táborállás parkban</strong></p>



<p class="wp-block-paragraph">Stage programmes:</p>



<p class="wp-block-paragraph"><strong>17.00 Uncle Ritchie's playhouse</strong><br>The programme will include playful activities and a dance house for families. Participants can learn about folk art, traditions and children's games of the old days.<br>Vezeti: Vastag Richárd néptáncpedagógus, a „Népművészet Ifjú Mestere”<br>Music by Klári Csernók and her Orchestra</p>



<p class="wp-block-paragraph"><strong>17.45 Folklórdélután</strong><br>Performers:<br>Balatonfüred Néptánc Együttes &#8211; Balatonfüred<br>Batsányi Táncegyüttes – Tapolca<br>Gerence Hagyományőrző Néptáncegyüttes – Veszprém<br>Ikarus Senior Táncegyesület &#8211; Székesfehérvár<br>Music by Klári Csernók and her Orchestra<br>A rendezvény a CSSP-MO-26-0154 azonosítószámú pályázat támogatásával valósul meg.</p>



<p class="wp-block-paragraph"><strong>19.45 Bognár Szilvia: Megépítjük hangból, szóból, örökségből</strong><br>Mit mondhat a mai kor embere a népdal, a népzene nyelvén, amikor egyre távolibbnak tűnik a hagyományos paraszti kultúra világa? Megépíti, összerakja a saját muzsikáját, énekét, ahogy egykor az öregek is tették: hangból, szóból, s persze a tőlük kapott örökségből. Bognár Szilvia és alkotótársai ma is aktuális, szívet gyönyörködtető népdalainkból és népzenéinkből válogatnak, felvillantják egy-egy korabeli táncdallam évszázadokon átívelő útját a 20. században gyűjtött dunántúli dudanótáig vagy épp egy kalotaszegi csárdásig. Megelevenedik általuk a szatmári emberek formálta sokrétű zenei kultúra, de új dimenzióba kerülnek a vérpezsdítő moldvai muzsikák is. A koncert az NKA Halmos Béla Program Kollégium támogatásával valósul meg.</p>



<p class="wp-block-paragraph">Bognár Szilvia &#8211; ének<br>Csernók Klára &#8211; hegedű<br>Papp Endre &#8211; brácsa<br>Pandák Viktor &#8211; nagybőgő<br>Szabó Dániel &#8211; cimbalom<br>Bede Péter &#8211; fúvós hangszerek</p>



<p class="wp-block-paragraph"><strong>Accompanying programmes:</strong></p>



<p class="wp-block-paragraph">16.00 – 20.00 között a parkban<br>Ökocsiga Játszóház:<br>Népi játszótér/Kemencés parasztudvar – kitelepülő játszóház hagyományőrző elemekkel, Tündérkert, Buborék Party<br>Family Playground<br>Handicraft products fair</p>



<p class="wp-block-paragraph">An open-air buffet will be available during the event.<br><strong>Participation is free of charge.</strong><br>Venue: Agóra Veszprém Cultural Centre</p>
