{"id":49830,"date":"2026-08-03T10:26:59","date_gmt":"2026-08-03T09:26:59","guid":{"rendered":"https:\/\/agoraveszprem.hu\/?post_type=tc_events&#038;p=49830"},"modified":"2026-08-26T08:28:44","modified_gmt":"2026-08-26T07:28:44","slug":"a-kozjegyzok-szinjatszo-kor-eloadasaban-claude-magnier-oscar","status":"publish","type":"tc_events","link":"https:\/\/agoraveszprem.hu\/eng\/tc-events\/a-kozjegyzok-szinjatszo-kor-eloadasaban-claude-magnier-oscar\/","title":{"rendered":"A K\u00f6zjegyz\u0151k Sz\u00ednj\u00e1tsz\u00f3 K\u00f6r el\u0151ad\u00e1s\u00e1ban Claude Magnier: OSCAR"},"content":{"rendered":"<p class=\"wp-block-paragraph\">v\u00edgj\u00e1t\u00e9k\u00e1t egy felvon\u00e1sban<\/p>\n\n\n\n<p class=\"wp-block-paragraph\">Bertrand Barnier francia szappangy\u00e1ros l\u00e1ny\u00e1nak szerelmi t\u00f6rt\u00e9nete ind\u00edtja el a v\u00edgj\u00e1t\u00e9kot, amely fokozatosan halad a meglep\u0151 v\u00e9gkifejletig: szerelmi t\u00f6rt\u00e9netekkel, eltitkolt gyerekkel. Mindehhez m\u00e9g az is hozz\u00e1j\u00e1rul, hogy a c\u00e9g alkalmazottja elsikkasztja a c\u00e9g vagyon\u00e1nak j\u00f3 r\u00e9sz\u00e9t. Elcser\u00e9lt t\u00e1sk\u00e1kkal, elveszett \u00e9kszerekkel \u00e9rkez\u00fcnk el a darab v\u00e9g\u00e9re. Claude Magnier v\u00edgj\u00e1t\u00e9ka franci\u00e1s k\u00f6nnyeds\u00e9ggel ny\u00fajt sz\u00f3rakoz\u00e1st n\u00e9z\u0151inek.<\/p>\n\n\n\n<p class=\"wp-block-paragraph\"><strong>Cast<\/strong><br>Bertrand Barnier, szappangy\u00e1ros \u2013 Nagy J\u00e1nos<br>Madame Barnier, a feles\u00e9ge \u2013 Barta Melinda<br>Christian Martin, szappanmenedzser \u2013 Tirp\u00e1k Mil\u00e1n<br>Colette, Barnier l\u00e1nya \u2013 Steinhof Orsolya<br>Jacqueline, a hazud\u00f3s \u2013 Imre J\u00falia<br>Philippe, massz\u0151r \u2013 Kardos Gyula<br>Bernadette, szobal\u00e1ny, gr\u00f3fn\u00e9 \u2013 P\u00e1li Fatime Lejla<br>Oscar, akit mindenki keres \u2013 J\u00e1szay Viktor<br>Charlotte, az \u00faj szobal\u00e1ny \u2013 Szalai N\u00f3ra<br>Nyikita, a sof\u0151r \u2013 Kamocs\u00e1r L\u00e1szl\u00f3<\/p>\n\n\n\n<p class=\"wp-block-paragraph\">Rendez\u0151: T\u00f3th Levente<br>Asszisztens: T\u00f3thn\u00e9 Poczik Andrea<br>M\u0171v\u00e9szeti vezet\u0151: Rokolya G\u00e1bor<br>M\u0171v\u00e9szeti titk\u00e1r: Barta Melinda<\/p>\n\n\n\n<p class=\"wp-block-paragraph\">A sz\u00edndarab a HOFRA Sz\u00ednh\u00e1zi \u00e9s Irodalmi \u00dcgyn\u00f6ks\u00e9g k\u00f6zvet\u00edt\u00e9s\u00e9vel ker\u00fcl sz\u00ednre.<br>Az el\u0151ad\u00e1s t\u00e1mogat\u00f3ja a Magyar Orsz\u00e1gos K\u00f6zjegyz\u0151i Kamara.<\/p>\n\n\n\n<p class=\"wp-block-paragraph\">Bel\u00e9p\u0151jegy: 1.500 Ft<br>Az el\u0151ad\u00e1sra jegyek v\u00e1lthat\u00f3k az Ag\u00f3ra Veszpr\u00e9m Kultur\u00e1lis K\u00f6zpont jegyp\u00e9nzt\u00e1r\u00e1ban vagy online <\/p>\n\n\n\n<blockquote class=\"wp-block-quote is-layout-flow wp-block-quote-is-layout-flow\">\n<p class=\"wp-block-paragraph\"><a href=\"https:\/\/agoraveszprem.hu\/eng\/product\/claude-magnier-oscar-2026-09-25-pentek-19-ora\/\" data-type=\"link\" data-id=\"https:\/\/agoraveszprem.hu\/termek\/claude-magnier-oscar-2026-09-25-pentek-19-ora\/\"><strong>Ticket purchase<\/strong><\/a><\/p>\n<\/blockquote>\n\n\n\n<p class=\"wp-block-paragraph\"><\/p>","protected":false},"featured_media":49832,"template":"","event_category":[54,55],"class_list":["post-49830","tc_events","type-tc_events","status-publish","has-post-thumbnail","hentry","event_category-rendezvenyek","event_category-szinhaz"],"_links":{"self":[{"href":"https:\/\/agoraveszprem.hu\/eng\/wp-json\/wp\/v2\/tc_events\/49830","targetHints":{"allow":["GET"]}}],"collection":[{"href":"https:\/\/agoraveszprem.hu\/eng\/wp-json\/wp\/v2\/tc_events"}],"about":[{"href":"https:\/\/agoraveszprem.hu\/eng\/wp-json\/wp\/v2\/types\/tc_events"}],"wp:featuredmedia":[{"embeddable":true,"href":"https:\/\/agoraveszprem.hu\/eng\/wp-json\/wp\/v2\/media\/49832"}],"wp:attachment":[{"href":"https:\/\/agoraveszprem.hu\/eng\/wp-json\/wp\/v2\/media?parent=49830"}],"wp:term":[{"taxonomy":"event_category","embeddable":true,"href":"https:\/\/agoraveszprem.hu\/eng\/wp-json\/wp\/v2\/event_category?post=49830"}],"curies":[{"name":"wp","href":"https:\/\/api.w.org\/{rel}","templated":true}]}}

A Közjegyzők Színjátszó Kör előadásában Claude Magnier: OSCAR

<p class="wp-block-paragraph">vígjátékát egy felvonásban</p>



<p class="wp-block-paragraph">Bertrand Barnier francia szappangyáros lányának szerelmi története indítja el a vígjátékot, amely fokozatosan halad a meglepő végkifejletig: szerelmi történetekkel, eltitkolt gyerekkel. Mindehhez még az is hozzájárul, hogy a cég alkalmazottja elsikkasztja a cég vagyonának jó részét. Elcserélt táskákkal, elveszett ékszerekkel érkezünk el a darab végére. Claude Magnier vígjátéka franciás könnyedséggel nyújt szórakozást nézőinek.</p>



<p class="wp-block-paragraph"><strong>Cast</strong><br>Bertrand Barnier, szappangyáros – Nagy János<br>Madame Barnier, a felesége – Barta Melinda<br>Christian Martin, szappanmenedzser – Tirpák Milán<br>Colette, Barnier lánya – Steinhof Orsolya<br>Jacqueline, a hazudós – Imre Júlia<br>Philippe, masszőr – Kardos Gyula<br>Bernadette, szobalány, grófné – Páli Fatime Lejla<br>Oscar, akit mindenki keres – Jászay Viktor<br>Charlotte, az új szobalány – Szalai Nóra<br>Nyikita, a sofőr – Kamocsár László</p>



<p class="wp-block-paragraph">Rendező: Tóth Levente<br>Asszisztens: Tóthné Poczik Andrea<br>Művészeti vezető: Rokolya Gábor<br>Művészeti titkár: Barta Melinda</p>



<p class="wp-block-paragraph">A színdarab a HOFRA Színházi és Irodalmi Ügynökség közvetítésével kerül színre.<br>Az előadás támogatója a Magyar Országos Közjegyzői Kamara.</p>



<p class="wp-block-paragraph">Belépőjegy: 1.500 Ft<br>Az előadásra jegyek válthatók az Agóra Veszprém Kulturális Központ jegypénztárában vagy online </p>



<blockquote class="wp-block-quote is-layout-flow wp-block-quote-is-layout-flow">
<p class="wp-block-paragraph"><a href="https://agoraveszprem.hu/eng/product/claude-magnier-oscar-2026-09-25-pentek-19-ora/" data-type="link" data-id="https://agoraveszprem.hu/termek/claude-magnier-oscar-2026-09-25-pentek-19-ora/"><strong>Ticket purchase</strong></a></p>
</blockquote>



<p class="wp-block-paragraph"></p>
