{"id":50330,"date":"2026-08-31T09:39:58","date_gmt":"2026-08-31T08:39:58","guid":{"rendered":"https:\/\/agoraveszprem.hu\/?post_type=tc_events&#038;p=50330"},"modified":"2026-08-31T11:23:19","modified_gmt":"2026-08-31T10:23:19","slug":"filmklub-ujra-nagyvasznon-adam-almai","status":"publish","type":"tc_events","link":"https:\/\/agoraveszprem.hu\/eng\/tc-events\/filmklub-ujra-nagyvasznon-adam-almai\/","title":{"rendered":"Filmklub: \u00dajra nagyv\u00e1sznon &#8211; \u00c1d\u00e1m alm\u00e1i"},"content":{"rendered":"<p class=\"wp-block-paragraph\">Feliratos d\u00e1n v\u00edgj\u00e1t\u00e9k, krimi, 94 perc, 2005<br>R.: Anders Thomas Jensen<br>Sz.: Ulrich Thomsen, Mads Mikkelsen, Paprika Steen, Nicolas Bro, Ali Kazim, Ole Thestrup, Nikolaj Lie Kaas<\/p>\n\n\n\n<p class=\"wp-block-paragraph\">Az Anders Thomas Jensen rendezte kultikus, 2005-ben k\u00e9sz\u00fclt d\u00e1n film f\u0151szerepl\u0151j\u00e9t, a sz\u00e9ls\u0151s\u00e9ges elveket vall\u00f3 Adamot 12 h\u00e9t k\u00f6zmunk\u00e1ra \u00edt\u00e9lik. A b\u00fcntet\u00e9st a j\u00f3lelk\u0171 pap, Ivan k\u00f6z\u00f6ss\u00e9g\u00e9ben kell let\u00f6ltenie. A csupa furcsa alakb\u00f3l \u00e1ll\u00f3 t\u00e1rsas\u00e1g k\u00edv\u00e1ncsian, nyitottan tekint a j\u00f6vev\u00e9nyre. A paplak kertj\u00e9nek b\u00fcszkes\u00e9g\u00e9t, az almaf\u00e1t b\u00edzz\u00e1k r\u00e1, hogy gondozza, majd gy\u00fcm\u00f6lcs\u00e9b\u0151l almatort\u00e1t s\u00fcss\u00f6n. \u00c1m hi\u00e1ba Adam elt\u00f6k\u00e9lts\u00e9ge, a legk\u00fcl\u00f6nb\u00f6z\u0151bb v\u00e9gzetes akad\u00e1lyok mer\u00fclnek fel a terv \u00fatj\u00e1ban. Ivan \u00fagy v\u00e9li, az \u00f6rd\u00f6g pack\u00e1zik vel\u00fck, Adam szerint viszont mindez Isten m\u0171ve, \u00e9s a gonosz tal\u00e1n nem is l\u00e9tezik.<br>Mads Mikkelsen j\u00e1t\u00e9ka, a film saj\u00e1tos humora \u00e9s a forgat\u00f3k\u00f6nyv egyedi fordulatai az eredeti bemutat\u00f3 idej\u00e9ben eml\u00e9kezetes k\u00f6z\u00f6ns\u00e9gsikert hoztak. A 2026-os \u00fajrabemutat\u00f3 sor\u00e1n digit\u00e1lis k\u00f3pi\u00e1r\u00f3l tekinthet\u0151 meg a film a mozikban. (Cirko Film)<\/p>\n\n\n\n<p class=\"wp-block-paragraph\">Age limit: 16 years<br>Admission: 2000 Ft<br>Discounted season tickets are available at our ticket office!<\/p>\n\n\n\n<p class=\"wp-block-paragraph\">Tickets can be purchased at the box office or online<\/p>\n\n\n\n<blockquote class=\"wp-block-quote is-layout-flow wp-block-quote-is-layout-flow\">\n<p class=\"wp-block-paragraph\"><strong><a href=\"https:\/\/agoraveszprem.hu\/eng\/product\/filmklub-ujra-nagyvasznon-adam-almai-2026-09-28\/\" data-type=\"link\" data-id=\"https:\/\/agoraveszprem.hu\/termek\/claude-magnier-oscar-2026-09-25-pentek-19-ora\/\">Ticket purchase<\/a><\/strong><\/p>\n<\/blockquote>\n\n\n\n<p class=\"wp-block-paragraph\"><\/p>","protected":false},"featured_media":50318,"template":"","event_category":[59],"class_list":["post-50330","tc_events","type-tc_events","status-publish","has-post-thumbnail","hentry","event_category-filmvetites"],"_links":{"self":[{"href":"https:\/\/agoraveszprem.hu\/eng\/wp-json\/wp\/v2\/tc_events\/50330","targetHints":{"allow":["GET"]}}],"collection":[{"href":"https:\/\/agoraveszprem.hu\/eng\/wp-json\/wp\/v2\/tc_events"}],"about":[{"href":"https:\/\/agoraveszprem.hu\/eng\/wp-json\/wp\/v2\/types\/tc_events"}],"wp:featuredmedia":[{"embeddable":true,"href":"https:\/\/agoraveszprem.hu\/eng\/wp-json\/wp\/v2\/media\/50318"}],"wp:attachment":[{"href":"https:\/\/agoraveszprem.hu\/eng\/wp-json\/wp\/v2\/media?parent=50330"}],"wp:term":[{"taxonomy":"event_category","embeddable":true,"href":"https:\/\/agoraveszprem.hu\/eng\/wp-json\/wp\/v2\/event_category?post=50330"}],"curies":[{"name":"wp","href":"https:\/\/api.w.org\/{rel}","templated":true}]}}

Filmklub: Újra nagyvásznon &#8211; Ádám almái

<p class="wp-block-paragraph">Feliratos dán vígjáték, krimi, 94 perc, 2005<br>R.: Anders Thomas Jensen<br>Sz.: Ulrich Thomsen, Mads Mikkelsen, Paprika Steen, Nicolas Bro, Ali Kazim, Ole Thestrup, Nikolaj Lie Kaas</p>



<p class="wp-block-paragraph">Az Anders Thomas Jensen rendezte kultikus, 2005-ben készült dán film főszereplőjét, a szélsőséges elveket valló Adamot 12 hét közmunkára ítélik. A büntetést a jólelkű pap, Ivan közösségében kell letöltenie. A csupa furcsa alakból álló társaság kíváncsian, nyitottan tekint a jövevényre. A paplak kertjének büszkeségét, az almafát bízzák rá, hogy gondozza, majd gyümölcséből almatortát süssön. Ám hiába Adam eltökéltsége, a legkülönbözőbb végzetes akadályok merülnek fel a terv útjában. Ivan úgy véli, az ördög packázik velük, Adam szerint viszont mindez Isten műve, és a gonosz talán nem is létezik.<br>Mads Mikkelsen játéka, a film sajátos humora és a forgatókönyv egyedi fordulatai az eredeti bemutató idejében emlékezetes közönségsikert hoztak. A 2026-os újrabemutató során digitális kópiáról tekinthető meg a film a mozikban. (Cirko Film)</p>



<p class="wp-block-paragraph">Age limit: 16 years<br>Admission: 2000 Ft<br>Discounted season tickets are available at our ticket office!</p>



<p class="wp-block-paragraph">Tickets can be purchased at the box office or online</p>



<blockquote class="wp-block-quote is-layout-flow wp-block-quote-is-layout-flow">
<p class="wp-block-paragraph"><strong><a href="https://agoraveszprem.hu/eng/product/filmklub-ujra-nagyvasznon-adam-almai-2026-09-28/" data-type="link" data-id="https://agoraveszprem.hu/termek/claude-magnier-oscar-2026-09-25-pentek-19-ora/">Ticket purchase</a></strong></p>
</blockquote>



<p class="wp-block-paragraph"></p>
