{"id":50333,"date":"2026-08-31T09:42:13","date_gmt":"2026-08-31T08:42:13","guid":{"rendered":"https:\/\/agoraveszprem.hu\/?post_type=tc_events&#038;p=50333"},"modified":"2026-08-31T10:34:28","modified_gmt":"2026-08-31T09:34:28","slug":"filmklub-kolyokmozi-duzzogi-hal-kalandjai","status":"publish","type":"tc_events","link":"https:\/\/agoraveszprem.hu\/eng\/tc-events\/filmklub-kolyokmozi-duzzogi-hal-kalandjai\/","title":{"rendered":"K\u00f6ly\u00f6kmozi: Duzzogi hal kalandjai"},"content":{"rendered":"<p class=\"wp-block-paragraph\">Szinkroniz\u00e1lt ausztr\u00e1l anim\u00e1ci\u00f3s v\u00edgj\u00e1t\u00e9k,<br>92 perc, 2026<\/p>\n\n\n\n<p class=\"wp-block-paragraph\">A morcos, de hatalmas sz\u00edv\u0171 Duzzogi egy elhagyatott haj\u00f3roncsban \u00e9l a tenger m\u00e9ly\u00e9n. Nyugodt mindennapjait csak egy dolog zavarja meg: Pip, a hiperakt\u00edv fiatal tengeri s\u00e1rk\u00e1ny szem\u00e9ttelepnek n\u00e9zi otthon\u00e1t \u00e9s folyamatosan elcseni a holmijait. A k\u00f6z\u00f6tt\u00fck kialakul\u00f3 heves vita miatt mindkettej\u00fck otthona romokban hever. De nincs minden veszve! Egy l\u00e1tsz\u00f3lag lehetetlen k\u00fcldet\u00e9sre indulnak a mitikus Csill\u00e1m ut\u00e1n kutatva, hogy teljes\u00edtse egyik\u00fck k\u00edv\u00e1ns\u00e1g\u00e1t, mit sem sejtve, hogy valaki m\u00e1s is a nyomukban van. A film Deborah Diesen 2008-ban indult gyerekk\u00f6nyv-sorozata alapj\u00e1n k\u00e9sz\u00fclt, melyet megjelen\u00e9se \u00e9v\u00e9ben a 10 legjobb gyerekk\u00f6nyv k\u00f6z\u00e9 v\u00e1lasztotta a Time magazin. (ADS Service)<\/p>\n\n\n\n<p class=\"wp-block-paragraph\">Age limit: 6 years<br>Entrance fee: 1500 Ft<\/p>\n\n\n\n<p class=\"wp-block-paragraph\">Tickets can be purchased at the box office or online<\/p>\n\n\n\n<blockquote class=\"wp-block-quote is-layout-flow wp-block-quote-is-layout-flow\">\n<p class=\"wp-block-paragraph\"><strong><a href=\"https:\/\/agoraveszprem.hu\/eng\/product\/kolyokmozi-duzzogi-hal-kalandjai-2026-09-19\/\" data-type=\"link\" data-id=\"https:\/\/agoraveszprem.hu\/termek\/claude-magnier-oscar-2026-09-25-pentek-19-ora\/\">Ticket purchase<\/a><\/strong><\/p>\n<\/blockquote>\n\n\n\n<p class=\"wp-block-paragraph\"><\/p>","protected":false},"featured_media":50320,"template":"","event_category":[59,49],"class_list":["post-50333","tc_events","type-tc_events","status-publish","has-post-thumbnail","hentry","event_category-filmvetites","event_category-gyerekprogramok"],"_links":{"self":[{"href":"https:\/\/agoraveszprem.hu\/eng\/wp-json\/wp\/v2\/tc_events\/50333","targetHints":{"allow":["GET"]}}],"collection":[{"href":"https:\/\/agoraveszprem.hu\/eng\/wp-json\/wp\/v2\/tc_events"}],"about":[{"href":"https:\/\/agoraveszprem.hu\/eng\/wp-json\/wp\/v2\/types\/tc_events"}],"wp:featuredmedia":[{"embeddable":true,"href":"https:\/\/agoraveszprem.hu\/eng\/wp-json\/wp\/v2\/media\/50320"}],"wp:attachment":[{"href":"https:\/\/agoraveszprem.hu\/eng\/wp-json\/wp\/v2\/media?parent=50333"}],"wp:term":[{"taxonomy":"event_category","embeddable":true,"href":"https:\/\/agoraveszprem.hu\/eng\/wp-json\/wp\/v2\/event_category?post=50333"}],"curies":[{"name":"wp","href":"https:\/\/api.w.org\/{rel}","templated":true}]}}

Kölyökmozi: Duzzogi hal kalandjai

<p class="wp-block-paragraph">Szinkronizált ausztrál animációs vígjáték,<br>92 perc, 2026</p>



<p class="wp-block-paragraph">A morcos, de hatalmas szívű Duzzogi egy elhagyatott hajóroncsban él a tenger mélyén. Nyugodt mindennapjait csak egy dolog zavarja meg: Pip, a hiperaktív fiatal tengeri sárkány szeméttelepnek nézi otthonát és folyamatosan elcseni a holmijait. A közöttük kialakuló heves vita miatt mindkettejük otthona romokban hever. De nincs minden veszve! Egy látszólag lehetetlen küldetésre indulnak a mitikus Csillám után kutatva, hogy teljesítse egyikük kívánságát, mit sem sejtve, hogy valaki más is a nyomukban van. A film Deborah Diesen 2008-ban indult gyerekkönyv-sorozata alapján készült, melyet megjelenése évében a 10 legjobb gyerekkönyv közé választotta a Time magazin. (ADS Service)</p>



<p class="wp-block-paragraph">Age limit: 6 years<br>Entrance fee: 1500 Ft</p>



<p class="wp-block-paragraph">Tickets can be purchased at the box office or online</p>



<blockquote class="wp-block-quote is-layout-flow wp-block-quote-is-layout-flow">
<p class="wp-block-paragraph"><strong><a href="https://agoraveszprem.hu/eng/product/kolyokmozi-duzzogi-hal-kalandjai-2026-09-19/" data-type="link" data-id="https://agoraveszprem.hu/termek/claude-magnier-oscar-2026-09-25-pentek-19-ora/">Ticket purchase</a></strong></p>
</blockquote>



<p class="wp-block-paragraph"></p>
