{"id":50336,"date":"2026-08-31T09:45:32","date_gmt":"2026-08-31T08:45:32","guid":{"rendered":"https:\/\/agoraveszprem.hu\/?post_type=tc_events&#038;p=50336"},"modified":"2026-08-31T12:00:54","modified_gmt":"2026-08-31T11:00:54","slug":"utolso-elotti-vacsora","status":"publish","type":"tc_events","link":"https:\/\/agoraveszprem.hu\/eng\/tc-events\/utolso-elotti-vacsora\/","title":{"rendered":"Utols\u00f3 el\u0151tti vacsora"},"content":{"rendered":"<p class=\"wp-block-paragraph\">Utols\u00f3 el\u0151tti vacsora c\u00edm\u0171 el\u0151ad\u00e1s\u00e1val egy k\u00f6z\u00f6s lakom\u00e1ra h\u00edvja nagy\u00e9rdem\u0171 k\u00f6z\u00f6ns\u00e9g\u00e9t Juh\u00e1sz Kata \u00e9s t\u00e1rsulata. Fontos eleme az estnek a hatfog\u00e1sos gourmet men\u00fc, \u00e1m a kulin\u00e1ris \u00e9lvezetekhez egy minden \u00edz\u00e9ben koreograf\u00e1lt k\u00e9t\u00f3r\u00e1s cerem\u00f3nia seg\u00edti hozz\u00e1 az asztalt\u00e1rsas\u00e1got. Az \u00e9tkeket Kereszty G\u00e1bor s\u00e9f k\u00e9sz\u00edti \u00e9s t\u00e1lalja helyben, a t\u00e1rsulat tagjai pedig -t\u00e1ncosok \u00e9s akrobat\u00e1k- gondoskodnak a rendhagy\u00f3 felszolg\u00e1l\u00e1sr\u00f3l \u00e9s am\u00edg a lakoma r\u00e9sztvev\u0151i az egyes fog\u00e1sokat elfogyasztj\u00e1k: sz\u00f3rakoztat\u00e1sukr\u00f3l, k\u00f6zvetlen testk\u00f6zelben.<\/p>\n\n\n\n<p class=\"wp-block-paragraph\">Speakers:<br>\u2022 D\u00e9ri Andr\u00e1s<br>\u2022 Cserh\u00e1ti Gergely<br>\u2022 Hov\u00e1n Marcell<br>\u2022 Juh\u00e1sz Kata<br>\u2022 Kudl\u00e1k Eszti<br>\u2022 Mark\u00f3 Fruzsina<\/p>\n\n\n\n<p class=\"wp-block-paragraph\">Koncepci\u00f3:<br>L\u00f3ky Tam\u00e1s<\/p>\n\n\n\n<p class=\"wp-block-paragraph\">Choreography:<br>Juh\u00e1sz Kata<\/p>\n\n\n\n<p class=\"wp-block-paragraph\">Gasztron\u00f3mia:<br>Kereszty G\u00e1bor<br>Jegy\u00e1r: 35.000Ft\/f\u0151<\/p>\n\n\n\n<p class=\"wp-block-paragraph\">Tickets can be purchased at the box office or online<\/p>\n\n\n\n<blockquote class=\"wp-block-quote is-layout-flow wp-block-quote-is-layout-flow\">\n<p class=\"wp-block-paragraph\"><strong><a href=\"https:\/\/agoraveszprem.hu\/eng\/product\/utolso-elotti-vacsora-2026-11-08\/\" data-type=\"link\" data-id=\"https:\/\/agoraveszprem.hu\/termek\/claude-magnier-oscar-2026-09-25-pentek-19-ora\/\">Ticket purchase<\/a><\/strong><\/p>\n<\/blockquote>\n\n\n\n<p class=\"wp-block-paragraph\"><\/p>","protected":false},"featured_media":50340,"template":"","event_category":[54],"class_list":["post-50336","tc_events","type-tc_events","status-publish","has-post-thumbnail","hentry","event_category-rendezvenyek"],"_links":{"self":[{"href":"https:\/\/agoraveszprem.hu\/eng\/wp-json\/wp\/v2\/tc_events\/50336","targetHints":{"allow":["GET"]}}],"collection":[{"href":"https:\/\/agoraveszprem.hu\/eng\/wp-json\/wp\/v2\/tc_events"}],"about":[{"href":"https:\/\/agoraveszprem.hu\/eng\/wp-json\/wp\/v2\/types\/tc_events"}],"wp:featuredmedia":[{"embeddable":true,"href":"https:\/\/agoraveszprem.hu\/eng\/wp-json\/wp\/v2\/media\/50340"}],"wp:attachment":[{"href":"https:\/\/agoraveszprem.hu\/eng\/wp-json\/wp\/v2\/media?parent=50336"}],"wp:term":[{"taxonomy":"event_category","embeddable":true,"href":"https:\/\/agoraveszprem.hu\/eng\/wp-json\/wp\/v2\/event_category?post=50336"}],"curies":[{"name":"wp","href":"https:\/\/api.w.org\/{rel}","templated":true}]}}

Utolsó előtti vacsora

<p class="wp-block-paragraph">Utolsó előtti vacsora című előadásával egy közös lakomára hívja nagyérdemű közönségét Juhász Kata és társulata. Fontos eleme az estnek a hatfogásos gourmet menü, ám a kulináris élvezetekhez egy minden ízében koreografált kétórás ceremónia segíti hozzá az asztaltársaságot. Az étkeket Kereszty Gábor séf készíti és tálalja helyben, a társulat tagjai pedig -táncosok és akrobaták- gondoskodnak a rendhagyó felszolgálásról és amíg a lakoma résztvevői az egyes fogásokat elfogyasztják: szórakoztatásukról, közvetlen testközelben.</p>



<p class="wp-block-paragraph">Speakers:<br>• Déri András<br>• Cserháti Gergely<br>• Hován Marcell<br>• Juhász Kata<br>• Kudlák Eszti<br>• Markó Fruzsina</p>



<p class="wp-block-paragraph">Koncepció:<br>Lóky Tamás</p>



<p class="wp-block-paragraph">Choreography:<br>Juhász Kata</p>



<p class="wp-block-paragraph">Gasztronómia:<br>Kereszty Gábor<br>Jegyár: 35.000Ft/fő</p>



<p class="wp-block-paragraph">Tickets can be purchased at the box office or online</p>



<blockquote class="wp-block-quote is-layout-flow wp-block-quote-is-layout-flow">
<p class="wp-block-paragraph"><strong><a href="https://agoraveszprem.hu/eng/product/utolso-elotti-vacsora-2026-11-08/" data-type="link" data-id="https://agoraveszprem.hu/termek/claude-magnier-oscar-2026-09-25-pentek-19-ora/">Ticket purchase</a></strong></p>
</blockquote>



<p class="wp-block-paragraph"></p>
