{"id":50341,"date":"2026-08-31T10:00:52","date_gmt":"2026-08-31T09:00:52","guid":{"rendered":"https:\/\/agoraveszprem.hu\/?post_type=tc_events&#038;p=50341"},"modified":"2026-09-02T09:52:18","modified_gmt":"2026-09-02T08:52:18","slug":"dozsavarosi-nyarbucsuztato","status":"publish","type":"tc_events","link":"https:\/\/agoraveszprem.hu\/eng\/tc-events\/dozsavarosi-nyarbucsuztato\/","title":{"rendered":"D\u00f3zsav\u00e1ros Summer Party"},"content":{"rendered":"<p class=\"wp-block-paragraph\">Location: martinovich square<\/p>\n\n\n\n<p class=\"wp-block-paragraph\">Stage programmes:<br><img loading=\"lazy\" decoding=\"async\" height=\"16\" width=\"16\" alt=\"\u25aa\ufe0f\" src=\"https:\/\/static.xx.fbcdn.net\/images\/emoji.php\/v9\/t4c\/1\/16\/25aa.png\">16.00: Award ceremony of the Beetroot Goulash Cooking Competition<br><img loading=\"lazy\" decoding=\"async\" height=\"16\" width=\"16\" alt=\"\u25aa\ufe0f\" src=\"https:\/\/static.xx.fbcdn.net\/images\/emoji.php\/v9\/t4c\/1\/16\/25aa.png\">16.30: Veszpr\u00e9mi Vadvir\u00e1g K\u00f6rzeti \u00d3voda fell\u00e9p\u00e9se<br><img loading=\"lazy\" decoding=\"async\" height=\"16\" width=\"16\" alt=\"\u25aa\ufe0f\" src=\"https:\/\/static.xx.fbcdn.net\/images\/emoji.php\/v9\/t4c\/1\/16\/25aa.png\">16.40: D\u00f3zsa Gy\u00f6rgy \u00c1ltal\u00e1nos Iskola mazsorett csoportja<br><img loading=\"lazy\" decoding=\"async\" height=\"16\" width=\"16\" alt=\"\u25aa\ufe0f\" src=\"https:\/\/static.xx.fbcdn.net\/images\/emoji.php\/v9\/t4c\/1\/16\/25aa.png\">16.55: D\u00f3zsa Gy\u00f6rgy Primary School folk dance group<br><img loading=\"lazy\" decoding=\"async\" height=\"16\" width=\"16\" alt=\"\u25aa\ufe0f\" src=\"https:\/\/static.xx.fbcdn.net\/images\/emoji.php\/v9\/t4c\/1\/16\/25aa.png\">17.10: Csik\u00e1sz Imre Nyugd\u00edjas Klub el\u0151ad\u00e1sa<br><img loading=\"lazy\" decoding=\"async\" height=\"16\" width=\"16\" alt=\"\u25aa\ufe0f\" src=\"https:\/\/static.xx.fbcdn.net\/images\/emoji.php\/v9\/t4c\/1\/16\/25aa.png\">17.20: \u0150szid\u0151 Nyugd\u00edjas Klub t\u00e1ncel\u0151ad\u00e1sa<br><img loading=\"lazy\" decoding=\"async\" height=\"16\" width=\"16\" alt=\"\u25aa\ufe0f\" src=\"https:\/\/static.xx.fbcdn.net\/images\/emoji.php\/v9\/t4c\/1\/16\/25aa.png\">17.30: D\u00f3zsa Gy\u00f6rgy Nyugd\u00edjas Klub t\u00e1ncel\u0151ad\u00e1sa<br><img loading=\"lazy\" decoding=\"async\" height=\"16\" width=\"16\" alt=\"\u25aa\ufe0f\" src=\"https:\/\/static.xx.fbcdn.net\/images\/emoji.php\/v9\/t4c\/1\/16\/25aa.png\">17.40: Veszpr\u00e9m Judo bemutat\u00f3ja<br><img loading=\"lazy\" decoding=\"async\" height=\"16\" width=\"16\" alt=\"\u25aa\ufe0f\" src=\"https:\/\/static.xx.fbcdn.net\/images\/emoji.php\/v9\/t4c\/1\/16\/25aa.png\">18.00: Boka Boogie \u2013 Kom\u00e1r L\u00e1szl\u00f3 Eml\u00e9kkoncert<br><img loading=\"lazy\" decoding=\"async\" height=\"16\" width=\"16\" alt=\"\u25aa\ufe0f\" src=\"https:\/\/static.xx.fbcdn.net\/images\/emoji.php\/v9\/t4c\/1\/16\/25aa.png\">19.00: DAL-MA Musical \u00e9s Zen\u00e9s Sz\u00ednpad<br><img loading=\"lazy\" decoding=\"async\" height=\"16\" width=\"16\" alt=\"\u25aa\ufe0f\" src=\"https:\/\/static.xx.fbcdn.net\/images\/emoji.php\/v9\/t4c\/1\/16\/25aa.png\">20.00: DJ T\u00f3thJ\u00f3zsi<\/p>\n\n\n\n<p class=\"wp-block-paragraph\">K\u00eds\u00e9r\u0151 programok 15.00-t\u00f3l:<br>Bogr\u00e1csguly\u00e1s f\u0151z\u0151 verseny, EKK D\u00f3zsav\u00e1rosi Fi\u00f3kk\u00f6nyvt\u00e1r k\u00e9zm\u0171ves foglalkoz\u00e1sa \u00e9s mesesarok, Napsug\u00e1r B\u00f6lcs\u0151de k\u00e9zm\u0171ves foglalkoz\u00e1sa, Csa-l\u00e1dika J\u00e1t\u00e9kt\u00e9r, arcfest\u00e9s, Virgonckod\u00f3 j\u00e1tsz\u00f3h\u00e1z \u2013 minigolf, lufiboh\u00f3c, l\u00e9gv\u00e1r, Veszpr\u00e9m Judo<\/p>\n\n\n\n<p class=\"wp-block-paragraph\">The programmes are organised in cooperation with the Friends of D\u00f3zsav\u00e1ros and the institutions of D\u00f3zsav\u00e1ros.<\/p>\n\n\n\n<p class=\"wp-block-paragraph\">Entrance is free of charge.<\/p>\n\n\n\n<p class=\"wp-block-paragraph\">Es\u0151nap: 2026. 09. 19. 15.00 \u2013 21.00<\/p>","protected":false},"featured_media":50343,"template":"","event_category":[49,54],"class_list":["post-50341","tc_events","type-tc_events","status-publish","has-post-thumbnail","hentry","event_category-gyerekprogramok","event_category-rendezvenyek"],"_links":{"self":[{"href":"https:\/\/agoraveszprem.hu\/eng\/wp-json\/wp\/v2\/tc_events\/50341","targetHints":{"allow":["GET"]}}],"collection":[{"href":"https:\/\/agoraveszprem.hu\/eng\/wp-json\/wp\/v2\/tc_events"}],"about":[{"href":"https:\/\/agoraveszprem.hu\/eng\/wp-json\/wp\/v2\/types\/tc_events"}],"wp:featuredmedia":[{"embeddable":true,"href":"https:\/\/agoraveszprem.hu\/eng\/wp-json\/wp\/v2\/media\/50343"}],"wp:attachment":[{"href":"https:\/\/agoraveszprem.hu\/eng\/wp-json\/wp\/v2\/media?parent=50341"}],"wp:term":[{"taxonomy":"event_category","embeddable":true,"href":"https:\/\/agoraveszprem.hu\/eng\/wp-json\/wp\/v2\/event_category?post=50341"}],"curies":[{"name":"wp","href":"https:\/\/api.w.org\/{rel}","templated":true}]}}

Dózsaváros Summer Party

<p class="wp-block-paragraph">Location: martinovich square</p>



<p class="wp-block-paragraph">Stage programmes:<br><img loading="lazy" decoding="async" height="16" width="16" alt="▪️" src="https://static.xx.fbcdn.net/images/emoji.php/v9/t4c/1/16/25aa.png">16.00: Award ceremony of the Beetroot Goulash Cooking Competition<br><img loading="lazy" decoding="async" height="16" width="16" alt="▪️" src="https://static.xx.fbcdn.net/images/emoji.php/v9/t4c/1/16/25aa.png">16.30: Veszprémi Vadvirág Körzeti Óvoda fellépése<br><img loading="lazy" decoding="async" height="16" width="16" alt="▪️" src="https://static.xx.fbcdn.net/images/emoji.php/v9/t4c/1/16/25aa.png">16.40: Dózsa György Általános Iskola mazsorett csoportja<br><img loading="lazy" decoding="async" height="16" width="16" alt="▪️" src="https://static.xx.fbcdn.net/images/emoji.php/v9/t4c/1/16/25aa.png">16.55: Dózsa György Primary School folk dance group<br><img loading="lazy" decoding="async" height="16" width="16" alt="▪️" src="https://static.xx.fbcdn.net/images/emoji.php/v9/t4c/1/16/25aa.png">17.10: Csikász Imre Nyugdíjas Klub előadása<br><img loading="lazy" decoding="async" height="16" width="16" alt="▪️" src="https://static.xx.fbcdn.net/images/emoji.php/v9/t4c/1/16/25aa.png">17.20: Őszidő Nyugdíjas Klub táncelőadása<br><img loading="lazy" decoding="async" height="16" width="16" alt="▪️" src="https://static.xx.fbcdn.net/images/emoji.php/v9/t4c/1/16/25aa.png">17.30: Dózsa György Nyugdíjas Klub táncelőadása<br><img loading="lazy" decoding="async" height="16" width="16" alt="▪️" src="https://static.xx.fbcdn.net/images/emoji.php/v9/t4c/1/16/25aa.png">17.40: Veszprém Judo bemutatója<br><img loading="lazy" decoding="async" height="16" width="16" alt="▪️" src="https://static.xx.fbcdn.net/images/emoji.php/v9/t4c/1/16/25aa.png">18.00: Boka Boogie – Komár László Emlékkoncert<br><img loading="lazy" decoding="async" height="16" width="16" alt="▪️" src="https://static.xx.fbcdn.net/images/emoji.php/v9/t4c/1/16/25aa.png">19.00: DAL-MA Musical és Zenés Színpad<br><img loading="lazy" decoding="async" height="16" width="16" alt="▪️" src="https://static.xx.fbcdn.net/images/emoji.php/v9/t4c/1/16/25aa.png">20.00: DJ TóthJózsi</p>



<p class="wp-block-paragraph">Kísérő programok 15.00-tól:<br>Bográcsgulyás főző verseny, EKK Dózsavárosi Fiókkönyvtár kézműves foglalkozása és mesesarok, Napsugár Bölcsőde kézműves foglalkozása, Csa-ládika Játéktér, arcfestés, Virgonckodó játszóház – minigolf, lufibohóc, légvár, Veszprém Judo</p>



<p class="wp-block-paragraph">The programmes are organised in cooperation with the Friends of Dózsaváros and the institutions of Dózsaváros.</p>



<p class="wp-block-paragraph">Entrance is free of charge.</p>



<p class="wp-block-paragraph">Esőnap: 2026. 09. 19. 15.00 – 21.00</p>
