{"id":50387,"date":"2026-09-01T10:30:58","date_gmt":"2026-09-01T09:30:58","guid":{"rendered":"https:\/\/agoraveszprem.hu\/?post_type=tc_events&#038;p=50387"},"modified":"2026-09-01T10:32:35","modified_gmt":"2026-09-01T09:32:35","slug":"oveges-erno-festomuvesz-kiallitasa","status":"publish","type":"tc_events","link":"https:\/\/agoraveszprem.hu\/eng\/tc-events\/oveges-erno-festomuvesz-kiallitasa\/","title":{"rendered":"\u00d6veges Ern\u0151 fest\u0151m\u0171v\u00e9sz ki\u00e1ll\u00edt\u00e1sa"},"content":{"rendered":"<p class=\"wp-block-paragraph\">The Ag\u00f3ra Veszpr\u00e9m Cultural Centre cordially invites you and your family,<br>\u00d6VEGES ERN\u0150 fest\u0151m\u0171v\u00e9sz &#8222;AZ \u00c9N UTAM&#8221; c\u00edm\u0171 ki\u00e1ll\u00edt\u00e1s\u00e1nak megnyit\u00f3j\u00e1ra,<\/p>\n\n\n\n<p class=\"wp-block-paragraph\">2026. szeptember 10-\u00e9n 17.00 \u00f3rakor.<\/p>\n\n\n\n<p class=\"wp-block-paragraph\">The exhibition will be opened by:<br>Dr. Herth Vikt\u00f3ria &#8211; m\u0171v\u00e9szett\u00f6rt\u00e9n\u00e9sz<\/p>\n\n\n\n<p class=\"wp-block-paragraph\">With the participation of:<br>R\u00e1cs Rich\u00e1rd &#8211; zongora<\/p>\n\n\n\n<p class=\"wp-block-paragraph\">A ki\u00e1ll\u00edt\u00e1s okt\u00f3ber 4-ig tekinthet\u0151 meg az Ag\u00f3ra folyos\u00f3gal\u00e9ri\u00e1j\u00e1n.<\/p>\n\n\n\n<p class=\"wp-block-paragraph\"><\/p>","protected":false},"featured_media":50388,"template":"","event_category":[52],"class_list":["post-50387","tc_events","type-tc_events","status-publish","has-post-thumbnail","hentry","event_category-kiallitasok"],"_links":{"self":[{"href":"https:\/\/agoraveszprem.hu\/eng\/wp-json\/wp\/v2\/tc_events\/50387","targetHints":{"allow":["GET"]}}],"collection":[{"href":"https:\/\/agoraveszprem.hu\/eng\/wp-json\/wp\/v2\/tc_events"}],"about":[{"href":"https:\/\/agoraveszprem.hu\/eng\/wp-json\/wp\/v2\/types\/tc_events"}],"wp:featuredmedia":[{"embeddable":true,"href":"https:\/\/agoraveszprem.hu\/eng\/wp-json\/wp\/v2\/media\/50388"}],"wp:attachment":[{"href":"https:\/\/agoraveszprem.hu\/eng\/wp-json\/wp\/v2\/media?parent=50387"}],"wp:term":[{"taxonomy":"event_category","embeddable":true,"href":"https:\/\/agoraveszprem.hu\/eng\/wp-json\/wp\/v2\/event_category?post=50387"}],"curies":[{"name":"wp","href":"https:\/\/api.w.org\/{rel}","templated":true}]}}

Öveges Ernő festőművész kiállítása

<p class="wp-block-paragraph">The Agóra Veszprém Cultural Centre cordially invites you and your family,<br>ÖVEGES ERNŐ festőművész &#8222;AZ ÉN UTAM&#8221; című kiállításának megnyitójára,</p>



<p class="wp-block-paragraph">2026. szeptember 10-én 17.00 órakor.</p>



<p class="wp-block-paragraph">The exhibition will be opened by:<br>Dr. Herth Viktória &#8211; művészettörténész</p>



<p class="wp-block-paragraph">With the participation of:<br>Rács Richárd &#8211; zongora</p>



<p class="wp-block-paragraph">A kiállítás október 4-ig tekinthető meg az Agóra folyosógalériáján.</p>



<p class="wp-block-paragraph"></p>
